[INFO] fetching crate free 0.0.1...
[INFO] checking free-0.0.1 against beta-2020-07-24 for pr-75494-beta
[INFO] extracting crate free 0.0.1 into /workspace/builds/worker-5/source
[INFO] validating manifest of crates.io crate free 0.0.1 on toolchain beta-2020-07-24
[INFO] running `Command { std: "/workspace/cargo-home/bin/cargo" "+beta-2020-07-24" "read-manifest" "--manifest-path" "Cargo.toml", kill_on_drop: false }`
[INFO] started tweaking crates.io crate free 0.0.1
[INFO] removed path dependency free_macros from crates.io crate free 0.0.1
[INFO] finished tweaking crates.io crate free 0.0.1
[INFO] tweaked toml for crates.io crate free 0.0.1 written to /workspace/builds/worker-5/source/Cargo.toml
[INFO] running `Command { std: "/workspace/cargo-home/bin/cargo" "+beta-2020-07-24" "generate-lockfile" "--manifest-path" "Cargo.toml" "-Zno-index-update", kill_on_drop: false }`
[INFO] [stderr]     Blocking waiting for file lock on package cache
[INFO] running `Command { std: "/workspace/cargo-home/bin/cargo" "+beta-2020-07-24" "fetch" "--locked" "--manifest-path" "Cargo.toml", kill_on_drop: false }`
[INFO] running `Command { std: "docker" "create" "-v" "/var/lib/crater-agent-workspace/builds/worker-5/target:/opt/rustwide/target:rw,Z" "-v" "/var/lib/crater-agent-workspace/builds/worker-5/source:/opt/rustwide/workdir:ro,Z" "-v" "/var/lib/crater-agent-workspace/cargo-home:/opt/rustwide/cargo-home:ro,Z" "-v" "/var/lib/crater-agent-workspace/rustup-home:/opt/rustwide/rustup-home:ro,Z" "-e" "SOURCE_DIR=/opt/rustwide/workdir" "-e" "CARGO_TARGET_DIR=/opt/rustwide/target" "-e" "CARGO_HOME=/opt/rustwide/cargo-home" "-e" "RUSTUP_HOME=/opt/rustwide/rustup-home" "-w" "/opt/rustwide/workdir" "-m" "1610612736" "--user" "0:0" "--network" "none" "rustops/crates-build-env@sha256:a636fd89d022f18117e1dc8fb37a0a009933cdbbe082814857f0e2024962d47c" "/opt/rustwide/cargo-home/bin/cargo" "+beta-2020-07-24" "metadata" "--no-deps" "--format-version=1", kill_on_drop: false }`
[INFO] [stdout] af96afc2fc2a17291ec11a16ac025cb4f3a0073667a7601e8ac76e15ca0790fb
[INFO] [stderr] WARNING: Your kernel does not support swap limit capabilities or the cgroup is not mounted. Memory limited without swap.
[INFO] running `Command { std: "docker" "start" "-a" "af96afc2fc2a17291ec11a16ac025cb4f3a0073667a7601e8ac76e15ca0790fb", kill_on_drop: false }`
[INFO] running `Command { std: "docker" "inspect" "af96afc2fc2a17291ec11a16ac025cb4f3a0073667a7601e8ac76e15ca0790fb", kill_on_drop: false }`
[INFO] running `Command { std: "docker" "rm" "-f" "af96afc2fc2a17291ec11a16ac025cb4f3a0073667a7601e8ac76e15ca0790fb", kill_on_drop: false }`
[INFO] [stdout] af96afc2fc2a17291ec11a16ac025cb4f3a0073667a7601e8ac76e15ca0790fb
[INFO] running `Command { std: "docker" "create" "-v" "/var/lib/crater-agent-workspace/builds/worker-5/target:/opt/rustwide/target:rw,Z" "-v" "/var/lib/crater-agent-workspace/builds/worker-5/source:/opt/rustwide/workdir:ro,Z" "-v" "/var/lib/crater-agent-workspace/cargo-home:/opt/rustwide/cargo-home:ro,Z" "-v" "/var/lib/crater-agent-workspace/rustup-home:/opt/rustwide/rustup-home:ro,Z" "-e" "SOURCE_DIR=/opt/rustwide/workdir" "-e" "CARGO_TARGET_DIR=/opt/rustwide/target" "-e" "CARGO_INCREMENTAL=0" "-e" "RUST_BACKTRACE=full" "-e" "RUSTFLAGS=--cap-lints=forbid" "-e" "CARGO_HOME=/opt/rustwide/cargo-home" "-e" "RUSTUP_HOME=/opt/rustwide/rustup-home" "-w" "/opt/rustwide/workdir" "-m" "1610612736" "--user" "0:0" "--network" "none" "rustops/crates-build-env@sha256:a636fd89d022f18117e1dc8fb37a0a009933cdbbe082814857f0e2024962d47c" "/opt/rustwide/cargo-home/bin/cargo" "+beta-2020-07-24" "check" "--frozen" "--all" "--all-targets" "--message-format=json", kill_on_drop: false }`
[INFO] [stderr] WARNING: Your kernel does not support swap limit capabilities or the cgroup is not mounted. Memory limited without swap.
[INFO] [stdout] 9d867626fafc5d8665209a820cecde2b32bbf74ac530994384d367de799ab454
[INFO] running `Command { std: "docker" "start" "-a" "9d867626fafc5d8665209a820cecde2b32bbf74ac530994384d367de799ab454", kill_on_drop: false }`
[INFO] [stderr]     Blocking waiting for file lock on package cache
[INFO] [stderr]     Blocking waiting for file lock on package cache
[INFO] [stderr]    Compiling free_macros v0.0.1
[INFO] [stdout] error[E0658]: non-builtin inner attributes are unstable
[INFO] [stdout]  --> /opt/rustwide/cargo-home/registry/src/github.com-1ecc6299db9ec823/free_macros-0.0.1/src/lib.rs:4:1
[INFO] [stdout]   |
[INFO] [stdout] 4 | #![license = "MIT"]
[INFO] [stdout]   | ^^^^^^^^^^^^^^^^^^^
[INFO] [stdout]   |
[INFO] [stdout]   = note: see issue #54726 <https://github.com/rust-lang/rust/issues/54726> for more information
[INFO] [stdout] 
[INFO] [stdout] 
[INFO] [stdout] error: macros that expand to items must be delimited with braces or followed by a semicolon
[INFO] [stdout]    --> /opt/rustwide/cargo-home/registry/src/github.com-1ecc6299db9ec823/free_macros-0.0.1/src/free/monad.rs:2:19
[INFO] [stdout]     |
[INFO] [stdout] 2   |   macro_rules! monad(
[INFO] [stdout]     |  ___________________^
[INFO] [stdout] 3   | |     ($M:ident, $Sig:ident, $sig_map:ident, [ $($ctx:ident,)* ]) =>
[INFO] [stdout] 4   | |     {
[INFO] [stdout] 5   | |
[INFO] [stdout] ...   |
[INFO] [stdout] 256 | |     };
[INFO] [stdout] 257 | | )
[INFO] [stdout]     | |_^
[INFO] [stdout]     |
[INFO] [stdout] help: change the delimiters to curly braces
[INFO] [stdout]     |
[INFO] [stdout] 2   | macro_rules! monad{
[INFO] [stdout] 3   |     ($M:ident, $Sig:ident, $sig_map:ident, [ $($ctx:ident,)* ]) =>
[INFO] [stdout] 4   |     {
[INFO] [stdout] 5   | 
[INFO] [stdout] 6   |         #[allow(dead_code)]
[INFO] [stdout] 7   |         struct Opaque(*const u8);
[INFO] [stdout]   ...
[INFO] [stdout] help: add a semicolon
[INFO] [stdout]     |
[INFO] [stdout] 257 | );
[INFO] [stdout]     |  ^
[INFO] [stdout] 
[INFO] [stdout] 
[INFO] [stdout] error: cannot find attribute `license` in this scope
[INFO] [stdout]  --> /opt/rustwide/cargo-home/registry/src/github.com-1ecc6299db9ec823/free_macros-0.0.1/src/lib.rs:4:4
[INFO] [stdout]   |
[INFO] [stdout] 4 | #![license = "MIT"]
[INFO] [stdout]   |    ^^^^^^^
[INFO] [stdout] 
[INFO] [stdout] 
[INFO] [stdout] error[E0554]: `#![feature]` may not be used on the beta release channel
[INFO] [stdout]  --> /opt/rustwide/cargo-home/registry/src/github.com-1ecc6299db9ec823/free_macros-0.0.1/src/lib.rs:7:1
[INFO] [stdout]   |
[INFO] [stdout] 7 | #![feature(macro_rules)]
[INFO] [stdout]   | ^^^^^^^^^^^^^^^^^^^^^^^^
[INFO] [stdout] 
[INFO] [stdout] 
[INFO] [stdout] error[E0554]: `#![feature]` may not be used on the beta release channel
[INFO] [stdout]  --> /opt/rustwide/cargo-home/registry/src/github.com-1ecc6299db9ec823/free_macros-0.0.1/src/lib.rs:8:1
[INFO] [stdout]   |
[INFO] [stdout] 8 | #![feature(unboxed_closures)]
[INFO] [stdout]   | ^^^^^^^^^^^^^^^^^^^^^^^^^^^^^
[INFO] [stdout] 
[INFO] [stdout] 
[INFO] [stdout] error: aborting due to 5 previous errors
[INFO] [stdout] 
[INFO] [stdout] 
[INFO] [stdout] Some errors have detailed explanations: E0554, E0658.
[INFO] [stdout] 
[INFO] [stdout] For more information about an error, try `rustc --explain E0554`.
[INFO] [stdout] 
[INFO] [stderr] error: could not compile `free_macros`.
[INFO] [stderr] 
[INFO] [stderr] To learn more, run the command again with --verbose.
[INFO] running `Command { std: "docker" "inspect" "9d867626fafc5d8665209a820cecde2b32bbf74ac530994384d367de799ab454", kill_on_drop: false }`
[INFO] running `Command { std: "docker" "rm" "-f" "9d867626fafc5d8665209a820cecde2b32bbf74ac530994384d367de799ab454", kill_on_drop: false }`
[INFO] [stdout] 9d867626fafc5d8665209a820cecde2b32bbf74ac530994384d367de799ab454
