[INFO] fetching crate fluence-faas 0.1.0...
[INFO] checking fluence-faas-0.1.0 against beta-2020-07-24 for pr-75494-beta
[INFO] extracting crate fluence-faas 0.1.0 into /workspace/builds/worker-5/source
[INFO] validating manifest of crates.io crate fluence-faas 0.1.0 on toolchain beta-2020-07-24
[INFO] running `Command { std: "/workspace/cargo-home/bin/cargo" "+beta-2020-07-24" "read-manifest" "--manifest-path" "Cargo.toml", kill_on_drop: false }`
[INFO] started tweaking crates.io crate fluence-faas 0.1.0
[INFO] finished tweaking crates.io crate fluence-faas 0.1.0
[INFO] tweaked toml for crates.io crate fluence-faas 0.1.0 written to /workspace/builds/worker-5/source/Cargo.toml
[INFO] running `Command { std: "/workspace/cargo-home/bin/cargo" "+beta-2020-07-24" "generate-lockfile" "--manifest-path" "Cargo.toml" "-Zno-index-update", kill_on_drop: false }`
[INFO] running `Command { std: "/workspace/cargo-home/bin/cargo" "+beta-2020-07-24" "fetch" "--locked" "--manifest-path" "Cargo.toml", kill_on_drop: false }`
[INFO] [stderr]     Blocking waiting for file lock on package cache
[INFO] running `Command { std: "docker" "create" "-v" "/var/lib/crater-agent-workspace/builds/worker-5/target:/opt/rustwide/target:rw,Z" "-v" "/var/lib/crater-agent-workspace/builds/worker-5/source:/opt/rustwide/workdir:ro,Z" "-v" "/var/lib/crater-agent-workspace/cargo-home:/opt/rustwide/cargo-home:ro,Z" "-v" "/var/lib/crater-agent-workspace/rustup-home:/opt/rustwide/rustup-home:ro,Z" "-e" "SOURCE_DIR=/opt/rustwide/workdir" "-e" "CARGO_TARGET_DIR=/opt/rustwide/target" "-e" "CARGO_HOME=/opt/rustwide/cargo-home" "-e" "RUSTUP_HOME=/opt/rustwide/rustup-home" "-w" "/opt/rustwide/workdir" "-m" "1610612736" "--user" "0:0" "--network" "none" "rustops/crates-build-env@sha256:a636fd89d022f18117e1dc8fb37a0a009933cdbbe082814857f0e2024962d47c" "/opt/rustwide/cargo-home/bin/cargo" "+beta-2020-07-24" "metadata" "--no-deps" "--format-version=1", kill_on_drop: false }`
[INFO] [stdout] 54619020d099008a34bf1c54732dc6e6be71d0f631d0020fee7fe20b96a510b3
[INFO] [stderr] WARNING: Your kernel does not support swap limit capabilities or the cgroup is not mounted. Memory limited without swap.
[INFO] running `Command { std: "docker" "start" "-a" "54619020d099008a34bf1c54732dc6e6be71d0f631d0020fee7fe20b96a510b3", kill_on_drop: false }`
[INFO] running `Command { std: "docker" "inspect" "54619020d099008a34bf1c54732dc6e6be71d0f631d0020fee7fe20b96a510b3", kill_on_drop: false }`
[INFO] running `Command { std: "docker" "rm" "-f" "54619020d099008a34bf1c54732dc6e6be71d0f631d0020fee7fe20b96a510b3", kill_on_drop: false }`
[INFO] [stdout] 54619020d099008a34bf1c54732dc6e6be71d0f631d0020fee7fe20b96a510b3
[INFO] running `Command { std: "docker" "create" "-v" "/var/lib/crater-agent-workspace/builds/worker-5/target:/opt/rustwide/target:rw,Z" "-v" "/var/lib/crater-agent-workspace/builds/worker-5/source:/opt/rustwide/workdir:ro,Z" "-v" "/var/lib/crater-agent-workspace/cargo-home:/opt/rustwide/cargo-home:ro,Z" "-v" "/var/lib/crater-agent-workspace/rustup-home:/opt/rustwide/rustup-home:ro,Z" "-e" "SOURCE_DIR=/opt/rustwide/workdir" "-e" "CARGO_TARGET_DIR=/opt/rustwide/target" "-e" "CARGO_INCREMENTAL=0" "-e" "RUST_BACKTRACE=full" "-e" "RUSTFLAGS=--cap-lints=forbid" "-e" "CARGO_HOME=/opt/rustwide/cargo-home" "-e" "RUSTUP_HOME=/opt/rustwide/rustup-home" "-w" "/opt/rustwide/workdir" "-m" "1610612736" "--user" "0:0" "--network" "none" "rustops/crates-build-env@sha256:a636fd89d022f18117e1dc8fb37a0a009933cdbbe082814857f0e2024962d47c" "/opt/rustwide/cargo-home/bin/cargo" "+beta-2020-07-24" "check" "--frozen" "--all" "--all-targets" "--message-format=json", kill_on_drop: false }`
[INFO] [stdout] 6b77ebd1ecc5955dba987c54e9cccaf0443901cbb4b80c1d3e0498d697a967ff
[INFO] [stderr] WARNING: Your kernel does not support swap limit capabilities or the cgroup is not mounted. Memory limited without swap.
[INFO] running `Command { std: "docker" "start" "-a" "6b77ebd1ecc5955dba987c54e9cccaf0443901cbb4b80c1d3e0498d697a967ff", kill_on_drop: false }`
[INFO] [stderr]    Compiling syn v1.0.39
[INFO] [stderr]    Compiling autocfg v1.0.1
[INFO] [stderr]     Checking cfg-if v0.1.10
[INFO] [stderr]    Compiling serde_derive v1.0.115
[INFO] [stderr]    Compiling serde v1.0.115
[INFO] [stderr]    Compiling version_check v0.9.2
[INFO] [stderr]    Compiling typenum v1.12.0
[INFO] [stderr]    Compiling libc v0.2.76
[INFO] [stderr]    Compiling cc v1.0.59
[INFO] [stderr]    Compiling bitflags v1.2.1
[INFO] [stderr]    Compiling semver-parser v0.7.0
[INFO] [stderr]    Compiling log v0.4.11
[INFO] [stderr]     Checking lazy_static v1.4.0
[INFO] [stderr]     Checking scopeguard v1.1.0
[INFO] [stderr]     Checking arrayvec v0.5.1
[INFO] [stderr]    Compiling maybe-uninit v2.0.0
[INFO] [stderr]    Compiling subtle v2.2.3
[INFO] [stderr]     Checking constant_time_eq v0.1.5
[INFO] [stderr]    Compiling memchr v2.3.3
[INFO] [stderr]    Compiling lexical-core v0.7.4
[INFO] [stderr]     Checking void v1.0.2
[INFO] [stderr]     Checking arrayref v0.3.6
[INFO] [stderr]     Checking leb128 v0.2.4
[INFO] [stderr]     Checking static_assertions v1.1.0
[INFO] [stderr]    Compiling inventory v0.1.8
[INFO] [stderr]    Compiling anyhow v1.0.32
[INFO] [stderr]    Compiling getrandom v0.1.14
[INFO] [stderr]     Checking safe-transmute v0.11.0
[INFO] [stderr]     Checking wasmparser v0.55.0
[INFO] [stderr]     Checking id-arena v2.2.1
[INFO] [stderr]     Checking parity-wasm v0.41.0
[INFO] [stderr]     Checking boolinator v2.4.0
[INFO] [stderr]     Checking cmd_lib v0.7.8
[INFO] [stderr]     Checking lock_api v0.3.4
[INFO] [stderr]    Compiling semver v0.9.0
[INFO] [stderr]     Checking wast v8.0.0
[INFO] [stderr]    Compiling generic-array v0.14.4
[INFO] [stderr]    Compiling nom v5.1.2
[INFO] [stderr]    Compiling rustc_version v0.2.3
[INFO] [stderr]    Compiling hashbrown v0.8.2
[INFO] [stderr]    Compiling indexmap v1.5.1
[INFO] [stderr]    Compiling crossbeam-utils v0.7.2
[INFO] [stderr]    Compiling memoffset v0.5.5
[INFO] [stderr]    Compiling crossbeam-epoch v0.8.2
[INFO] [stderr]    Compiling rayon v1.3.1
[INFO] [stderr]    Compiling blake3 v0.3.6
[INFO] [stderr]    Compiling raw-cpuid v7.0.3
[INFO] [stderr]     Checking crossbeam-queue v0.2.3
[INFO] [stderr]     Checking crossbeam-deque v0.7.3
[INFO] [stderr]     Checking generic-array v0.12.3
[INFO] [stderr]     Checking pwasm-utils v0.12.0
[INFO] [stderr]    Compiling crypto-mac v0.8.0
[INFO] [stderr]    Compiling digest v0.9.0
[INFO] [stderr]     Checking digest v0.8.1
[INFO] [stderr]     Checking parking_lot_core v0.7.2
[INFO] [stderr]     Checking errno v0.2.6
[INFO] [stderr]     Checking nix v0.15.0
[INFO] [stderr]     Checking page_size v0.4.2
[INFO] [stderr]     Checking num_cpus v1.13.0
[INFO] [stderr]     Checking memmap v0.7.0
[INFO] [stderr]     Checking time v0.1.43
[INFO] [stderr]     Checking rayon-core v1.7.1
[INFO] [stderr]     Checking parking_lot v0.10.2
[INFO] [stderr]    Compiling wasmer-runtime-core-fl v0.17.0
[INFO] [stderr]    Compiling thiserror-impl v1.0.20
[INFO] [stderr]    Compiling inventory-impl v0.1.8
[INFO] [stderr]    Compiling ghost v0.1.2
[INFO] [stderr]    Compiling ctor v0.1.15
[INFO] [stderr]    Compiling walrus-macro v0.17.0
[INFO] [stderr]    Compiling typetag-impl v0.1.5
[INFO] [stderr]     Checking walrus v0.17.0
[INFO] [stderr]     Checking thiserror v1.0.20
[INFO] [stderr]     Checking serde-bench v0.0.7
[INFO] [stderr]     Checking bincode v1.3.1
[INFO] [stderr]     Checking serde_bytes v0.11.5
[INFO] [stderr]     Checking serde_json v1.0.57
[INFO] [stderr]     Checking multimap v0.8.1
[INFO] [stderr]     Checking erased-serde v0.3.12
[INFO] [stderr]     Checking generational-arena v0.2.8
[INFO] [stderr]     Checking toml v0.5.6
[INFO] [stderr]     Checking gimli v0.20.0
[INFO] [stderr]     Checking typetag v0.1.5
[INFO] [stderr]     Checking wasmer-interface-types-fl v0.17.0
[INFO] [stderr]     Checking cranelift-codegen v0.59.0
[INFO] [stderr]     Checking fce-wit-interfaces v0.1.0
[INFO] [stderr]     Checking fce-wit-parser v0.1.2
[INFO] [stderr]     Checking wasmer-wasi-fl v0.17.0
[INFO] [stderr]     Checking wasmer-clif-fork-frontend v0.59.0
[INFO] [stderr]     Checking cranelift-native v0.59.0
[INFO] [stderr]     Checking wasmer-clif-fork-wasm v0.59.0
[INFO] [stderr]     Checking wasmer-clif-backend-fl v0.17.0
[INFO] [stderr]     Checking wasmer-runtime-fl v0.17.0
[INFO] [stderr]     Checking fce v0.1.1
[INFO] [stdout] error[E0554]: `#![feature]` may not be used on the beta release channel
[INFO] [stdout]   --> /opt/rustwide/cargo-home/registry/src/github.com-1ecc6299db9ec823/fce-0.1.1/src/lib.rs:17:1
[INFO] [stdout]    |
[INFO] [stdout] 17 | #![feature(get_mut_unchecked)]
[INFO] [stdout]    | ^^^^^^^^^^^^^^^^^^^^^^^^^^^^^^
[INFO] [stdout] 
[INFO] [stdout] 
[INFO] [stdout] error[E0554]: `#![feature]` may not be used on the beta release channel
[INFO] [stdout]   --> /opt/rustwide/cargo-home/registry/src/github.com-1ecc6299db9ec823/fce-0.1.1/src/lib.rs:18:1
[INFO] [stdout]    |
[INFO] [stdout] 18 | #![feature(new_uninit)]
[INFO] [stdout]    | ^^^^^^^^^^^^^^^^^^^^^^^
[INFO] [stdout] 
[INFO] [stdout] 
[INFO] [stdout] error[E0554]: `#![feature]` may not be used on the beta release channel
[INFO] [stdout]   --> /opt/rustwide/cargo-home/registry/src/github.com-1ecc6299db9ec823/fce-0.1.1/src/lib.rs:19:1
[INFO] [stdout]    |
[INFO] [stdout] 19 | #![feature(stmt_expr_attributes)]
[INFO] [stdout]    | ^^^^^^^^^^^^^^^^^^^^^^^^^^^^^^^^^
[INFO] [stdout] 
[INFO] [stdout] 
[INFO] [stdout] error: aborting due to 3 previous errors
[INFO] [stdout] 
[INFO] [stdout] 
[INFO] [stdout] For more information about this error, try `rustc --explain E0554`.
[INFO] [stdout] 
[INFO] [stderr] error: could not compile `fce`.
[INFO] [stderr] 
[INFO] [stderr] To learn more, run the command again with --verbose.
[INFO] running `Command { std: "docker" "inspect" "6b77ebd1ecc5955dba987c54e9cccaf0443901cbb4b80c1d3e0498d697a967ff", kill_on_drop: false }`
[INFO] running `Command { std: "docker" "rm" "-f" "6b77ebd1ecc5955dba987c54e9cccaf0443901cbb4b80c1d3e0498d697a967ff", kill_on_drop: false }`
[INFO] [stdout] 6b77ebd1ecc5955dba987c54e9cccaf0443901cbb4b80c1d3e0498d697a967ff
