[INFO] fetching crate fiz 0.0.4...
[INFO] checking fiz-0.0.4 against beta-2020-07-24 for pr-75494-beta
[INFO] extracting crate fiz 0.0.4 into /workspace/builds/worker-6/source
[INFO] validating manifest of crates.io crate fiz 0.0.4 on toolchain beta-2020-07-24
[INFO] running `Command { std: "/workspace/cargo-home/bin/cargo" "+beta-2020-07-24" "read-manifest" "--manifest-path" "Cargo.toml", kill_on_drop: false }`
[INFO] started tweaking crates.io crate fiz 0.0.4
[INFO] finished tweaking crates.io crate fiz 0.0.4
[INFO] tweaked toml for crates.io crate fiz 0.0.4 written to /workspace/builds/worker-6/source/Cargo.toml
[INFO] running `Command { std: "/workspace/cargo-home/bin/cargo" "+beta-2020-07-24" "generate-lockfile" "--manifest-path" "Cargo.toml" "-Zno-index-update", kill_on_drop: false }`
[INFO] running `Command { std: "/workspace/cargo-home/bin/cargo" "+beta-2020-07-24" "fetch" "--locked" "--manifest-path" "Cargo.toml", kill_on_drop: false }`
[INFO] running `Command { std: "docker" "create" "-v" "/var/lib/crater-agent-workspace/builds/worker-6/target:/opt/rustwide/target:rw,Z" "-v" "/var/lib/crater-agent-workspace/builds/worker-6/source:/opt/rustwide/workdir:ro,Z" "-v" "/var/lib/crater-agent-workspace/cargo-home:/opt/rustwide/cargo-home:ro,Z" "-v" "/var/lib/crater-agent-workspace/rustup-home:/opt/rustwide/rustup-home:ro,Z" "-e" "SOURCE_DIR=/opt/rustwide/workdir" "-e" "CARGO_TARGET_DIR=/opt/rustwide/target" "-e" "CARGO_HOME=/opt/rustwide/cargo-home" "-e" "RUSTUP_HOME=/opt/rustwide/rustup-home" "-w" "/opt/rustwide/workdir" "-m" "1610612736" "--user" "0:0" "--network" "none" "rustops/crates-build-env@sha256:a636fd89d022f18117e1dc8fb37a0a009933cdbbe082814857f0e2024962d47c" "/opt/rustwide/cargo-home/bin/cargo" "+beta-2020-07-24" "metadata" "--no-deps" "--format-version=1", kill_on_drop: false }`
[INFO] [stdout] 5ccc060c02055e0c7a99653c4a45ab8e55ecb2e8e1dd0391f7eb8dbbc70a522f
[INFO] [stderr] WARNING: Your kernel does not support swap limit capabilities or the cgroup is not mounted. Memory limited without swap.
[INFO] running `Command { std: "docker" "start" "-a" "5ccc060c02055e0c7a99653c4a45ab8e55ecb2e8e1dd0391f7eb8dbbc70a522f", kill_on_drop: false }`
[INFO] running `Command { std: "docker" "inspect" "5ccc060c02055e0c7a99653c4a45ab8e55ecb2e8e1dd0391f7eb8dbbc70a522f", kill_on_drop: false }`
[INFO] running `Command { std: "docker" "rm" "-f" "5ccc060c02055e0c7a99653c4a45ab8e55ecb2e8e1dd0391f7eb8dbbc70a522f", kill_on_drop: false }`
[INFO] [stdout] 5ccc060c02055e0c7a99653c4a45ab8e55ecb2e8e1dd0391f7eb8dbbc70a522f
[INFO] running `Command { std: "docker" "create" "-v" "/var/lib/crater-agent-workspace/builds/worker-6/target:/opt/rustwide/target:rw,Z" "-v" "/var/lib/crater-agent-workspace/builds/worker-6/source:/opt/rustwide/workdir:ro,Z" "-v" "/var/lib/crater-agent-workspace/cargo-home:/opt/rustwide/cargo-home:ro,Z" "-v" "/var/lib/crater-agent-workspace/rustup-home:/opt/rustwide/rustup-home:ro,Z" "-e" "SOURCE_DIR=/opt/rustwide/workdir" "-e" "CARGO_TARGET_DIR=/opt/rustwide/target" "-e" "CARGO_INCREMENTAL=0" "-e" "RUST_BACKTRACE=full" "-e" "RUSTFLAGS=--cap-lints=forbid" "-e" "CARGO_HOME=/opt/rustwide/cargo-home" "-e" "RUSTUP_HOME=/opt/rustwide/rustup-home" "-w" "/opt/rustwide/workdir" "-m" "1610612736" "--user" "0:0" "--network" "none" "rustops/crates-build-env@sha256:a636fd89d022f18117e1dc8fb37a0a009933cdbbe082814857f0e2024962d47c" "/opt/rustwide/cargo-home/bin/cargo" "+beta-2020-07-24" "check" "--frozen" "--all" "--all-targets" "--message-format=json", kill_on_drop: false }`
[INFO] [stdout] 728ca479b4e99f57099c7b2bf2e760ab10b65b01e9ce76be0dd50fcd7a05b2bb
[INFO] [stderr] WARNING: Your kernel does not support swap limit capabilities or the cgroup is not mounted. Memory limited without swap.
[INFO] running `Command { std: "docker" "start" "-a" "728ca479b4e99f57099c7b2bf2e760ab10b65b01e9ce76be0dd50fcd7a05b2bb", kill_on_drop: false }`
[INFO] [stderr]    Compiling autocfg v1.0.1
[INFO] [stderr]    Compiling libc v0.2.76
[INFO] [stderr]     Checking rustc-serialize v0.3.24
[INFO] [stderr]    Compiling num-traits v0.2.12
[INFO] [stderr]    Compiling num-integer v0.1.43
[INFO] [stderr]    Compiling num-iter v0.1.41
[INFO] [stderr]     Checking rand v0.4.6
[INFO] [stderr]     Checking num-bigint v0.1.44
[INFO] [stderr]     Checking num-complex v0.1.43
[INFO] [stderr]     Checking num-rational v0.1.42
[INFO] [stderr]     Checking num v0.1.42
[INFO] [stderr]     Checking fiz-math v0.0.13
[INFO] [stdout] error[E0277]: the trait bound `unit::mm::MM<T>: num::Saturating` is not satisfied
[INFO] [stdout]    --> /opt/rustwide/cargo-home/registry/src/github.com-1ecc6299db9ec823/fiz-math-0.0.13/src/unit_macro.rs:385:54
[INFO] [stdout]     |
[INFO] [stdout] 385 |         impl<T: $crate::num_export::traits::PrimInt> $crate::num_export::traits::PrimInt for $ident<T> {
[INFO] [stdout]     |                                                      ^^^^^^^^^^^^^^^^^^^^^^^^^^^^^^^^^^^ the trait `num::Saturating` is not implemented for `unit::mm::MM<T>`
[INFO] [stdout]     | 
[INFO] [stdout]    ::: /opt/rustwide/cargo-home/registry/src/github.com-1ecc6299db9ec823/num-traits-0.2.12/src/int.rs:53:7
[INFO] [stdout]     |
[INFO] [stdout] 53  |     + Saturating
[INFO] [stdout]     |       ---------- required by this bound in `num::PrimInt`
[INFO] [stdout]     | 
[INFO] [stdout]    ::: /opt/rustwide/cargo-home/registry/src/github.com-1ecc6299db9ec823/fiz-math-0.0.13/src/unit/mm.rs:44:1
[INFO] [stdout]     |
[INFO] [stdout] 44  | unit!(MM);
[INFO] [stdout]     | ---------- in this macro invocation
[INFO] [stdout]     |
[INFO] [stdout]     = note: this error originates in a macro (in Nightly builds, run with -Z macro-backtrace for more info)
[INFO] [stdout] 
[INFO] [stdout] 
[INFO] [stdout] error[E0277]: the trait bound `unit::cm::CM<T>: num::Saturating` is not satisfied
[INFO] [stdout]    --> /opt/rustwide/cargo-home/registry/src/github.com-1ecc6299db9ec823/fiz-math-0.0.13/src/unit_macro.rs:385:54
[INFO] [stdout]     |
[INFO] [stdout] 385 |         impl<T: $crate::num_export::traits::PrimInt> $crate::num_export::traits::PrimInt for $ident<T> {
[INFO] [stdout]     |                                                      ^^^^^^^^^^^^^^^^^^^^^^^^^^^^^^^^^^^ the trait `num::Saturating` is not implemented for `unit::cm::CM<T>`
[INFO] [stdout]     | 
[INFO] [stdout]    ::: /opt/rustwide/cargo-home/registry/src/github.com-1ecc6299db9ec823/num-traits-0.2.12/src/int.rs:53:7
[INFO] [stdout]     |
[INFO] [stdout] 53  |     + Saturating
[INFO] [stdout]     |       ---------- required by this bound in `num::PrimInt`
[INFO] [stdout]     | 
[INFO] [stdout]    ::: /opt/rustwide/cargo-home/registry/src/github.com-1ecc6299db9ec823/fiz-math-0.0.13/src/unit/cm.rs:28:1
[INFO] [stdout]     |
[INFO] [stdout] 28  | unit!(CM);
[INFO] [stdout]     | ---------- in this macro invocation
[INFO] [stdout]     |
[INFO] [stdout]     = note: this error originates in a macro (in Nightly builds, run with -Z macro-backtrace for more info)
[INFO] [stdout] 
[INFO] [stdout] 
[INFO] [stdout] error[E0277]: the trait bound `unit::m::M<T>: num::Saturating` is not satisfied
[INFO] [stdout]    --> /opt/rustwide/cargo-home/registry/src/github.com-1ecc6299db9ec823/fiz-math-0.0.13/src/unit_macro.rs:385:54
[INFO] [stdout]     |
[INFO] [stdout] 385 |         impl<T: $crate::num_export::traits::PrimInt> $crate::num_export::traits::PrimInt for $ident<T> {
[INFO] [stdout]     |                                                      ^^^^^^^^^^^^^^^^^^^^^^^^^^^^^^^^^^^ the trait `num::Saturating` is not implemented for `unit::m::M<T>`
[INFO] [stdout]     | 
[INFO] [stdout]    ::: /opt/rustwide/cargo-home/registry/src/github.com-1ecc6299db9ec823/num-traits-0.2.12/src/int.rs:53:7
[INFO] [stdout]     |
[INFO] [stdout] 53  |     + Saturating
[INFO] [stdout]     |       ---------- required by this bound in `num::PrimInt`
[INFO] [stdout]     | 
[INFO] [stdout]    ::: /opt/rustwide/cargo-home/registry/src/github.com-1ecc6299db9ec823/fiz-math-0.0.13/src/unit/m.rs:42:1
[INFO] [stdout]     |
[INFO] [stdout] 42  | unit!(M);
[INFO] [stdout]     | --------- in this macro invocation
[INFO] [stdout]     |
[INFO] [stdout]     = note: this error originates in a macro (in Nightly builds, run with -Z macro-backtrace for more info)
[INFO] [stdout] 
[INFO] [stdout] 
[INFO] [stdout] error[E0277]: the trait bound `unit::km::KM<T>: num::Saturating` is not satisfied
[INFO] [stdout]    --> /opt/rustwide/cargo-home/registry/src/github.com-1ecc6299db9ec823/fiz-math-0.0.13/src/unit_macro.rs:385:54
[INFO] [stdout]     |
[INFO] [stdout] 385 |         impl<T: $crate::num_export::traits::PrimInt> $crate::num_export::traits::PrimInt for $ident<T> {
[INFO] [stdout]     |                                                      ^^^^^^^^^^^^^^^^^^^^^^^^^^^^^^^^^^^ the trait `num::Saturating` is not implemented for `unit::km::KM<T>`
[INFO] [stdout]     | 
[INFO] [stdout]    ::: /opt/rustwide/cargo-home/registry/src/github.com-1ecc6299db9ec823/num-traits-0.2.12/src/int.rs:53:7
[INFO] [stdout]     |
[INFO] [stdout] 53  |     + Saturating
[INFO] [stdout]     |       ---------- required by this bound in `num::PrimInt`
[INFO] [stdout]     | 
[INFO] [stdout]    ::: /opt/rustwide/cargo-home/registry/src/github.com-1ecc6299db9ec823/fiz-math-0.0.13/src/unit/km.rs:42:1
[INFO] [stdout]     |
[INFO] [stdout] 42  | unit!(KM);
[INFO] [stdout]     | ---------- in this macro invocation
[INFO] [stdout]     |
[INFO] [stdout]     = note: this error originates in a macro (in Nightly builds, run with -Z macro-backtrace for more info)
[INFO] [stdout] 
[INFO] [stdout] 
[INFO] [stdout] error[E0277]: the trait bound `unit::rad::Rad<T>: num::Saturating` is not satisfied
[INFO] [stdout]    --> /opt/rustwide/cargo-home/registry/src/github.com-1ecc6299db9ec823/fiz-math-0.0.13/src/unit_macro.rs:385:54
[INFO] [stdout]     |
[INFO] [stdout] 385 |         impl<T: $crate::num_export::traits::PrimInt> $crate::num_export::traits::PrimInt for $ident<T> {
[INFO] [stdout]     |                                                      ^^^^^^^^^^^^^^^^^^^^^^^^^^^^^^^^^^^ the trait `num::Saturating` is not implemented for `unit::rad::Rad<T>`
[INFO] [stdout]     | 
[INFO] [stdout]    ::: /opt/rustwide/cargo-home/registry/src/github.com-1ecc6299db9ec823/num-traits-0.2.12/src/int.rs:53:7
[INFO] [stdout]     |
[INFO] [stdout] 53  |     + Saturating
[INFO] [stdout]     |       ---------- required by this bound in `num::PrimInt`
[INFO] [stdout]     | 
[INFO] [stdout]    ::: /opt/rustwide/cargo-home/registry/src/github.com-1ecc6299db9ec823/fiz-math-0.0.13/src/unit/rad.rs:41:1
[INFO] [stdout]     |
[INFO] [stdout] 41  | unit!(Rad);
[INFO] [stdout]     | ----------- in this macro invocation
[INFO] [stdout]     |
[INFO] [stdout]     = note: this error originates in a macro (in Nightly builds, run with -Z macro-backtrace for more info)
[INFO] [stdout] 
[INFO] [stdout] 
[INFO] [stdout] error[E0277]: the trait bound `unit::deg::Deg<T>: num::Saturating` is not satisfied
[INFO] [stdout]    --> /opt/rustwide/cargo-home/registry/src/github.com-1ecc6299db9ec823/fiz-math-0.0.13/src/unit_macro.rs:385:54
[INFO] [stdout]     |
[INFO] [stdout] 385 |         impl<T: $crate::num_export::traits::PrimInt> $crate::num_export::traits::PrimInt for $ident<T> {
[INFO] [stdout]     |                                                      ^^^^^^^^^^^^^^^^^^^^^^^^^^^^^^^^^^^ the trait `num::Saturating` is not implemented for `unit::deg::Deg<T>`
[INFO] [stdout]     | 
[INFO] [stdout]    ::: /opt/rustwide/cargo-home/registry/src/github.com-1ecc6299db9ec823/num-traits-0.2.12/src/int.rs:53:7
[INFO] [stdout]     |
[INFO] [stdout] 53  |     + Saturating
[INFO] [stdout]     |       ---------- required by this bound in `num::PrimInt`
[INFO] [stdout]     | 
[INFO] [stdout]    ::: /opt/rustwide/cargo-home/registry/src/github.com-1ecc6299db9ec823/fiz-math-0.0.13/src/unit/deg.rs:42:1
[INFO] [stdout]     |
[INFO] [stdout] 42  | unit!(Deg);
[INFO] [stdout]     | ----------- in this macro invocation
[INFO] [stdout]     |
[INFO] [stdout]     = note: this error originates in a macro (in Nightly builds, run with -Z macro-backtrace for more info)
[INFO] [stdout] 
[INFO] [stdout] 
[INFO] [stdout] error: aborting due to 6 previous errors
[INFO] [stdout] 
[INFO] [stdout] 
[INFO] [stdout] For more information about this error, try `rustc --explain E0277`.
[INFO] [stdout] 
[INFO] [stderr] error: could not compile `fiz-math`.
[INFO] [stderr] 
[INFO] [stderr] To learn more, run the command again with --verbose.
[INFO] running `Command { std: "docker" "inspect" "728ca479b4e99f57099c7b2bf2e760ab10b65b01e9ce76be0dd50fcd7a05b2bb", kill_on_drop: false }`
[INFO] running `Command { std: "docker" "rm" "-f" "728ca479b4e99f57099c7b2bf2e760ab10b65b01e9ce76be0dd50fcd7a05b2bb", kill_on_drop: false }`
[INFO] [stdout] 728ca479b4e99f57099c7b2bf2e760ab10b65b01e9ce76be0dd50fcd7a05b2bb
