[INFO] fetching crate fera-graph 0.2.0...
[INFO] checking fera-graph-0.2.0 against beta-2020-07-24 for pr-75494-beta
[INFO] extracting crate fera-graph 0.2.0 into /workspace/builds/worker-4/source
[INFO] validating manifest of crates.io crate fera-graph 0.2.0 on toolchain beta-2020-07-24
[INFO] running `Command { std: "/workspace/cargo-home/bin/cargo" "+beta-2020-07-24" "read-manifest" "--manifest-path" "Cargo.toml", kill_on_drop: false }`
[INFO] started tweaking crates.io crate fera-graph 0.2.0
[INFO] finished tweaking crates.io crate fera-graph 0.2.0
[INFO] tweaked toml for crates.io crate fera-graph 0.2.0 written to /workspace/builds/worker-4/source/Cargo.toml
[INFO] running `Command { std: "/workspace/cargo-home/bin/cargo" "+beta-2020-07-24" "generate-lockfile" "--manifest-path" "Cargo.toml" "-Zno-index-update", kill_on_drop: false }`
[INFO] running `Command { std: "/workspace/cargo-home/bin/cargo" "+beta-2020-07-24" "fetch" "--locked" "--manifest-path" "Cargo.toml", kill_on_drop: false }`
[INFO] [stderr]     Blocking waiting for file lock on package cache
[INFO] running `Command { std: "docker" "create" "-v" "/var/lib/crater-agent-workspace/builds/worker-4/target:/opt/rustwide/target:rw,Z" "-v" "/var/lib/crater-agent-workspace/builds/worker-4/source:/opt/rustwide/workdir:ro,Z" "-v" "/var/lib/crater-agent-workspace/cargo-home:/opt/rustwide/cargo-home:ro,Z" "-v" "/var/lib/crater-agent-workspace/rustup-home:/opt/rustwide/rustup-home:ro,Z" "-e" "SOURCE_DIR=/opt/rustwide/workdir" "-e" "CARGO_TARGET_DIR=/opt/rustwide/target" "-e" "CARGO_HOME=/opt/rustwide/cargo-home" "-e" "RUSTUP_HOME=/opt/rustwide/rustup-home" "-w" "/opt/rustwide/workdir" "-m" "1610612736" "--user" "0:0" "--network" "none" "rustops/crates-build-env@sha256:a636fd89d022f18117e1dc8fb37a0a009933cdbbe082814857f0e2024962d47c" "/opt/rustwide/cargo-home/bin/cargo" "+beta-2020-07-24" "metadata" "--no-deps" "--format-version=1", kill_on_drop: false }`
[INFO] [stderr] WARNING: Your kernel does not support swap limit capabilities or the cgroup is not mounted. Memory limited without swap.
[INFO] [stdout] 473f15689215058c995d5f18f7d6a08d506e31acbf53a3fe7f2df779a6b6b3fe
[INFO] running `Command { std: "docker" "start" "-a" "473f15689215058c995d5f18f7d6a08d506e31acbf53a3fe7f2df779a6b6b3fe", kill_on_drop: false }`
[INFO] running `Command { std: "docker" "inspect" "473f15689215058c995d5f18f7d6a08d506e31acbf53a3fe7f2df779a6b6b3fe", kill_on_drop: false }`
[INFO] running `Command { std: "docker" "rm" "-f" "473f15689215058c995d5f18f7d6a08d506e31acbf53a3fe7f2df779a6b6b3fe", kill_on_drop: false }`
[INFO] [stdout] 473f15689215058c995d5f18f7d6a08d506e31acbf53a3fe7f2df779a6b6b3fe
[INFO] running `Command { std: "docker" "create" "-v" "/var/lib/crater-agent-workspace/builds/worker-4/target:/opt/rustwide/target:rw,Z" "-v" "/var/lib/crater-agent-workspace/builds/worker-4/source:/opt/rustwide/workdir:ro,Z" "-v" "/var/lib/crater-agent-workspace/cargo-home:/opt/rustwide/cargo-home:ro,Z" "-v" "/var/lib/crater-agent-workspace/rustup-home:/opt/rustwide/rustup-home:ro,Z" "-e" "SOURCE_DIR=/opt/rustwide/workdir" "-e" "CARGO_TARGET_DIR=/opt/rustwide/target" "-e" "CARGO_INCREMENTAL=0" "-e" "RUST_BACKTRACE=full" "-e" "RUSTFLAGS=--cap-lints=forbid" "-e" "CARGO_HOME=/opt/rustwide/cargo-home" "-e" "RUSTUP_HOME=/opt/rustwide/rustup-home" "-w" "/opt/rustwide/workdir" "-m" "1610612736" "--user" "0:0" "--network" "none" "rustops/crates-build-env@sha256:a636fd89d022f18117e1dc8fb37a0a009933cdbbe082814857f0e2024962d47c" "/opt/rustwide/cargo-home/bin/cargo" "+beta-2020-07-24" "check" "--frozen" "--all" "--all-targets" "--message-format=json", kill_on_drop: false }`
[INFO] [stdout] 55f16e1c39065ae1b665c15aae3b49a285a8af8451339f92fc294e0c4403f2d7
[INFO] [stderr] WARNING: Your kernel does not support swap limit capabilities or the cgroup is not mounted. Memory limited without swap.
[INFO] running `Command { std: "docker" "start" "-a" "55f16e1c39065ae1b665c15aae3b49a285a8af8451339f92fc294e0c4403f2d7", kill_on_drop: false }`
[INFO] [stderr]    Compiling autocfg v1.0.1
[INFO] [stderr]     Checking tinyvec v0.3.4
[INFO] [stderr]     Checking matches v0.1.8
[INFO] [stderr]    Compiling serde v1.0.115
[INFO] [stderr]     Checking unicode-xid v0.0.4
[INFO] [stderr]    Compiling pulldown-cmark v0.1.2
[INFO] [stderr]     Checking percent-encoding v1.0.1
[INFO] [stderr]     Checking bitflags v0.9.1
[INFO] [stderr]     Checking either v1.6.0
[INFO] [stderr]     Checking quote v0.3.15
[INFO] [stderr]     Checking fera-unionfind v0.1.0
[INFO] [stderr]     Checking fera-fun v0.1.0
[INFO] [stderr]     Checking semver-parser v0.7.0
[INFO] [stderr]    Compiling fera-graph v0.2.0 (/opt/rustwide/workdir)
[INFO] [stderr]     Checking rand v0.5.6
[INFO] [stderr]     Checking synom v0.11.3
[INFO] [stderr]     Checking unicode-bidi v0.3.4
[INFO] [stderr]     Checking itertools v0.7.11
[INFO] [stderr]     Checking syn v0.11.11
[INFO] [stderr]     Checking unicode-normalization v0.1.13
[INFO] [stderr]    Compiling num-traits v0.2.12
[INFO] [stderr]     Checking idna v0.1.5
[INFO] [stderr]     Checking url v1.7.2
[INFO] [stderr]     Checking fera-optional v0.2.0
[INFO] [stderr]     Checking toml v0.4.10
[INFO] [stderr]     Checking version-sync v0.5.0
[INFO] [stdout] error[E0554]: `#![feature]` may not be used on the beta release channel
[INFO] [stdout]  --> benches/paths.rs:5:1
[INFO] [stdout]   |
[INFO] [stdout] 5 | #![feature(test)]
[INFO] [stdout]   | ^^^^^^^^^^^^^^^^^
[INFO] [stdout] 
[INFO] [stdout] 
[INFO] [stdout] error[E0554]: `#![feature]` may not be used on the beta release channel
[INFO] [stdout]  --> benches/traverse.rs:5:1
[INFO] [stdout]   |
[INFO] [stdout] 5 | #![feature(test)]
[INFO] [stdout]   | ^^^^^^^^^^^^^^^^^
[INFO] [stdout] 
[INFO] [stdout] 
[INFO] [stdout] error: aborting due to previous error
[INFO] [stdout] 
[INFO] [stdout] 
[INFO] [stdout] For more information about this error, try `rustc --explain E0554`.
[INFO] [stdout] 
[INFO] [stderr] error: could not compile `fera-graph`.
[INFO] [stderr] 
[INFO] [stderr] To learn more, run the command again with --verbose.
[INFO] [stderr] warning: build failed, waiting for other jobs to finish...
[INFO] [stdout] error[E0554]: `#![feature]` may not be used on the beta release channel
[INFO] [stdout]  --> benches/some.rs:5:1
[INFO] [stdout]   |
[INFO] [stdout] 5 | #![feature(test)]
[INFO] [stdout]   | ^^^^^^^^^^^^^^^^^
[INFO] [stdout] 
[INFO] [stdout] 
[INFO] [stdout] error: aborting due to previous error
[INFO] [stdout] 
[INFO] [stdout] 
[INFO] [stdout] For more information about this error, try `rustc --explain E0554`.
[INFO] [stdout] 
[INFO] [stdout] error: aborting due to previous error
[INFO] [stdout] 
[INFO] [stdout] 
[INFO] [stdout] For more information about this error, try `rustc --explain E0554`.
[INFO] [stdout] 
[INFO] [stderr] error: build failed
[INFO] running `Command { std: "docker" "inspect" "55f16e1c39065ae1b665c15aae3b49a285a8af8451339f92fc294e0c4403f2d7", kill_on_drop: false }`
[INFO] running `Command { std: "docker" "rm" "-f" "55f16e1c39065ae1b665c15aae3b49a285a8af8451339f92fc294e0c4403f2d7", kill_on_drop: false }`
[INFO] [stdout] 55f16e1c39065ae1b665c15aae3b49a285a8af8451339f92fc294e0c4403f2d7
