[INFO] fetching crate fce 0.1.1...
[INFO] checking fce-0.1.1 against beta-2020-07-24 for pr-75494-beta
[INFO] extracting crate fce 0.1.1 into /workspace/builds/worker-8/source
[INFO] validating manifest of crates.io crate fce 0.1.1 on toolchain beta-2020-07-24
[INFO] running `Command { std: "/workspace/cargo-home/bin/cargo" "+beta-2020-07-24" "read-manifest" "--manifest-path" "Cargo.toml", kill_on_drop: false }`
[INFO] started tweaking crates.io crate fce 0.1.1
[INFO] finished tweaking crates.io crate fce 0.1.1
[INFO] tweaked toml for crates.io crate fce 0.1.1 written to /workspace/builds/worker-8/source/Cargo.toml
[INFO] running `Command { std: "/workspace/cargo-home/bin/cargo" "+beta-2020-07-24" "generate-lockfile" "--manifest-path" "Cargo.toml" "-Zno-index-update", kill_on_drop: false }`
[INFO] running `Command { std: "/workspace/cargo-home/bin/cargo" "+beta-2020-07-24" "fetch" "--locked" "--manifest-path" "Cargo.toml", kill_on_drop: false }`
[INFO] running `Command { std: "docker" "create" "-v" "/var/lib/crater-agent-workspace/builds/worker-8/target:/opt/rustwide/target:rw,Z" "-v" "/var/lib/crater-agent-workspace/builds/worker-8/source:/opt/rustwide/workdir:ro,Z" "-v" "/var/lib/crater-agent-workspace/cargo-home:/opt/rustwide/cargo-home:ro,Z" "-v" "/var/lib/crater-agent-workspace/rustup-home:/opt/rustwide/rustup-home:ro,Z" "-e" "SOURCE_DIR=/opt/rustwide/workdir" "-e" "CARGO_TARGET_DIR=/opt/rustwide/target" "-e" "CARGO_HOME=/opt/rustwide/cargo-home" "-e" "RUSTUP_HOME=/opt/rustwide/rustup-home" "-w" "/opt/rustwide/workdir" "-m" "1610612736" "--user" "0:0" "--network" "none" "rustops/crates-build-env@sha256:a636fd89d022f18117e1dc8fb37a0a009933cdbbe082814857f0e2024962d47c" "/opt/rustwide/cargo-home/bin/cargo" "+beta-2020-07-24" "metadata" "--no-deps" "--format-version=1", kill_on_drop: false }`
[INFO] [stdout] 387b96223b089bcefbba06db02512e04f754a9419c0fce6e88f3257b9845f1cf
[INFO] [stderr] WARNING: Your kernel does not support swap limit capabilities or the cgroup is not mounted. Memory limited without swap.
[INFO] running `Command { std: "docker" "start" "-a" "387b96223b089bcefbba06db02512e04f754a9419c0fce6e88f3257b9845f1cf", kill_on_drop: false }`
[INFO] running `Command { std: "docker" "inspect" "387b96223b089bcefbba06db02512e04f754a9419c0fce6e88f3257b9845f1cf", kill_on_drop: false }`
[INFO] running `Command { std: "docker" "rm" "-f" "387b96223b089bcefbba06db02512e04f754a9419c0fce6e88f3257b9845f1cf", kill_on_drop: false }`
[INFO] [stdout] 387b96223b089bcefbba06db02512e04f754a9419c0fce6e88f3257b9845f1cf
[INFO] running `Command { std: "docker" "create" "-v" "/var/lib/crater-agent-workspace/builds/worker-8/target:/opt/rustwide/target:rw,Z" "-v" "/var/lib/crater-agent-workspace/builds/worker-8/source:/opt/rustwide/workdir:ro,Z" "-v" "/var/lib/crater-agent-workspace/cargo-home:/opt/rustwide/cargo-home:ro,Z" "-v" "/var/lib/crater-agent-workspace/rustup-home:/opt/rustwide/rustup-home:ro,Z" "-e" "SOURCE_DIR=/opt/rustwide/workdir" "-e" "CARGO_TARGET_DIR=/opt/rustwide/target" "-e" "CARGO_INCREMENTAL=0" "-e" "RUST_BACKTRACE=full" "-e" "RUSTFLAGS=--cap-lints=forbid" "-e" "CARGO_HOME=/opt/rustwide/cargo-home" "-e" "RUSTUP_HOME=/opt/rustwide/rustup-home" "-w" "/opt/rustwide/workdir" "-m" "1610612736" "--user" "0:0" "--network" "none" "rustops/crates-build-env@sha256:a636fd89d022f18117e1dc8fb37a0a009933cdbbe082814857f0e2024962d47c" "/opt/rustwide/cargo-home/bin/cargo" "+beta-2020-07-24" "check" "--frozen" "--all" "--all-targets" "--message-format=json", kill_on_drop: false }`
[INFO] [stderr] WARNING: Your kernel does not support swap limit capabilities or the cgroup is not mounted. Memory limited without swap.
[INFO] [stdout] b7c98093833f4c3695f51d15ebcd07755aa48a9fe9965ab5a0cc8d6d74962913
[INFO] running `Command { std: "docker" "start" "-a" "b7c98093833f4c3695f51d15ebcd07755aa48a9fe9965ab5a0cc8d6d74962913", kill_on_drop: false }`
[INFO] [stderr]    Compiling proc-macro2 v1.0.19
[INFO] [stderr]    Compiling unicode-xid v0.2.1
[INFO] [stderr]    Compiling syn v1.0.39
[INFO] [stderr]     Checking cfg-if v0.1.10
[INFO] [stderr]    Compiling cc v1.0.59
[INFO] [stderr]    Compiling bitflags v1.2.1
[INFO] [stderr]     Checking lazy_static v1.4.0
[INFO] [stderr]    Compiling target-lexicon v0.10.0
[INFO] [stderr]     Checking arrayvec v0.5.1
[INFO] [stderr]    Compiling cranelift-codegen-shared v0.59.0
[INFO] [stderr]    Compiling cranelift-entity v0.59.0
[INFO] [stderr]    Compiling constant_time_eq v0.1.5
[INFO] [stderr]    Compiling arrayref v0.3.6
[INFO] [stderr]     Checking subtle v2.2.3
[INFO] [stderr]    Compiling rayon-core v1.7.1
[INFO] [stderr]    Compiling lexical-core v0.7.4
[INFO] [stderr]     Checking wasmparser v0.51.4
[INFO] [stderr]     Checking void v1.0.2
[INFO] [stderr]    Compiling memchr v2.3.3
[INFO] [stderr]     Checking hex v0.4.2
[INFO] [stderr]     Checking static_assertions v1.1.0
[INFO] [stderr]     Checking leb128 v0.2.4
[INFO] [stderr]     Checking either v1.6.0
[INFO] [stderr]     Checking safe-transmute v0.11.0
[INFO] [stderr]     Checking wasmparser v0.55.0
[INFO] [stderr]     Checking id-arena v2.2.1
[INFO] [stderr]     Checking parity-wasm v0.41.0
[INFO] [stderr]    Compiling generic-array v0.14.4
[INFO] [stderr]    Compiling hashbrown v0.8.2
[INFO] [stderr]    Compiling indexmap v1.5.1
[INFO] [stderr]    Compiling nom v5.1.2
[INFO] [stderr]    Compiling rayon v1.3.1
[INFO] [stderr]     Checking cranelift-bforest v0.59.0
[INFO] [stderr]    Compiling cranelift-codegen-meta v0.59.0
[INFO] [stderr]    Compiling typenum v1.12.0
[INFO] [stderr]     Checking wast v8.0.0
[INFO] [stderr]     Checking log v0.4.11
[INFO] [stderr]     Checking crossbeam-utils v0.7.2
[INFO] [stderr]     Checking parking_lot_core v0.7.2
[INFO] [stderr]     Checking page_size v0.4.2
[INFO] [stderr]     Checking errno v0.2.6
[INFO] [stderr]     Checking num_cpus v1.13.0
[INFO] [stderr]     Checking time v0.1.43
[INFO] [stderr]     Checking getrandom v0.1.14
[INFO] [stderr]     Checking memmap v0.7.0
[INFO] [stderr]     Checking digest v0.8.1
[INFO] [stderr]     Checking nix v0.15.0
[INFO] [stderr]     Checking parking_lot v0.10.2
[INFO] [stderr]     Checking crossbeam-epoch v0.8.2
[INFO] [stderr]     Checking crossbeam-queue v0.2.3
[INFO] [stderr]    Compiling quote v1.0.7
[INFO] [stderr]     Checking crossbeam-deque v0.7.3
[INFO] [stderr]     Checking crypto-mac v0.8.0
[INFO] [stderr]     Checking digest v0.9.0
[INFO] [stderr]     Checking pwasm-utils v0.12.0
[INFO] [stderr]    Compiling blake3 v0.3.6
[INFO] [stderr]    Compiling raw-cpuid v7.0.3
[INFO] [stderr]    Compiling wasmer-runtime-core-fl v0.17.0
[INFO] [stderr]    Compiling serde_derive v1.0.115
[INFO] [stderr]    Compiling thiserror-impl v1.0.20
[INFO] [stderr]    Compiling ghost v0.1.2
[INFO] [stderr]    Compiling inventory-impl v0.1.8
[INFO] [stderr]    Compiling ctor v0.1.15
[INFO] [stderr]    Compiling typetag-impl v0.1.5
[INFO] [stderr]    Compiling walrus-macro v0.17.0
[INFO] [stderr]     Checking inventory v0.1.8
[INFO] [stderr]    Compiling cranelift-codegen v0.59.0
[INFO] [stderr]     Checking thiserror v1.0.20
[INFO] [stderr]     Checking walrus v0.17.0
[INFO] [stderr]     Checking serde v1.0.115
[INFO] [stderr]     Checking bincode v1.3.1
[INFO] [stderr]     Checking serde-bench v0.0.7
[INFO] [stderr]     Checking serde_bytes v0.11.5
[INFO] [stderr]     Checking serde_json v1.0.57
[INFO] [stderr]     Checking multimap v0.8.1
[INFO] [stderr]     Checking erased-serde v0.3.12
[INFO] [stderr]     Checking generational-arena v0.2.8
[INFO] [stderr]     Checking gimli v0.20.0
[INFO] [stderr]     Checking typetag v0.1.5
[INFO] [stderr]     Checking wasmer-interface-types-fl v0.17.0
[INFO] [stderr]     Checking fce-wit-interfaces v0.1.0
[INFO] [stderr]     Checking wasmer-wasi-fl v0.17.0
[INFO] [stderr]     Checking fce-wit-parser v0.1.2
[INFO] [stderr]     Checking wasmer-clif-fork-frontend v0.59.0
[INFO] [stderr]     Checking cranelift-native v0.59.0
[INFO] [stderr]     Checking wasmer-clif-fork-wasm v0.59.0
[INFO] [stderr]     Checking wasmer-clif-backend-fl v0.17.0
[INFO] [stderr]     Checking wasmer-runtime-fl v0.17.0
[INFO] [stderr]     Checking fce v0.1.1 (/opt/rustwide/workdir)
[INFO] [stdout] error[E0554]: `#![feature]` may not be used on the beta release channel
[INFO] [stdout]   --> src/lib.rs:17:1
[INFO] [stdout]    |
[INFO] [stdout] 17 | #![feature(get_mut_unchecked)]
[INFO] [stdout]    | ^^^^^^^^^^^^^^^^^^^^^^^^^^^^^^
[INFO] [stdout] 
[INFO] [stdout] 
[INFO] [stdout] error[E0554]: `#![feature]` may not be used on the beta release channel
[INFO] [stdout]   --> src/lib.rs:18:1
[INFO] [stdout]    |
[INFO] [stdout] 18 | #![feature(new_uninit)]
[INFO] [stdout]    | ^^^^^^^^^^^^^^^^^^^^^^^
[INFO] [stdout] 
[INFO] [stdout] 
[INFO] [stdout] error[E0554]: `#![feature]` may not be used on the beta release channel
[INFO] [stdout]   --> src/lib.rs:19:1
[INFO] [stdout]    |
[INFO] [stdout] 19 | #![feature(stmt_expr_attributes)]
[INFO] [stdout]    | ^^^^^^^^^^^^^^^^^^^^^^^^^^^^^^^^^
[INFO] [stdout] 
[INFO] [stdout] 
[INFO] [stdout] error[E0554]: `#![feature]` may not be used on the beta release channel
[INFO] [stdout]   --> src/lib.rs:17:1
[INFO] [stdout]    |
[INFO] [stdout] 17 | #![feature(get_mut_unchecked)]
[INFO] [stdout]    | ^^^^^^^^^^^^^^^^^^^^^^^^^^^^^^
[INFO] [stdout] 
[INFO] [stdout] 
[INFO] [stdout] error[E0554]: `#![feature]` may not be used on the beta release channel
[INFO] [stdout]   --> src/lib.rs:18:1
[INFO] [stdout]    |
[INFO] [stdout] 18 | #![feature(new_uninit)]
[INFO] [stdout]    | ^^^^^^^^^^^^^^^^^^^^^^^
[INFO] [stdout] 
[INFO] [stdout] 
[INFO] [stdout] error[E0554]: `#![feature]` may not be used on the beta release channel
[INFO] [stdout]   --> src/lib.rs:19:1
[INFO] [stdout]    |
[INFO] [stdout] 19 | #![feature(stmt_expr_attributes)]
[INFO] [stdout]    | ^^^^^^^^^^^^^^^^^^^^^^^^^^^^^^^^^
[INFO] [stdout] 
[INFO] [stdout] 
[INFO] [stdout] error: aborting due to 3 previous errors
[INFO] [stdout] 
[INFO] [stdout] 
[INFO] [stdout] For more information about this error, try `rustc --explain E0554`.
[INFO] [stdout] 
[INFO] [stderr] error: could not compile `fce`.
[INFO] [stderr] 
[INFO] [stderr] To learn more, run the command again with --verbose.
[INFO] [stderr] warning: build failed, waiting for other jobs to finish...
[INFO] [stdout] error: aborting due to 3 previous errors
[INFO] [stdout] 
[INFO] [stdout] 
[INFO] [stdout] For more information about this error, try `rustc --explain E0554`.
[INFO] [stdout] 
[INFO] [stderr] error: build failed
[INFO] running `Command { std: "docker" "inspect" "b7c98093833f4c3695f51d15ebcd07755aa48a9fe9965ab5a0cc8d6d74962913", kill_on_drop: false }`
[INFO] running `Command { std: "docker" "rm" "-f" "b7c98093833f4c3695f51d15ebcd07755aa48a9fe9965ab5a0cc8d6d74962913", kill_on_drop: false }`
[INFO] [stdout] b7c98093833f4c3695f51d15ebcd07755aa48a9fe9965ab5a0cc8d6d74962913
