[INFO] fetching crate euphrates_virtual_memory 0.1.0...
[INFO] checking euphrates_virtual_memory-0.1.0 against beta-2020-07-24 for pr-75494-beta
[INFO] extracting crate euphrates_virtual_memory 0.1.0 into /workspace/builds/worker-0/source
[INFO] validating manifest of crates.io crate euphrates_virtual_memory 0.1.0 on toolchain beta-2020-07-24
[INFO] running `Command { std: "/workspace/cargo-home/bin/cargo" "+beta-2020-07-24" "read-manifest" "--manifest-path" "Cargo.toml", kill_on_drop: false }`
[INFO] started tweaking crates.io crate euphrates_virtual_memory 0.1.0
[INFO] finished tweaking crates.io crate euphrates_virtual_memory 0.1.0
[INFO] tweaked toml for crates.io crate euphrates_virtual_memory 0.1.0 written to /workspace/builds/worker-0/source/Cargo.toml
[INFO] running `Command { std: "/workspace/cargo-home/bin/cargo" "+beta-2020-07-24" "generate-lockfile" "--manifest-path" "Cargo.toml" "-Zno-index-update", kill_on_drop: false }`
[INFO] [stderr]     Blocking waiting for file lock on package cache
[INFO] running `Command { std: "/workspace/cargo-home/bin/cargo" "+beta-2020-07-24" "fetch" "--locked" "--manifest-path" "Cargo.toml", kill_on_drop: false }`
[INFO] [stderr]     Blocking waiting for file lock on package cache
[INFO] [stderr]     Blocking waiting for file lock on package cache
[INFO] running `Command { std: "docker" "create" "-v" "/var/lib/crater-agent-workspace/builds/worker-0/target:/opt/rustwide/target:rw,Z" "-v" "/var/lib/crater-agent-workspace/builds/worker-0/source:/opt/rustwide/workdir:ro,Z" "-v" "/var/lib/crater-agent-workspace/cargo-home:/opt/rustwide/cargo-home:ro,Z" "-v" "/var/lib/crater-agent-workspace/rustup-home:/opt/rustwide/rustup-home:ro,Z" "-e" "SOURCE_DIR=/opt/rustwide/workdir" "-e" "CARGO_TARGET_DIR=/opt/rustwide/target" "-e" "CARGO_HOME=/opt/rustwide/cargo-home" "-e" "RUSTUP_HOME=/opt/rustwide/rustup-home" "-w" "/opt/rustwide/workdir" "-m" "1610612736" "--user" "0:0" "--network" "none" "rustops/crates-build-env@sha256:a636fd89d022f18117e1dc8fb37a0a009933cdbbe082814857f0e2024962d47c" "/opt/rustwide/cargo-home/bin/cargo" "+beta-2020-07-24" "metadata" "--no-deps" "--format-version=1", kill_on_drop: false }`
[INFO] [stderr] WARNING: Your kernel does not support swap limit capabilities or the cgroup is not mounted. Memory limited without swap.
[INFO] [stdout] 5e878430050806c407f852c1ba53304ed96284548d7a14f4660ea462de63d9b3
[INFO] running `Command { std: "docker" "start" "-a" "5e878430050806c407f852c1ba53304ed96284548d7a14f4660ea462de63d9b3", kill_on_drop: false }`
[INFO] running `Command { std: "docker" "inspect" "5e878430050806c407f852c1ba53304ed96284548d7a14f4660ea462de63d9b3", kill_on_drop: false }`
[INFO] running `Command { std: "docker" "rm" "-f" "5e878430050806c407f852c1ba53304ed96284548d7a14f4660ea462de63d9b3", kill_on_drop: false }`
[INFO] [stdout] 5e878430050806c407f852c1ba53304ed96284548d7a14f4660ea462de63d9b3
[INFO] running `Command { std: "docker" "create" "-v" "/var/lib/crater-agent-workspace/builds/worker-0/target:/opt/rustwide/target:rw,Z" "-v" "/var/lib/crater-agent-workspace/builds/worker-0/source:/opt/rustwide/workdir:ro,Z" "-v" "/var/lib/crater-agent-workspace/cargo-home:/opt/rustwide/cargo-home:ro,Z" "-v" "/var/lib/crater-agent-workspace/rustup-home:/opt/rustwide/rustup-home:ro,Z" "-e" "SOURCE_DIR=/opt/rustwide/workdir" "-e" "CARGO_TARGET_DIR=/opt/rustwide/target" "-e" "CARGO_INCREMENTAL=0" "-e" "RUST_BACKTRACE=full" "-e" "RUSTFLAGS=--cap-lints=forbid" "-e" "CARGO_HOME=/opt/rustwide/cargo-home" "-e" "RUSTUP_HOME=/opt/rustwide/rustup-home" "-w" "/opt/rustwide/workdir" "-m" "1610612736" "--user" "0:0" "--network" "none" "rustops/crates-build-env@sha256:a636fd89d022f18117e1dc8fb37a0a009933cdbbe082814857f0e2024962d47c" "/opt/rustwide/cargo-home/bin/cargo" "+beta-2020-07-24" "check" "--frozen" "--all" "--all-targets" "--message-format=json", kill_on_drop: false }`
[INFO] [stdout] f4d9ac0a1ef467cc5282c18fba7f0792754d8afd0dbfc70293b79d3dfa3fc332
[INFO] [stderr] WARNING: Your kernel does not support swap limit capabilities or the cgroup is not mounted. Memory limited without swap.
[INFO] running `Command { std: "docker" "start" "-a" "f4d9ac0a1ef467cc5282c18fba7f0792754d8afd0dbfc70293b79d3dfa3fc332", kill_on_drop: false }`
[INFO] [stderr]    Compiling proc-macro2 v1.0.19
[INFO] [stderr]    Compiling unicode-xid v0.2.1
[INFO] [stderr]    Compiling libc v0.2.76
[INFO] [stderr]     Checking gimli v0.22.0
[INFO] [stderr]     Checking adler v0.2.3
[INFO] [stderr]     Checking object v0.20.0
[INFO] [stderr]     Checking cfg-if v0.1.10
[INFO] [stderr]     Checking rustc-demangle v0.1.16
[INFO] [stderr]     Checking rand_core v0.4.2
[INFO] [stderr]     Checking bincode v1.3.1
[INFO] [stderr]     Checking miniz_oxide v0.4.0
[INFO] [stderr]     Checking rand_core v0.3.1
[INFO] [stderr]    Compiling quote v1.0.7
[INFO] [stderr]     Checking time v0.1.43
[INFO] [stderr]     Checking rand v0.5.6
[INFO] [stderr]    Compiling syn v1.0.39
[INFO] [stderr]     Checking chrono v0.4.15
[INFO] [stderr]     Checking addr2line v0.13.0
[INFO] [stderr]     Checking backtrace v0.3.50
[INFO] [stderr]    Compiling synstructure v0.12.4
[INFO] [stderr]    Compiling failure_derive v0.1.8
[INFO] [stderr]    Compiling serde_derive v1.0.115
[INFO] [stderr]     Checking failure v0.1.8
[INFO] [stderr]     Checking euphrates v0.1.0
[INFO] [stderr]     Checking euphrates_virtual_memory v0.1.0 (/opt/rustwide/workdir)
[INFO] [stdout] error[E0308]: mismatched types
[INFO] [stdout]    --> src/external.rs:606:37
[INFO] [stdout]     |
[INFO] [stdout] 606 |             rom: Arc::new(Box::new([rom0, rom1])),
[INFO] [stdout]     |                                     ^^^^ expected `u8`, found array `[u8; 16384]`
[INFO] [stdout] 
[INFO] [stdout] 
[INFO] [stdout] error[E0277]: the size for values of type `[u8]` cannot be known at compilation time
[INFO] [stdout]    --> src/external.rs:606:27
[INFO] [stdout]     |
[INFO] [stdout] 606 |             rom: Arc::new(Box::new([rom0, rom1])),
[INFO] [stdout]     |                           ^^^^^^^^^^^^^^^^^^^^^^ doesn't have a size known at compile-time
[INFO] [stdout]     |
[INFO] [stdout]     = help: the trait `std::marker::Sized` is not implemented for `[u8]`
[INFO] [stdout]     = note: to learn more, visit <https://doc.rust-lang.org/book/ch19-04-advanced-types.html#dynamically-sized-types-and-the-sized-trait>
[INFO] [stdout]     = note: required by `std::boxed::Box::<T>::new`
[INFO] [stdout] 
[INFO] [stdout] 
[INFO] [stdout] error[E0308]: mismatched types
[INFO] [stdout]    --> src/external.rs:608:17
[INFO] [stdout]     |
[INFO] [stdout] 608 |                 ram0,
[INFO] [stdout]     |                 ^^^^ expected `u8`, found array `[u8; 1024]`
[INFO] [stdout] 
[INFO] [stdout] 
[INFO] [stdout] error[E0277]: the size for values of type `[u8]` cannot be known at compilation time
[INFO] [stdout]    --> src/external.rs:607:25
[INFO] [stdout]     |
[INFO] [stdout] 607 |             system_ram: Box::new([
[INFO] [stdout]     |                         ^^^^^^^^ doesn't have a size known at compile-time
[INFO] [stdout]     |
[INFO] [stdout]     = help: the trait `std::marker::Sized` is not implemented for `[u8]`
[INFO] [stdout]     = note: to learn more, visit <https://doc.rust-lang.org/book/ch19-04-advanced-types.html#dynamically-sized-types-and-the-sized-trait>
[INFO] [stdout]     = note: required by `std::boxed::Box::<T>::new`
[INFO] [stdout] 
[INFO] [stdout] 
[INFO] [stdout] error[E0277]: the size for values of type `[u8]` cannot be known at compilation time
[INFO] [stdout]    --> src/external.rs:606:27
[INFO] [stdout]     |
[INFO] [stdout] 606 |             rom: Arc::new(Box::new([rom0, rom1])),
[INFO] [stdout]     |                           ^^^^^^^^ doesn't have a size known at compile-time
[INFO] [stdout]     |
[INFO] [stdout]     = help: the trait `std::marker::Sized` is not implemented for `[u8]`
[INFO] [stdout]     = note: to learn more, visit <https://doc.rust-lang.org/book/ch19-04-advanced-types.html#dynamically-sized-types-and-the-sized-trait>
[INFO] [stdout]     = note: all function arguments must have a statically known size
[INFO] [stdout]     = help: unsized locals are gated as an unstable feature
[INFO] [stdout] 
[INFO] [stdout] 
[INFO] [stdout] error: aborting due to 5 previous errors
[INFO] [stdout] 
[INFO] [stdout] 
[INFO] [stdout] Some errors have detailed explanations: E0277, E0308.
[INFO] [stdout] 
[INFO] [stdout] For more information about an error, try `rustc --explain E0277`.
[INFO] [stdout] 
[INFO] [stderr] error: could not compile `euphrates_virtual_memory`.
[INFO] [stderr] 
[INFO] [stderr] To learn more, run the command again with --verbose.
[INFO] running `Command { std: "docker" "inspect" "f4d9ac0a1ef467cc5282c18fba7f0792754d8afd0dbfc70293b79d3dfa3fc332", kill_on_drop: false }`
[INFO] running `Command { std: "docker" "rm" "-f" "f4d9ac0a1ef467cc5282c18fba7f0792754d8afd0dbfc70293b79d3dfa3fc332", kill_on_drop: false }`
[INFO] [stdout] f4d9ac0a1ef467cc5282c18fba7f0792754d8afd0dbfc70293b79d3dfa3fc332
