[INFO] fetching crate ellipticoin-api 0.0.2...
[INFO] checking ellipticoin-api-0.0.2 against beta-2020-07-24 for pr-75494-beta
[INFO] extracting crate ellipticoin-api 0.0.2 into /workspace/builds/worker-6/source
[INFO] validating manifest of crates.io crate ellipticoin-api 0.0.2 on toolchain beta-2020-07-24
[INFO] running `Command { std: "/workspace/cargo-home/bin/cargo" "+beta-2020-07-24" "read-manifest" "--manifest-path" "Cargo.toml", kill_on_drop: false }`
[INFO] started tweaking crates.io crate ellipticoin-api 0.0.2
[INFO] finished tweaking crates.io crate ellipticoin-api 0.0.2
[INFO] tweaked toml for crates.io crate ellipticoin-api 0.0.2 written to /workspace/builds/worker-6/source/Cargo.toml
[INFO] running `Command { std: "/workspace/cargo-home/bin/cargo" "+beta-2020-07-24" "generate-lockfile" "--manifest-path" "Cargo.toml" "-Zno-index-update", kill_on_drop: false }`
[INFO] [stderr]     Blocking waiting for file lock on package cache
[INFO] running `Command { std: "/workspace/cargo-home/bin/cargo" "+beta-2020-07-24" "fetch" "--locked" "--manifest-path" "Cargo.toml", kill_on_drop: false }`
[INFO] running `Command { std: "docker" "create" "-v" "/var/lib/crater-agent-workspace/builds/worker-6/target:/opt/rustwide/target:rw,Z" "-v" "/var/lib/crater-agent-workspace/builds/worker-6/source:/opt/rustwide/workdir:ro,Z" "-v" "/var/lib/crater-agent-workspace/cargo-home:/opt/rustwide/cargo-home:ro,Z" "-v" "/var/lib/crater-agent-workspace/rustup-home:/opt/rustwide/rustup-home:ro,Z" "-e" "SOURCE_DIR=/opt/rustwide/workdir" "-e" "CARGO_TARGET_DIR=/opt/rustwide/target" "-e" "CARGO_HOME=/opt/rustwide/cargo-home" "-e" "RUSTUP_HOME=/opt/rustwide/rustup-home" "-w" "/opt/rustwide/workdir" "-m" "1610612736" "--user" "0:0" "--network" "none" "rustops/crates-build-env@sha256:a636fd89d022f18117e1dc8fb37a0a009933cdbbe082814857f0e2024962d47c" "/opt/rustwide/cargo-home/bin/cargo" "+beta-2020-07-24" "metadata" "--no-deps" "--format-version=1", kill_on_drop: false }`
[INFO] [stdout] 10da410365f6b34439f91c0034e9a55e01185c68ded7a759afaf7760ca19bd21
[INFO] [stderr] WARNING: Your kernel does not support swap limit capabilities or the cgroup is not mounted. Memory limited without swap.
[INFO] running `Command { std: "docker" "start" "-a" "10da410365f6b34439f91c0034e9a55e01185c68ded7a759afaf7760ca19bd21", kill_on_drop: false }`
[INFO] running `Command { std: "docker" "inspect" "10da410365f6b34439f91c0034e9a55e01185c68ded7a759afaf7760ca19bd21", kill_on_drop: false }`
[INFO] running `Command { std: "docker" "rm" "-f" "10da410365f6b34439f91c0034e9a55e01185c68ded7a759afaf7760ca19bd21", kill_on_drop: false }`
[INFO] [stdout] 10da410365f6b34439f91c0034e9a55e01185c68ded7a759afaf7760ca19bd21
[INFO] running `Command { std: "docker" "create" "-v" "/var/lib/crater-agent-workspace/builds/worker-6/target:/opt/rustwide/target:rw,Z" "-v" "/var/lib/crater-agent-workspace/builds/worker-6/source:/opt/rustwide/workdir:ro,Z" "-v" "/var/lib/crater-agent-workspace/cargo-home:/opt/rustwide/cargo-home:ro,Z" "-v" "/var/lib/crater-agent-workspace/rustup-home:/opt/rustwide/rustup-home:ro,Z" "-e" "SOURCE_DIR=/opt/rustwide/workdir" "-e" "CARGO_TARGET_DIR=/opt/rustwide/target" "-e" "CARGO_INCREMENTAL=0" "-e" "RUST_BACKTRACE=full" "-e" "RUSTFLAGS=--cap-lints=forbid" "-e" "CARGO_HOME=/opt/rustwide/cargo-home" "-e" "RUSTUP_HOME=/opt/rustwide/rustup-home" "-w" "/opt/rustwide/workdir" "-m" "1610612736" "--user" "0:0" "--network" "none" "rustops/crates-build-env@sha256:a636fd89d022f18117e1dc8fb37a0a009933cdbbe082814857f0e2024962d47c" "/opt/rustwide/cargo-home/bin/cargo" "+beta-2020-07-24" "check" "--frozen" "--all" "--all-targets" "--message-format=json", kill_on_drop: false }`
[INFO] [stdout] dc955ca6a7759f1b4ba8ad92a25232a707d880717ff384efbd7be961ce3e9e79
[INFO] [stderr] WARNING: Your kernel does not support swap limit capabilities or the cgroup is not mounted. Memory limited without swap.
[INFO] running `Command { std: "docker" "start" "-a" "dc955ca6a7759f1b4ba8ad92a25232a707d880717ff384efbd7be961ce3e9e79", kill_on_drop: false }`
[INFO] [stderr]    Compiling proc-macro2 v1.0.19
[INFO] [stderr]    Compiling unicode-xid v0.2.1
[INFO] [stderr]    Compiling serde_derive v1.0.115
[INFO] [stderr]     Checking half v1.6.0
[INFO] [stderr]    Compiling quote v1.0.7
[INFO] [stderr]    Compiling syn v1.0.39
[INFO] [stderr]    Compiling wasm-rpc-macros v0.2.16
[INFO] [stderr]     Checking serde v1.0.115
[INFO] [stderr]     Checking serde_bytes v0.11.5
[INFO] [stderr]     Checking serde_cbor v0.11.1
[INFO] [stderr]     Checking wasm-rpc v0.2.16
[INFO] [stderr]     Checking ellipticoin-api v0.0.2 (/opt/rustwide/workdir)
[INFO] [stdout] error[E0432]: unresolved imports `wasm_rpc::Bytes`, `wasm_rpc::Dereferenceable`, `wasm_rpc::FromBytes`, `wasm_rpc::Referenceable`, `wasm_rpc::ToBytes`, `wasm_rpc::Value`
[INFO] [stdout]  --> src/lib.rs:5:20
[INFO] [stdout]   |
[INFO] [stdout] 5 | pub use wasm_rpc::{Bytes, Dereferenceable, FromBytes, Referenceable, ToBytes, Value};
[INFO] [stdout]   |                    ^^^^^  ^^^^^^^^^^^^^^^  ^^^^^^^^^  ^^^^^^^^^^^^^  ^^^^^^^  ^^^^^ no `Value` in the root
[INFO] [stdout]   |                    |      |                |          |              |
[INFO] [stdout]   |                    |      |                |          |              no `ToBytes` in the root
[INFO] [stdout]   |                    |      |                |          no `Referenceable` in the root
[INFO] [stdout]   |                    |      |                no `FromBytes` in the root
[INFO] [stdout]   |                    |      no `Dereferenceable` in the root
[INFO] [stdout]   |                    no `Bytes` in the root
[INFO] [stdout] 
[INFO] [stdout] 
[INFO] [stdout] error[E0425]: cannot find function `from_slice` in crate `wasm_rpc`
[INFO] [stdout]    --> src/lib.rs:122:49
[INFO] [stdout]     |
[INFO] [stdout] 122 |             let return_value: Value = wasm_rpc::from_slice(return_value_bytes).expect("failed to parse return_value");
[INFO] [stdout]     |                                                 ^^^^^^^^^^ not found in `wasm_rpc`
[INFO] [stdout]     |
[INFO] [stdout] help: consider importing this function
[INFO] [stdout]     |
[INFO] [stdout] 5   | use wasm_rpc::serde_cbor::from_slice;
[INFO] [stdout]     |
[INFO] [stdout] 
[INFO] [stdout] 
[INFO] [stdout] error: aborting due to 2 previous errors
[INFO] [stdout] 
[INFO] [stdout] 
[INFO] [stdout] Some errors have detailed explanations: E0425, E0432.
[INFO] [stdout] 
[INFO] [stdout] For more information about an error, try `rustc --explain E0425`.
[INFO] [stdout] 
[INFO] [stdout] error[E0432]: unresolved imports `wasm_rpc::Bytes`, `wasm_rpc::Dereferenceable`, `wasm_rpc::FromBytes`, `wasm_rpc::Referenceable`, `wasm_rpc::ToBytes`, `wasm_rpc::Value`
[INFO] [stdout]  --> src/lib.rs:5:20
[INFO] [stdout]   |
[INFO] [stdout] 5 | pub use wasm_rpc::{Bytes, Dereferenceable, FromBytes, Referenceable, ToBytes, Value};
[INFO] [stdout]   |                    ^^^^^  ^^^^^^^^^^^^^^^  ^^^^^^^^^  ^^^^^^^^^^^^^  ^^^^^^^  ^^^^^ no `Value` in the root
[INFO] [stdout]   |                    |      |                |          |              |
[INFO] [stdout]   |                    |      |                |          |              no `ToBytes` in the root
[INFO] [stdout]   |                    |      |                |          no `Referenceable` in the root
[INFO] [stdout]   |                    |      |                no `FromBytes` in the root
[INFO] [stdout]   |                    |      no `Dereferenceable` in the root
[INFO] [stdout]   |                    no `Bytes` in the root
[INFO] [stdout] 
[INFO] [stdout] 
[INFO] [stderr] error: could not compile `ellipticoin-api`.
[INFO] [stderr] 
[INFO] [stderr] To learn more, run the command again with --verbose.
[INFO] [stderr] warning: build failed, waiting for other jobs to finish...
[INFO] [stdout] error[E0425]: cannot find function `from_slice` in crate `wasm_rpc`
[INFO] [stdout]    --> src/lib.rs:122:49
[INFO] [stdout]     |
[INFO] [stdout] 122 |             let return_value: Value = wasm_rpc::from_slice(return_value_bytes).expect("failed to parse return_value");
[INFO] [stdout]     |                                                 ^^^^^^^^^^ not found in `wasm_rpc`
[INFO] [stdout]     |
[INFO] [stdout] help: consider importing this function
[INFO] [stdout]     |
[INFO] [stdout] 5   | use wasm_rpc::serde_cbor::from_slice;
[INFO] [stdout]     |
[INFO] [stdout] 
[INFO] [stdout] 
[INFO] [stdout] error: aborting due to 2 previous errors
[INFO] [stdout] 
[INFO] [stdout] 
[INFO] [stdout] Some errors have detailed explanations: E0425, E0432.
[INFO] [stdout] 
[INFO] [stdout] For more information about an error, try `rustc --explain E0425`.
[INFO] [stdout] 
[INFO] [stderr] error: build failed
[INFO] running `Command { std: "docker" "inspect" "dc955ca6a7759f1b4ba8ad92a25232a707d880717ff384efbd7be961ce3e9e79", kill_on_drop: false }`
[INFO] running `Command { std: "docker" "rm" "-f" "dc955ca6a7759f1b4ba8ad92a25232a707d880717ff384efbd7be961ce3e9e79", kill_on_drop: false }`
[INFO] [stdout] dc955ca6a7759f1b4ba8ad92a25232a707d880717ff384efbd7be961ce3e9e79
