[INFO] fetching crate bundled-crypto 0.2.0...
[INFO] checking bundled-crypto-0.2.0 against beta-2020-07-24 for pr-75494-beta
[INFO] extracting crate bundled-crypto 0.2.0 into /workspace/builds/worker-7/source
[INFO] validating manifest of crates.io crate bundled-crypto 0.2.0 on toolchain beta-2020-07-24
[INFO] running `Command { std: "/workspace/cargo-home/bin/cargo" "+beta-2020-07-24" "read-manifest" "--manifest-path" "Cargo.toml", kill_on_drop: false }`
[INFO] started tweaking crates.io crate bundled-crypto 0.2.0
[INFO] finished tweaking crates.io crate bundled-crypto 0.2.0
[INFO] tweaked toml for crates.io crate bundled-crypto 0.2.0 written to /workspace/builds/worker-7/source/Cargo.toml
[INFO] running `Command { std: "/workspace/cargo-home/bin/cargo" "+beta-2020-07-24" "generate-lockfile" "--manifest-path" "Cargo.toml" "-Zno-index-update", kill_on_drop: false }`
[INFO] running `Command { std: "/workspace/cargo-home/bin/cargo" "+beta-2020-07-24" "fetch" "--locked" "--manifest-path" "Cargo.toml", kill_on_drop: false }`
[INFO] [stderr]     Blocking waiting for file lock on package cache
[INFO] running `Command { std: "docker" "create" "-v" "/var/lib/crater-agent-workspace/builds/worker-7/target:/opt/rustwide/target:rw,Z" "-v" "/var/lib/crater-agent-workspace/builds/worker-7/source:/opt/rustwide/workdir:ro,Z" "-v" "/var/lib/crater-agent-workspace/cargo-home:/opt/rustwide/cargo-home:ro,Z" "-v" "/var/lib/crater-agent-workspace/rustup-home:/opt/rustwide/rustup-home:ro,Z" "-e" "SOURCE_DIR=/opt/rustwide/workdir" "-e" "CARGO_TARGET_DIR=/opt/rustwide/target" "-e" "CARGO_HOME=/opt/rustwide/cargo-home" "-e" "RUSTUP_HOME=/opt/rustwide/rustup-home" "-w" "/opt/rustwide/workdir" "-m" "1610612736" "--user" "0:0" "--network" "none" "rustops/crates-build-env@sha256:a636fd89d022f18117e1dc8fb37a0a009933cdbbe082814857f0e2024962d47c" "/opt/rustwide/cargo-home/bin/cargo" "+beta-2020-07-24" "metadata" "--no-deps" "--format-version=1", kill_on_drop: false }`
[INFO] [stdout] f44c175a6ebdd500928e647447e614f19d8fff1a3424c8f4f54e01d5e982fbc9
[INFO] [stderr] WARNING: Your kernel does not support swap limit capabilities or the cgroup is not mounted. Memory limited without swap.
[INFO] running `Command { std: "docker" "start" "-a" "f44c175a6ebdd500928e647447e614f19d8fff1a3424c8f4f54e01d5e982fbc9", kill_on_drop: false }`
[INFO] running `Command { std: "docker" "inspect" "f44c175a6ebdd500928e647447e614f19d8fff1a3424c8f4f54e01d5e982fbc9", kill_on_drop: false }`
[INFO] running `Command { std: "docker" "rm" "-f" "f44c175a6ebdd500928e647447e614f19d8fff1a3424c8f4f54e01d5e982fbc9", kill_on_drop: false }`
[INFO] [stdout] f44c175a6ebdd500928e647447e614f19d8fff1a3424c8f4f54e01d5e982fbc9
[INFO] running `Command { std: "docker" "create" "-v" "/var/lib/crater-agent-workspace/builds/worker-7/target:/opt/rustwide/target:rw,Z" "-v" "/var/lib/crater-agent-workspace/builds/worker-7/source:/opt/rustwide/workdir:ro,Z" "-v" "/var/lib/crater-agent-workspace/cargo-home:/opt/rustwide/cargo-home:ro,Z" "-v" "/var/lib/crater-agent-workspace/rustup-home:/opt/rustwide/rustup-home:ro,Z" "-e" "SOURCE_DIR=/opt/rustwide/workdir" "-e" "CARGO_TARGET_DIR=/opt/rustwide/target" "-e" "CARGO_INCREMENTAL=0" "-e" "RUST_BACKTRACE=full" "-e" "RUSTFLAGS=--cap-lints=forbid" "-e" "CARGO_HOME=/opt/rustwide/cargo-home" "-e" "RUSTUP_HOME=/opt/rustwide/rustup-home" "-w" "/opt/rustwide/workdir" "-m" "1610612736" "--user" "0:0" "--network" "none" "rustops/crates-build-env@sha256:a636fd89d022f18117e1dc8fb37a0a009933cdbbe082814857f0e2024962d47c" "/opt/rustwide/cargo-home/bin/cargo" "+beta-2020-07-24" "check" "--frozen" "--all" "--all-targets" "--message-format=json", kill_on_drop: false }`
[INFO] [stdout] f9de8998eed55b87dbdf0e2982fd497a0263d5b86d3668b38422921934b93d90
[INFO] [stderr] WARNING: Your kernel does not support swap limit capabilities or the cgroup is not mounted. Memory limited without swap.
[INFO] running `Command { std: "docker" "start" "-a" "f9de8998eed55b87dbdf0e2982fd497a0263d5b86d3668b38422921934b93d90", kill_on_drop: false }`
[INFO] [stderr]    Compiling proc-macro2 v1.0.19
[INFO] [stderr]    Compiling typenum v1.12.0
[INFO] [stderr]    Compiling serde v1.0.115
[INFO] [stderr]    Compiling arrayvec v0.4.12
[INFO] [stderr]     Checking nodrop v0.1.14
[INFO] [stderr]     Checking opaque-debug v0.2.3
[INFO] [stderr]    Compiling log v0.4.11
[INFO] [stderr]     Checking constant_time_eq v0.1.5
[INFO] [stderr]     Checking itoa v0.4.6
[INFO] [stderr]     Checking scoped_threadpool v0.1.9
[INFO] [stderr]     Checking base64 v0.11.0
[INFO] [stderr]     Checking untrusted v0.7.1
[INFO] [stderr]     Checking hex v0.4.2
[INFO] [stderr]     Checking boolinator v2.4.0
[INFO] [stderr]    Compiling libsodium-sys v0.2.6
[INFO] [stderr]    Compiling ring v0.13.5
[INFO] [stderr]    Compiling getrandom v0.1.14
[INFO] [stderr]    Compiling openssl v0.10.30
[INFO] [stderr]     Checking openssl-sys v0.9.58
[INFO] [stderr]     Checking rand_core v0.5.1
[INFO] [stderr]     Checking rand_chacha v0.2.2
[INFO] [stderr]     Checking blake2-rfc v0.2.18
[INFO] [stderr]     Checking rand v0.7.3
[INFO] [stderr]    Compiling quote v1.0.7
[INFO] [stderr]     Checking argon2rs v0.2.5
[INFO] [stderr]    Compiling syn v1.0.39
[INFO] [stderr]     Checking generic-array v0.12.3
[INFO] [stderr]     Checking block-cipher-trait v0.6.2
[INFO] [stderr]     Checking blowfish v0.4.0
[INFO] [stderr]     Checking bcrypt v0.6.3
[INFO] [stderr]    Compiling serde_derive v1.0.115
[INFO] [stderr]     Checking serde_json v1.0.57
[INFO] [stderr]     Checking sodiumoxide v0.2.6
[INFO] [stderr]     Checking bundled-crypto v0.2.0 (/opt/rustwide/workdir)
[INFO] [stdout] error[E0554]: `#![feature]` may not be used on the beta release channel
[INFO] [stdout]  --> src/lib.rs:1:1
[INFO] [stdout]   |
[INFO] [stdout] 1 | / #![feature(
[INFO] [stdout] 2 | |     proc_macro_hygiene,
[INFO] [stdout] 3 | |     type_ascription,
[INFO] [stdout] 4 | |     decl_macro,
[INFO] [stdout] 5 | |     try_trait,
[INFO] [stdout] 6 | |     associated_type_defaults
[INFO] [stdout] 7 | | )]
[INFO] [stdout]   | |__^
[INFO] [stdout] 
[INFO] [stdout] 
[INFO] [stdout] error[E0658]: the `!` type is experimental
[INFO] [stdout]   --> src/algo/cipher/plaintext.rs:65:18
[INFO] [stdout]    |
[INFO] [stdout] 65 |     type Error = !;
[INFO] [stdout]    |                  ^
[INFO] [stdout]    |
[INFO] [stdout]    = note: see issue #35121 <https://github.com/rust-lang/rust/issues/35121> for more information
[INFO] [stdout] 
[INFO] [stdout] 
[INFO] [stdout] error[E0658]: the `!` type is experimental
[INFO] [stdout]   --> src/algo/cipher/plaintext.rs:73:18
[INFO] [stdout]    |
[INFO] [stdout] 73 |     type Error = !;
[INFO] [stdout]    |                  ^
[INFO] [stdout]    |
[INFO] [stdout]    = note: see issue #35121 <https://github.com/rust-lang/rust/issues/35121> for more information
[INFO] [stdout] 
[INFO] [stdout] 
[INFO] [stdout] error[E0658]: the `!` type is experimental
[INFO] [stdout]   --> src/algo/cipher/plaintext.rs:81:18
[INFO] [stdout]    |
[INFO] [stdout] 81 |     type Error = !;
[INFO] [stdout]    |                  ^
[INFO] [stdout]    |
[INFO] [stdout]    = note: see issue #35121 <https://github.com/rust-lang/rust/issues/35121> for more information
[INFO] [stdout] 
[INFO] [stdout] 
[INFO] [stdout] error[E0658]: the `!` type is experimental
[INFO] [stdout]   --> src/algo/cipher/plaintext.rs:89:18
[INFO] [stdout]    |
[INFO] [stdout] 89 |     type Error = !;
[INFO] [stdout]    |                  ^
[INFO] [stdout]    |
[INFO] [stdout]    = note: see issue #35121 <https://github.com/rust-lang/rust/issues/35121> for more information
[INFO] [stdout] 
[INFO] [stdout] 
[INFO] [stdout] error[E0658]: the `!` type is experimental
[INFO] [stdout]   --> src/algo/mod.rs:30:18
[INFO] [stdout]    |
[INFO] [stdout] 30 |     type Error = !;
[INFO] [stdout]    |                  ^
[INFO] [stdout]    |
[INFO] [stdout]    = note: see issue #35121 <https://github.com/rust-lang/rust/issues/35121> for more information
[INFO] [stdout] 
[INFO] [stdout] 
[INFO] [stdout] error[E0554]: `#![feature]` may not be used on the beta release channel
[INFO] [stdout]  --> src/lib.rs:1:1
[INFO] [stdout]   |
[INFO] [stdout] 1 | / #![feature(
[INFO] [stdout] 2 | |     proc_macro_hygiene,
[INFO] [stdout] 3 | |     type_ascription,
[INFO] [stdout] 4 | |     decl_macro,
[INFO] [stdout] 5 | |     try_trait,
[INFO] [stdout] 6 | |     associated_type_defaults
[INFO] [stdout] 7 | | )]
[INFO] [stdout]   | |__^
[INFO] [stdout] 
[INFO] [stdout] 
[INFO] [stdout] error[E0658]: the `!` type is experimental
[INFO] [stdout]   --> src/algo/cipher/plaintext.rs:65:18
[INFO] [stdout]    |
[INFO] [stdout] 65 |     type Error = !;
[INFO] [stdout]    |                  ^
[INFO] [stdout]    |
[INFO] [stdout]    = note: see issue #35121 <https://github.com/rust-lang/rust/issues/35121> for more information
[INFO] [stdout] 
[INFO] [stdout] 
[INFO] [stdout] error[E0658]: the `!` type is experimental
[INFO] [stdout]   --> src/algo/cipher/plaintext.rs:73:18
[INFO] [stdout]    |
[INFO] [stdout] 73 |     type Error = !;
[INFO] [stdout]    |                  ^
[INFO] [stdout]    |
[INFO] [stdout]    = note: see issue #35121 <https://github.com/rust-lang/rust/issues/35121> for more information
[INFO] [stdout] 
[INFO] [stdout] 
[INFO] [stdout] error[E0658]: the `!` type is experimental
[INFO] [stdout]   --> src/algo/cipher/plaintext.rs:81:18
[INFO] [stdout]    |
[INFO] [stdout] 81 |     type Error = !;
[INFO] [stdout]    |                  ^
[INFO] [stdout]    |
[INFO] [stdout]    = note: see issue #35121 <https://github.com/rust-lang/rust/issues/35121> for more information
[INFO] [stdout] 
[INFO] [stdout] 
[INFO] [stdout] error[E0658]: the `!` type is experimental
[INFO] [stdout]   --> src/algo/cipher/plaintext.rs:89:18
[INFO] [stdout]    |
[INFO] [stdout] 89 |     type Error = !;
[INFO] [stdout]    |                  ^
[INFO] [stdout]    |
[INFO] [stdout]    = note: see issue #35121 <https://github.com/rust-lang/rust/issues/35121> for more information
[INFO] [stdout] 
[INFO] [stdout] 
[INFO] [stdout] error[E0658]: the `!` type is experimental
[INFO] [stdout]   --> src/algo/mod.rs:30:18
[INFO] [stdout]    |
[INFO] [stdout] 30 |     type Error = !;
[INFO] [stdout]    |                  ^
[INFO] [stdout]    |
[INFO] [stdout]    = note: see issue #35121 <https://github.com/rust-lang/rust/issues/35121> for more information
[INFO] [stdout] 
[INFO] [stdout] 
[INFO] [stdout] error: aborting due to 6 previous errors
[INFO] [stdout] 
[INFO] [stdout] 
[INFO] [stderr] error: could not compile `bundled-crypto`.
[INFO] [stdout] Some errors have detailed explanations: E0554, E0658.
[INFO] [stdout] 
[INFO] [stderr] 
[INFO] [stdout] For more information about an error, try `rustc --explain E0554`.
[INFO] [stdout] 
[INFO] [stderr] To learn more, run the command again with --verbose.
[INFO] [stdout] error: aborting due to 6 previous errors
[INFO] [stdout] 
[INFO] [stdout] 
[INFO] [stderr] warning: build failed, waiting for other jobs to finish...
[INFO] [stdout] Some errors have detailed explanations: E0554, E0658.
[INFO] [stdout] 
[INFO] [stderr] error: build failed
[INFO] [stdout] For more information about an error, try `rustc --explain E0554`.
[INFO] [stdout] 
[INFO] running `Command { std: "docker" "inspect" "f9de8998eed55b87dbdf0e2982fd497a0263d5b86d3668b38422921934b93d90", kill_on_drop: false }`
[INFO] running `Command { std: "docker" "rm" "-f" "f9de8998eed55b87dbdf0e2982fd497a0263d5b86d3668b38422921934b93d90", kill_on_drop: false }`
[INFO] [stdout] f9de8998eed55b87dbdf0e2982fd497a0263d5b86d3668b38422921934b93d90
