[INFO] fetching crate breakpoint 0.1.0...
[INFO] checking breakpoint-0.1.0 against beta-2020-07-24 for pr-75494-beta
[INFO] extracting crate breakpoint 0.1.0 into /workspace/builds/worker-5/source
[INFO] validating manifest of crates.io crate breakpoint 0.1.0 on toolchain beta-2020-07-24
[INFO] running `Command { std: "/workspace/cargo-home/bin/cargo" "+beta-2020-07-24" "read-manifest" "--manifest-path" "Cargo.toml", kill_on_drop: false }`
[INFO] started tweaking crates.io crate breakpoint 0.1.0
[INFO] finished tweaking crates.io crate breakpoint 0.1.0
[INFO] tweaked toml for crates.io crate breakpoint 0.1.0 written to /workspace/builds/worker-5/source/Cargo.toml
[INFO] running `Command { std: "/workspace/cargo-home/bin/cargo" "+beta-2020-07-24" "generate-lockfile" "--manifest-path" "Cargo.toml" "-Zno-index-update", kill_on_drop: false }`
[INFO] running `Command { std: "/workspace/cargo-home/bin/cargo" "+beta-2020-07-24" "fetch" "--locked" "--manifest-path" "Cargo.toml", kill_on_drop: false }`
[INFO] [stderr] warning: unused manifest key: package.tags
[INFO] running `Command { std: "docker" "create" "-v" "/var/lib/crater-agent-workspace/builds/worker-5/target:/opt/rustwide/target:rw,Z" "-v" "/var/lib/crater-agent-workspace/builds/worker-5/source:/opt/rustwide/workdir:ro,Z" "-v" "/var/lib/crater-agent-workspace/cargo-home:/opt/rustwide/cargo-home:ro,Z" "-v" "/var/lib/crater-agent-workspace/rustup-home:/opt/rustwide/rustup-home:ro,Z" "-e" "SOURCE_DIR=/opt/rustwide/workdir" "-e" "CARGO_TARGET_DIR=/opt/rustwide/target" "-e" "CARGO_HOME=/opt/rustwide/cargo-home" "-e" "RUSTUP_HOME=/opt/rustwide/rustup-home" "-w" "/opt/rustwide/workdir" "-m" "1610612736" "--user" "0:0" "--network" "none" "rustops/crates-build-env@sha256:a636fd89d022f18117e1dc8fb37a0a009933cdbbe082814857f0e2024962d47c" "/opt/rustwide/cargo-home/bin/cargo" "+beta-2020-07-24" "metadata" "--no-deps" "--format-version=1", kill_on_drop: false }`
[INFO] [stdout] 5e789f3627e3fb6f065ceaea95f76c00395f5a4d722e57ad300659eb2c0b4573
[INFO] [stderr] WARNING: Your kernel does not support swap limit capabilities or the cgroup is not mounted. Memory limited without swap.
[INFO] running `Command { std: "docker" "start" "-a" "5e789f3627e3fb6f065ceaea95f76c00395f5a4d722e57ad300659eb2c0b4573", kill_on_drop: false }`
[INFO] running `Command { std: "docker" "inspect" "5e789f3627e3fb6f065ceaea95f76c00395f5a4d722e57ad300659eb2c0b4573", kill_on_drop: false }`
[INFO] running `Command { std: "docker" "rm" "-f" "5e789f3627e3fb6f065ceaea95f76c00395f5a4d722e57ad300659eb2c0b4573", kill_on_drop: false }`
[INFO] [stdout] 5e789f3627e3fb6f065ceaea95f76c00395f5a4d722e57ad300659eb2c0b4573
[INFO] running `Command { std: "docker" "create" "-v" "/var/lib/crater-agent-workspace/builds/worker-5/target:/opt/rustwide/target:rw,Z" "-v" "/var/lib/crater-agent-workspace/builds/worker-5/source:/opt/rustwide/workdir:ro,Z" "-v" "/var/lib/crater-agent-workspace/cargo-home:/opt/rustwide/cargo-home:ro,Z" "-v" "/var/lib/crater-agent-workspace/rustup-home:/opt/rustwide/rustup-home:ro,Z" "-e" "SOURCE_DIR=/opt/rustwide/workdir" "-e" "CARGO_TARGET_DIR=/opt/rustwide/target" "-e" "CARGO_INCREMENTAL=0" "-e" "RUST_BACKTRACE=full" "-e" "RUSTFLAGS=--cap-lints=forbid" "-e" "CARGO_HOME=/opt/rustwide/cargo-home" "-e" "RUSTUP_HOME=/opt/rustwide/rustup-home" "-w" "/opt/rustwide/workdir" "-m" "1610612736" "--user" "0:0" "--network" "none" "rustops/crates-build-env@sha256:a636fd89d022f18117e1dc8fb37a0a009933cdbbe082814857f0e2024962d47c" "/opt/rustwide/cargo-home/bin/cargo" "+beta-2020-07-24" "check" "--frozen" "--all" "--all-targets" "--message-format=json", kill_on_drop: false }`
[INFO] [stdout] 500f8f11926b7d0359c59675124f51c23138b9ae61d2e77071ade71b016dd9e3
[INFO] [stderr] WARNING: Your kernel does not support swap limit capabilities or the cgroup is not mounted. Memory limited without swap.
[INFO] running `Command { std: "docker" "start" "-a" "500f8f11926b7d0359c59675124f51c23138b9ae61d2e77071ade71b016dd9e3", kill_on_drop: false }`
[INFO] [stderr] warning: unused manifest key: package.tags
[INFO] [stderr]     Checking breakpoint v0.1.0 (/opt/rustwide/workdir)
[INFO] [stdout] error: the legacy LLVM-style asm! syntax is no longer supported
[INFO] [stdout]    --> src/lib.rs:106:13
[INFO] [stdout]     |
[INFO] [stdout] 106 |             asm!("int3"::);
[INFO] [stdout]     |             ----^^^^^^^^^^^
[INFO] [stdout]     |             |
[INFO] [stdout]     |             help: replace with: `llvm_asm!`
[INFO] [stdout] ...
[INFO] [stdout] 157 |         breakpoint!();
[INFO] [stdout]     |         -------------- in this macro invocation
[INFO] [stdout]     |
[INFO] [stdout]     = note: consider migrating to the new asm! syntax specified in RFC 2873
[INFO] [stdout]     = note: alternatively, switch to llvm_asm! to keep your code working as it is
[INFO] [stdout]     = note: this error originates in a macro (in Nightly builds, run with -Z macro-backtrace for more info)
[INFO] [stdout] 
[INFO] [stdout] 
[INFO] [stdout] error: the legacy LLVM-style asm! syntax is no longer supported
[INFO] [stdout]    --> src/lib.rs:106:13
[INFO] [stdout]     |
[INFO] [stdout] 106 |             asm!("int3"::);
[INFO] [stdout]     |             ----^^^^^^^^^^^
[INFO] [stdout]     |             |
[INFO] [stdout]     |             help: replace with: `llvm_asm!`
[INFO] [stdout] ...
[INFO] [stdout] 167 |         breakpoint!(x == 1);
[INFO] [stdout]     |         -------------------- in this macro invocation
[INFO] [stdout]     |
[INFO] [stdout]     = note: consider migrating to the new asm! syntax specified in RFC 2873
[INFO] [stdout]     = note: alternatively, switch to llvm_asm! to keep your code working as it is
[INFO] [stdout]     = note: this error originates in a macro (in Nightly builds, run with -Z macro-backtrace for more info)
[INFO] [stdout] 
[INFO] [stdout] 
[INFO] [stdout] error: the legacy LLVM-style asm! syntax is no longer supported
[INFO] [stdout]    --> src/lib.rs:106:13
[INFO] [stdout]     |
[INFO] [stdout] 106 |             asm!("int3"::);
[INFO] [stdout]     |             ----^^^^^^^^^^^
[INFO] [stdout]     |             |
[INFO] [stdout]     |             help: replace with: `llvm_asm!`
[INFO] [stdout] ...
[INFO] [stdout] 170 |         breakpoint!(x == 0);
[INFO] [stdout]     |         -------------------- in this macro invocation
[INFO] [stdout]     |
[INFO] [stdout]     = note: consider migrating to the new asm! syntax specified in RFC 2873
[INFO] [stdout]     = note: alternatively, switch to llvm_asm! to keep your code working as it is
[INFO] [stdout]     = note: this error originates in a macro (in Nightly builds, run with -Z macro-backtrace for more info)
[INFO] [stdout] 
[INFO] [stdout] 
[INFO] [stdout] error[E0554]: `#![feature]` may not be used on the beta release channel
[INFO] [stdout]   --> src/lib.rs:96:1
[INFO] [stdout]    |
[INFO] [stdout] 96 | #![feature(asm)]
[INFO] [stdout]    | ^^^^^^^^^^^^^^^^
[INFO] [stdout] 
[INFO] [stdout] 
[INFO] [stdout] error[E0517]: attribute should be applied to struct, enum, or union
[INFO] [stdout]    --> src/lib.rs:129:12
[INFO] [stdout]     |
[INFO] [stdout] 129 |     #[repr(C)]
[INFO] [stdout]     |            ^
[INFO] [stdout] 130 |     type sig_t = extern "C" fn(i32);
[INFO] [stdout]     |     -------------------------------- not a struct, enum, or union
[INFO] [stdout] 
[INFO] [stdout] 
[INFO] [stdout] error: aborting due to 5 previous errors
[INFO] [stdout] 
[INFO] [stdout] 
[INFO] [stdout] Some errors have detailed explanations: E0517, E0554.
[INFO] [stdout] 
[INFO] [stdout] For more information about an error, try `rustc --explain E0517`.
[INFO] [stdout] 
[INFO] [stderr] error: could not compile `breakpoint`.
[INFO] [stdout] error[E0554]: `#![feature]` may not be used on the beta release channel
[INFO] [stdout]   --> src/lib.rs:96:1
[INFO] [stdout]    |
[INFO] [stdout] 96 | #![feature(asm)]
[INFO] [stdout]    | ^^^^^^^^^^^^^^^^
[INFO] [stdout] 
[INFO] [stdout] 
[INFO] [stderr] 
[INFO] [stdout] error[E0517]: attribute should be applied to struct, enum, or union
[INFO] [stdout]    --> src/lib.rs:129:12
[INFO] [stdout]     |
[INFO] [stdout] 129 |     #[repr(C)]
[INFO] [stdout]     |            ^
[INFO] [stdout] 130 |     type sig_t = extern "C" fn(i32);
[INFO] [stdout]     |     -------------------------------- not a struct, enum, or union
[INFO] [stdout] 
[INFO] [stdout] 
[INFO] [stderr] To learn more, run the command again with --verbose.
[INFO] [stderr] warning: build failed, waiting for other jobs to finish...
[INFO] [stdout] error: aborting due to 2 previous errors
[INFO] [stdout] 
[INFO] [stdout] 
[INFO] [stdout] Some errors have detailed explanations: E0517, E0554.
[INFO] [stdout] 
[INFO] [stdout] For more information about an error, try `rustc --explain E0517`.
[INFO] [stdout] 
[INFO] [stderr] error: build failed
[INFO] running `Command { std: "docker" "inspect" "500f8f11926b7d0359c59675124f51c23138b9ae61d2e77071ade71b016dd9e3", kill_on_drop: false }`
[INFO] running `Command { std: "docker" "rm" "-f" "500f8f11926b7d0359c59675124f51c23138b9ae61d2e77071ade71b016dd9e3", kill_on_drop: false }`
[INFO] [stdout] 500f8f11926b7d0359c59675124f51c23138b9ae61d2e77071ade71b016dd9e3
