[INFO] fetching crate azimuth 0.0.1...
[INFO] checking azimuth-0.0.1 against beta-2020-07-24 for pr-75494-beta
[INFO] extracting crate azimuth 0.0.1 into /workspace/builds/worker-11/source
[INFO] validating manifest of crates.io crate azimuth 0.0.1 on toolchain beta-2020-07-24
[INFO] running `Command { std: "/workspace/cargo-home/bin/cargo" "+beta-2020-07-24" "read-manifest" "--manifest-path" "Cargo.toml", kill_on_drop: false }`
[INFO] started tweaking crates.io crate azimuth 0.0.1
[INFO] finished tweaking crates.io crate azimuth 0.0.1
[INFO] tweaked toml for crates.io crate azimuth 0.0.1 written to /workspace/builds/worker-11/source/Cargo.toml
[INFO] running `Command { std: "/workspace/cargo-home/bin/cargo" "+beta-2020-07-24" "generate-lockfile" "--manifest-path" "Cargo.toml" "-Zno-index-update", kill_on_drop: false }`
[INFO] running `Command { std: "/workspace/cargo-home/bin/cargo" "+beta-2020-07-24" "fetch" "--locked" "--manifest-path" "Cargo.toml", kill_on_drop: false }`
[INFO] running `Command { std: "docker" "create" "-v" "/var/lib/crater-agent-workspace/builds/worker-11/target:/opt/rustwide/target:rw,Z" "-v" "/var/lib/crater-agent-workspace/builds/worker-11/source:/opt/rustwide/workdir:ro,Z" "-v" "/var/lib/crater-agent-workspace/cargo-home:/opt/rustwide/cargo-home:ro,Z" "-v" "/var/lib/crater-agent-workspace/rustup-home:/opt/rustwide/rustup-home:ro,Z" "-e" "SOURCE_DIR=/opt/rustwide/workdir" "-e" "CARGO_TARGET_DIR=/opt/rustwide/target" "-e" "CARGO_HOME=/opt/rustwide/cargo-home" "-e" "RUSTUP_HOME=/opt/rustwide/rustup-home" "-w" "/opt/rustwide/workdir" "-m" "1610612736" "--user" "0:0" "--network" "none" "rustops/crates-build-env@sha256:a636fd89d022f18117e1dc8fb37a0a009933cdbbe082814857f0e2024962d47c" "/opt/rustwide/cargo-home/bin/cargo" "+beta-2020-07-24" "metadata" "--no-deps" "--format-version=1", kill_on_drop: false }`
[INFO] [stdout] de48e8b22e004c71ef6c6670cb058cb02efc271abb3d2bff2fdbef83b0fd21b8
[INFO] [stderr] WARNING: Your kernel does not support swap limit capabilities or the cgroup is not mounted. Memory limited without swap.
[INFO] running `Command { std: "docker" "start" "-a" "de48e8b22e004c71ef6c6670cb058cb02efc271abb3d2bff2fdbef83b0fd21b8", kill_on_drop: false }`
[INFO] running `Command { std: "docker" "inspect" "de48e8b22e004c71ef6c6670cb058cb02efc271abb3d2bff2fdbef83b0fd21b8", kill_on_drop: false }`
[INFO] running `Command { std: "docker" "rm" "-f" "de48e8b22e004c71ef6c6670cb058cb02efc271abb3d2bff2fdbef83b0fd21b8", kill_on_drop: false }`
[INFO] [stdout] de48e8b22e004c71ef6c6670cb058cb02efc271abb3d2bff2fdbef83b0fd21b8
[INFO] running `Command { std: "docker" "create" "-v" "/var/lib/crater-agent-workspace/builds/worker-11/target:/opt/rustwide/target:rw,Z" "-v" "/var/lib/crater-agent-workspace/builds/worker-11/source:/opt/rustwide/workdir:ro,Z" "-v" "/var/lib/crater-agent-workspace/cargo-home:/opt/rustwide/cargo-home:ro,Z" "-v" "/var/lib/crater-agent-workspace/rustup-home:/opt/rustwide/rustup-home:ro,Z" "-e" "SOURCE_DIR=/opt/rustwide/workdir" "-e" "CARGO_TARGET_DIR=/opt/rustwide/target" "-e" "CARGO_INCREMENTAL=0" "-e" "RUST_BACKTRACE=full" "-e" "RUSTFLAGS=--cap-lints=forbid" "-e" "CARGO_HOME=/opt/rustwide/cargo-home" "-e" "RUSTUP_HOME=/opt/rustwide/rustup-home" "-w" "/opt/rustwide/workdir" "-m" "1610612736" "--user" "0:0" "--network" "none" "rustops/crates-build-env@sha256:a636fd89d022f18117e1dc8fb37a0a009933cdbbe082814857f0e2024962d47c" "/opt/rustwide/cargo-home/bin/cargo" "+beta-2020-07-24" "check" "--frozen" "--all" "--all-targets" "--message-format=json", kill_on_drop: false }`
[INFO] [stdout] f83d8f8b5f936cb4008db1705c1d687fd1bdfe8e77bacfbb09095bfa16215fbc
[INFO] [stderr] WARNING: Your kernel does not support swap limit capabilities or the cgroup is not mounted. Memory limited without swap.
[INFO] running `Command { std: "docker" "start" "-a" "f83d8f8b5f936cb4008db1705c1d687fd1bdfe8e77bacfbb09095bfa16215fbc", kill_on_drop: false }`
[INFO] [stderr]    Compiling autocfg v1.0.1
[INFO] [stderr]    Compiling proc-macro2 v1.0.19
[INFO] [stderr]    Compiling unicode-xid v0.2.1
[INFO] [stderr]    Compiling syn v1.0.39
[INFO] [stderr]    Compiling memchr v2.3.3
[INFO] [stderr]    Compiling serde_derive v1.0.115
[INFO] [stderr]    Compiling byteorder v1.3.4
[INFO] [stderr]     Checking lazy_static v1.4.0
[INFO] [stderr]     Checking regex-syntax v0.6.18
[INFO] [stderr]    Compiling derive_more v0.14.1
[INFO] [stderr]     Checking thread_local v1.0.1
[INFO] [stderr]    Compiling num-traits v0.2.12
[INFO] [stderr]    Compiling num-integer v0.1.43
[INFO] [stderr]    Compiling num-bigint v0.2.6
[INFO] [stderr]     Checking aho-corasick v0.7.13
[INFO] [stderr]    Compiling quote v1.0.7
[INFO] [stderr]     Checking regex v1.3.9
[INFO] [stderr]     Checking serde v1.0.115
[INFO] [stderr]     Checking azimuth v0.0.1 (/opt/rustwide/workdir)
[INFO] [stdout] error[E0407]: method `replace_one` is not a member of trait `Step`
[INFO] [stdout]   --> src/point.rs:96:5
[INFO] [stdout]    |
[INFO] [stdout] 96 | /     fn replace_one(&mut self) -> Self {
[INFO] [stdout] 97 | |         replace(self, Point(1))
[INFO] [stdout] 98 | |     }
[INFO] [stdout]    | |_____^ not a member of trait `Step`
[INFO] [stdout] 
[INFO] [stdout] 
[INFO] [stdout] error[E0407]: method `replace_zero` is not a member of trait `Step`
[INFO] [stdout]    --> src/point.rs:100:5
[INFO] [stdout]     |
[INFO] [stdout] 100 | /     fn replace_zero(&mut self) -> Self {
[INFO] [stdout] 101 | |         replace(self, Point(0))
[INFO] [stdout] 102 | |     }
[INFO] [stdout]     | |_____^ not a member of trait `Step`
[INFO] [stdout] 
[INFO] [stdout] 
[INFO] [stdout] error[E0407]: method `add_one` is not a member of trait `Step`
[INFO] [stdout]    --> src/point.rs:104:5
[INFO] [stdout]     |
[INFO] [stdout] 104 | /     fn add_one(&self) -> Self {
[INFO] [stdout] 105 | |         Point(self.0 + 1)
[INFO] [stdout] 106 | |     }
[INFO] [stdout]     | |_____^ not a member of trait `Step`
[INFO] [stdout] 
[INFO] [stdout] 
[INFO] [stdout] error[E0407]: method `sub_one` is not a member of trait `Step`
[INFO] [stdout]    --> src/point.rs:108:5
[INFO] [stdout]     |
[INFO] [stdout] 108 | /     fn sub_one(&self) -> Self {
[INFO] [stdout] 109 | |         Point(self.0 - 1)
[INFO] [stdout] 110 | |     }
[INFO] [stdout]     | |_____^ not a member of trait `Step`
[INFO] [stdout] 
[INFO] [stdout] 
[INFO] [stdout] error[E0407]: method `add_usize` is not a member of trait `Step`
[INFO] [stdout]    --> src/point.rs:118:5
[INFO] [stdout]     |
[INFO] [stdout] 118 | /     fn add_usize(&self, n: usize) -> Option<Self> {
[INFO] [stdout] 119 | |         u32::try_from(n)
[INFO] [stdout] 120 | |             .ok()
[INFO] [stdout] 121 | |             .and_then(|n_as_u32| self.0.checked_add(n_as_u32).map(Point))
[INFO] [stdout] 122 | |     }
[INFO] [stdout]     | |_____^ not a member of trait `Step`
[INFO] [stdout] 
[INFO] [stdout] 
[INFO] [stdout] error[E0554]: `#![feature]` may not be used on the beta release channel
[INFO] [stdout]  --> src/lib.rs:2:1
[INFO] [stdout]   |
[INFO] [stdout] 2 | #![feature(never_type, try_from, const_fn, step_trait)]
[INFO] [stdout]   | ^^^^^^^^^^^^^^^^^^^^^^^^^^^^^^^^^^^^^^^^^^^^^^^^^^^^^^^
[INFO] [stdout] 
[INFO] [stdout] 
[INFO] [stdout] error[E0407]: method `replace_one` is not a member of trait `Step`
[INFO] [stdout]   --> src/point.rs:96:5
[INFO] [stdout]    |
[INFO] [stdout] 96 | /     fn replace_one(&mut self) -> Self {
[INFO] [stdout] 97 | |         replace(self, Point(1))
[INFO] [stdout] 98 | |     }
[INFO] [stdout]    | |_____^ not a member of trait `Step`
[INFO] [stdout] 
[INFO] [stdout] 
[INFO] [stdout] error[E0407]: method `replace_zero` is not a member of trait `Step`
[INFO] [stdout]    --> src/point.rs:100:5
[INFO] [stdout]     |
[INFO] [stdout] 100 | /     fn replace_zero(&mut self) -> Self {
[INFO] [stdout] 101 | |         replace(self, Point(0))
[INFO] [stdout] 102 | |     }
[INFO] [stdout]     | |_____^ not a member of trait `Step`
[INFO] [stdout] 
[INFO] [stdout] 
[INFO] [stdout] error[E0407]: method `add_one` is not a member of trait `Step`
[INFO] [stdout]    --> src/point.rs:104:5
[INFO] [stdout]     |
[INFO] [stdout] 104 | /     fn add_one(&self) -> Self {
[INFO] [stdout] 105 | |         Point(self.0 + 1)
[INFO] [stdout] 106 | |     }
[INFO] [stdout]     | |_____^ not a member of trait `Step`
[INFO] [stdout] 
[INFO] [stdout] 
[INFO] [stdout] error[E0407]: method `sub_one` is not a member of trait `Step`
[INFO] [stdout]    --> src/point.rs:108:5
[INFO] [stdout]     |
[INFO] [stdout] 108 | /     fn sub_one(&self) -> Self {
[INFO] [stdout] 109 | |         Point(self.0 - 1)
[INFO] [stdout] 110 | |     }
[INFO] [stdout]     | |_____^ not a member of trait `Step`
[INFO] [stdout] 
[INFO] [stdout] 
[INFO] [stdout] error[E0407]: method `add_usize` is not a member of trait `Step`
[INFO] [stdout]    --> src/point.rs:118:5
[INFO] [stdout]     |
[INFO] [stdout] 118 | /     fn add_usize(&self, n: usize) -> Option<Self> {
[INFO] [stdout] 119 | |         u32::try_from(n)
[INFO] [stdout] 120 | |             .ok()
[INFO] [stdout] 121 | |             .and_then(|n_as_u32| self.0.checked_add(n_as_u32).map(Point))
[INFO] [stdout] 122 | |     }
[INFO] [stdout]     | |_____^ not a member of trait `Step`
[INFO] [stdout] 
[INFO] [stdout] 
[INFO] [stdout] error[E0554]: `#![feature]` may not be used on the beta release channel
[INFO] [stdout]  --> src/lib.rs:2:1
[INFO] [stdout]   |
[INFO] [stdout] 2 | #![feature(never_type, try_from, const_fn, step_trait)]
[INFO] [stdout]   | ^^^^^^^^^^^^^^^^^^^^^^^^^^^^^^^^^^^^^^^^^^^^^^^^^^^^^^^
[INFO] [stdout] 
[INFO] [stdout] 
[INFO] [stdout] warning: unused imports: `BigEndian`, `ReadBytesExt`, `WriteBytesExt`
[INFO] [stdout]  --> src/point.rs:2:5
[INFO] [stdout]   |
[INFO] [stdout] 2 |     BigEndian,
[INFO] [stdout]   |     ^^^^^^^^^
[INFO] [stdout] 3 |     ReadBytesExt,
[INFO] [stdout]   |     ^^^^^^^^^^^^
[INFO] [stdout] 4 |     WriteBytesExt,
[INFO] [stdout]   |     ^^^^^^^^^^^^^
[INFO] [stdout]   |
[INFO] [stdout]   = note: `#[warn(unused_imports)]` on by default
[INFO] [stdout] 
[INFO] [stdout] 
[INFO] [stdout] warning: unused import: `lazy_static::lazy_static`
[INFO] [stdout]   --> src/point.rs:12:5
[INFO] [stdout]    |
[INFO] [stdout] 12 | use lazy_static::lazy_static;
[INFO] [stdout]    |     ^^^^^^^^^^^^^^^^^^^^^^^^
[INFO] [stdout] 
[INFO] [stdout] 
[INFO] [stdout] warning: unused import: `regex::Regex`
[INFO] [stdout]   --> src/point.rs:13:5
[INFO] [stdout]    |
[INFO] [stdout] 13 | use regex::Regex;
[INFO] [stdout]    |     ^^^^^^^^^^^^
[INFO] [stdout] 
[INFO] [stdout] 
[INFO] [stdout] warning: unused imports: `collections::HashMap`, `error::Error`, `io::Cursor`
[INFO] [stdout]   --> src/point.rs:19:5
[INFO] [stdout]    |
[INFO] [stdout] 19 |     collections::HashMap,
[INFO] [stdout]    |     ^^^^^^^^^^^^^^^^^^^^
[INFO] [stdout] 20 |     convert::TryFrom,
[INFO] [stdout] 21 |     error::Error,
[INFO] [stdout]    |     ^^^^^^^^^^^^
[INFO] [stdout] 22 |     io::Cursor,
[INFO] [stdout]    |     ^^^^^^^^^^
[INFO] [stdout] 
[INFO] [stdout] 
[INFO] [stdout] warning: unused imports: `Constructor`, `Display`, `From`, `Into`
[INFO] [stdout]  --> src/point_state.rs:3:5
[INFO] [stdout]   |
[INFO] [stdout] 3 |     Constructor,
[INFO] [stdout]   |     ^^^^^^^^^^^
[INFO] [stdout] 4 |     Display,
[INFO] [stdout]   |     ^^^^^^^
[INFO] [stdout] 5 |     From,
[INFO] [stdout]   |     ^^^^
[INFO] [stdout] 6 |     Into,
[INFO] [stdout]   |     ^^^^
[INFO] [stdout] 
[INFO] [stdout] 
[INFO] [stdout] warning: unused imports: `BigEndian`, `ReadBytesExt`, `WriteBytesExt`
[INFO] [stdout]  --> src/point.rs:2:5
[INFO] [stdout]   |
[INFO] [stdout] 2 |     BigEndian,
[INFO] [stdout]   |     ^^^^^^^^^
[INFO] [stdout] 3 |     ReadBytesExt,
[INFO] [stdout]   |     ^^^^^^^^^^^^
[INFO] [stdout] 4 |     WriteBytesExt,
[INFO] [stdout]   |     ^^^^^^^^^^^^^
[INFO] [stdout]   |
[INFO] [stdout]   = note: `#[warn(unused_imports)]` on by default
[INFO] [stdout] 
[INFO] [stdout] 
[INFO] [stdout] warning: unused import: `lazy_static::lazy_static`
[INFO] [stdout]   --> src/point.rs:12:5
[INFO] [stdout]    |
[INFO] [stdout] 12 | use lazy_static::lazy_static;
[INFO] [stdout]    |     ^^^^^^^^^^^^^^^^^^^^^^^^
[INFO] [stdout] 
[INFO] [stdout] 
[INFO] [stdout] warning: unused import: `regex::Regex`
[INFO] [stdout]   --> src/point.rs:13:5
[INFO] [stdout]    |
[INFO] [stdout] 13 | use regex::Regex;
[INFO] [stdout]    |     ^^^^^^^^^^^^
[INFO] [stdout] 
[INFO] [stdout] 
[INFO] [stdout] warning: unused imports: `collections::HashMap`, `error::Error`, `io::Cursor`
[INFO] [stdout]   --> src/point.rs:19:5
[INFO] [stdout]    |
[INFO] [stdout] 19 |     collections::HashMap,
[INFO] [stdout]    |     ^^^^^^^^^^^^^^^^^^^^
[INFO] [stdout] 20 |     convert::TryFrom,
[INFO] [stdout] 21 |     error::Error,
[INFO] [stdout]    |     ^^^^^^^^^^^^
[INFO] [stdout] 22 |     io::Cursor,
[INFO] [stdout]    |     ^^^^^^^^^^
[INFO] [stdout] 
[INFO] [stdout] 
[INFO] [stdout] warning: unused imports: `Constructor`, `Display`, `From`, `Into`
[INFO] [stdout]  --> src/point_state.rs:3:5
[INFO] [stdout]   |
[INFO] [stdout] 3 |     Constructor,
[INFO] [stdout]   |     ^^^^^^^^^^^
[INFO] [stdout] 4 |     Display,
[INFO] [stdout]   |     ^^^^^^^
[INFO] [stdout] 5 |     From,
[INFO] [stdout]   |     ^^^^
[INFO] [stdout] 6 |     Into,
[INFO] [stdout]   |     ^^^^
[INFO] [stdout] 
[INFO] [stdout] 
[INFO] [stdout] error[E0200]: the trait `std::iter::Step` requires an `unsafe impl` declaration
[INFO] [stdout]    --> src/point.rs:95:1
[INFO] [stdout]     |
[INFO] [stdout] 95  | / impl Step for Point {
[INFO] [stdout] 96  | |     fn replace_one(&mut self) -> Self {
[INFO] [stdout] 97  | |         replace(self, Point(1))
[INFO] [stdout] 98  | |     }
[INFO] [stdout] ...   |
[INFO] [stdout] 122 | |     }
[INFO] [stdout] 123 | | }
[INFO] [stdout]     | |_^
[INFO] [stdout] 
[INFO] [stdout] 
[INFO] [stderr] error: could not compile `azimuth`.
[INFO] [stdout] error: aborting due to 7 previous errors; 5 warnings emitted
[INFO] [stdout] 
[INFO] [stdout] 
[INFO] [stderr] 
[INFO] [stdout] Some errors have detailed explanations: E0200, E0407, E0554.
[INFO] [stdout] 
[INFO] [stderr] To learn more, run the command again with --verbose.
[INFO] [stdout] For more information about an error, try `rustc --explain E0200`.
[INFO] [stdout] 
[INFO] [stderr] warning: build failed, waiting for other jobs to finish...
[INFO] [stdout] error[E0200]: the trait `std::iter::Step` requires an `unsafe impl` declaration
[INFO] [stdout]    --> src/point.rs:95:1
[INFO] [stdout]     |
[INFO] [stdout] 95  | / impl Step for Point {
[INFO] [stdout] 96  | |     fn replace_one(&mut self) -> Self {
[INFO] [stdout] 97  | |         replace(self, Point(1))
[INFO] [stdout] 98  | |     }
[INFO] [stdout] ...   |
[INFO] [stdout] 122 | |     }
[INFO] [stdout] 123 | | }
[INFO] [stdout]     | |_^
[INFO] [stdout] 
[INFO] [stdout] 
[INFO] [stdout] error: aborting due to 7 previous errors; 5 warnings emitted
[INFO] [stdout] 
[INFO] [stdout] 
[INFO] [stdout] Some errors have detailed explanations: E0200, E0407, E0554.
[INFO] [stdout] 
[INFO] [stdout] For more information about an error, try `rustc --explain E0200`.
[INFO] [stdout] 
[INFO] [stderr] error: build failed
[INFO] running `Command { std: "docker" "inspect" "f83d8f8b5f936cb4008db1705c1d687fd1bdfe8e77bacfbb09095bfa16215fbc", kill_on_drop: false }`
[INFO] running `Command { std: "docker" "rm" "-f" "f83d8f8b5f936cb4008db1705c1d687fd1bdfe8e77bacfbb09095bfa16215fbc", kill_on_drop: false }`
[INFO] [stdout] f83d8f8b5f936cb4008db1705c1d687fd1bdfe8e77bacfbb09095bfa16215fbc
