[INFO] fetching crate autogui 0.4.0...
[INFO] checking autogui-0.4.0 against beta-2020-07-24 for pr-75494-beta
[INFO] extracting crate autogui 0.4.0 into /workspace/builds/worker-8/source
[INFO] validating manifest of crates.io crate autogui 0.4.0 on toolchain beta-2020-07-24
[INFO] running `Command { std: "/workspace/cargo-home/bin/cargo" "+beta-2020-07-24" "read-manifest" "--manifest-path" "Cargo.toml", kill_on_drop: false }`
[INFO] started tweaking crates.io crate autogui 0.4.0
[INFO] finished tweaking crates.io crate autogui 0.4.0
[INFO] tweaked toml for crates.io crate autogui 0.4.0 written to /workspace/builds/worker-8/source/Cargo.toml
[INFO] running `Command { std: "/workspace/cargo-home/bin/cargo" "+beta-2020-07-24" "generate-lockfile" "--manifest-path" "Cargo.toml" "-Zno-index-update", kill_on_drop: false }`
[INFO] running `Command { std: "/workspace/cargo-home/bin/cargo" "+beta-2020-07-24" "fetch" "--locked" "--manifest-path" "Cargo.toml", kill_on_drop: false }`
[INFO] running `Command { std: "docker" "create" "-v" "/var/lib/crater-agent-workspace/builds/worker-8/target:/opt/rustwide/target:rw,Z" "-v" "/var/lib/crater-agent-workspace/builds/worker-8/source:/opt/rustwide/workdir:ro,Z" "-v" "/var/lib/crater-agent-workspace/cargo-home:/opt/rustwide/cargo-home:ro,Z" "-v" "/var/lib/crater-agent-workspace/rustup-home:/opt/rustwide/rustup-home:ro,Z" "-e" "SOURCE_DIR=/opt/rustwide/workdir" "-e" "CARGO_TARGET_DIR=/opt/rustwide/target" "-e" "CARGO_HOME=/opt/rustwide/cargo-home" "-e" "RUSTUP_HOME=/opt/rustwide/rustup-home" "-w" "/opt/rustwide/workdir" "-m" "1610612736" "--user" "0:0" "--network" "none" "rustops/crates-build-env@sha256:a636fd89d022f18117e1dc8fb37a0a009933cdbbe082814857f0e2024962d47c" "/opt/rustwide/cargo-home/bin/cargo" "+beta-2020-07-24" "metadata" "--no-deps" "--format-version=1", kill_on_drop: false }`
[INFO] [stdout] 3f447da89d2e91564418cdb00d3445b818fcff7bbab618f603a192c7847214c0
[INFO] [stderr] WARNING: Your kernel does not support swap limit capabilities or the cgroup is not mounted. Memory limited without swap.
[INFO] running `Command { std: "docker" "start" "-a" "3f447da89d2e91564418cdb00d3445b818fcff7bbab618f603a192c7847214c0", kill_on_drop: false }`
[INFO] running `Command { std: "docker" "inspect" "3f447da89d2e91564418cdb00d3445b818fcff7bbab618f603a192c7847214c0", kill_on_drop: false }`
[INFO] running `Command { std: "docker" "rm" "-f" "3f447da89d2e91564418cdb00d3445b818fcff7bbab618f603a192c7847214c0", kill_on_drop: false }`
[INFO] [stdout] 3f447da89d2e91564418cdb00d3445b818fcff7bbab618f603a192c7847214c0
[INFO] running `Command { std: "docker" "create" "-v" "/var/lib/crater-agent-workspace/builds/worker-8/target:/opt/rustwide/target:rw,Z" "-v" "/var/lib/crater-agent-workspace/builds/worker-8/source:/opt/rustwide/workdir:ro,Z" "-v" "/var/lib/crater-agent-workspace/cargo-home:/opt/rustwide/cargo-home:ro,Z" "-v" "/var/lib/crater-agent-workspace/rustup-home:/opt/rustwide/rustup-home:ro,Z" "-e" "SOURCE_DIR=/opt/rustwide/workdir" "-e" "CARGO_TARGET_DIR=/opt/rustwide/target" "-e" "CARGO_INCREMENTAL=0" "-e" "RUST_BACKTRACE=full" "-e" "RUSTFLAGS=--cap-lints=forbid" "-e" "CARGO_HOME=/opt/rustwide/cargo-home" "-e" "RUSTUP_HOME=/opt/rustwide/rustup-home" "-w" "/opt/rustwide/workdir" "-m" "1610612736" "--user" "0:0" "--network" "none" "rustops/crates-build-env@sha256:a636fd89d022f18117e1dc8fb37a0a009933cdbbe082814857f0e2024962d47c" "/opt/rustwide/cargo-home/bin/cargo" "+beta-2020-07-24" "check" "--frozen" "--all" "--all-targets" "--message-format=json", kill_on_drop: false }`
[INFO] [stdout] 4428539858bedb392e1d257c729a8274cbe2811094d000cd95b2031d10a55da6
[INFO] [stderr] WARNING: Your kernel does not support swap limit capabilities or the cgroup is not mounted. Memory limited without swap.
[INFO] running `Command { std: "docker" "start" "-a" "4428539858bedb392e1d257c729a8274cbe2811094d000cd95b2031d10a55da6", kill_on_drop: false }`
[INFO] [stderr]    Compiling rayon-core v1.7.1
[INFO] [stderr]     Checking adler32 v1.2.0
[INFO] [stderr]     Checking lzw v0.10.0
[INFO] [stderr]     Checking color_quant v1.0.1
[INFO] [stderr]     Checking scoped_threadpool v0.1.9
[INFO] [stderr]    Compiling autogui v0.4.0 (/opt/rustwide/workdir)
[INFO] [stderr]    Compiling num-integer v0.1.43
[INFO] [stderr]    Compiling rayon v1.3.1
[INFO] [stderr]     Checking num-traits v0.1.43
[INFO] [stderr]     Checking enum_primitive v0.1.1
[INFO] [stderr]     Checking inflate v0.3.4
[INFO] [stderr]     Checking deflate v0.7.20
[INFO] [stderr]     Checking gif v0.9.2
[INFO] [stderr]     Checking num-iter v0.1.41
[INFO] [stderr]     Checking num-rational v0.1.42
[INFO] [stderr]     Checking png v0.11.0
[INFO] [stderr]     Checking jpeg-decoder v0.1.20
[INFO] [stderr]     Checking image v0.18.0
[INFO] [stdout] error[E0583]: file not found for module `linux`
[INFO] [stdout]  --> src/platform/mod.rs:1:33
[INFO] [stdout]   |
[INFO] [stdout] 1 | #[cfg(target_os = "linux")]     pub(crate) mod linux;
[INFO] [stdout]   |                                 ^^^^^^^^^^^^^^^^^^^^^
[INFO] [stdout]   |
[INFO] [stdout]   = help: to create the module `linux`, create file "src/platform/linux.rs"
[INFO] [stdout] 
[INFO] [stdout] 
[INFO] [stdout] error[E0583]: file not found for module `linux`
[INFO] [stdout]  --> src/platform/mod.rs:1:33
[INFO] [stdout]   |
[INFO] [stdout] 1 | #[cfg(target_os = "linux")]     pub(crate) mod linux;
[INFO] [stdout]   |                                 ^^^^^^^^^^^^^^^^^^^^^
[INFO] [stdout]   |
[INFO] [stdout]   = help: to create the module `linux`, create file "src/platform/linux.rs"
[INFO] [stdout] 
[INFO] [stdout] 
[INFO] [stdout] error[E0425]: cannot find function `process_event` in module `platform::current`
[INFO] [stdout]   --> src/actor.rs:11:28
[INFO] [stdout]    |
[INFO] [stdout] 11 |         platform::current::process_event(t, None);
[INFO] [stdout]    |                            ^^^^^^^^^^^^^ not found in `platform::current`
[INFO] [stdout] 
[INFO] [stdout] 
[INFO] [stdout] error[E0425]: cannot find function `process_event` in module `current`
[INFO] [stdout]    --> src/mouse.rs:135:18
[INFO] [stdout]     |
[INFO] [stdout] 135 |         current::process_event(t, Some(self.position));
[INFO] [stdout]     |                  ^^^^^^^^^^^^^ not found in `current`
[INFO] [stdout] 
[INFO] [stdout] 
[INFO] [stdout] error[E0554]: `#![feature]` may not be used on the beta release channel
[INFO] [stdout]  --> src/lib.rs:9:1
[INFO] [stdout]   |
[INFO] [stdout] 9 | #![feature(crate_in_paths)]
[INFO] [stdout]   | ^^^^^^^^^^^^^^^^^^^^^^^^^^^
[INFO] [stdout] 
[INFO] [stdout] 
[INFO] [stdout] error[E0554]: `#![feature]` may not be used on the beta release channel
[INFO] [stdout]   --> src/lib.rs:10:1
[INFO] [stdout]    |
[INFO] [stdout] 10 | #![feature(slice_patterns)]
[INFO] [stdout]    | ^^^^^^^^^^^^^^^^^^^^^^^^^^^
[INFO] [stdout] 
[INFO] [stdout] 
[INFO] [stdout] error[E0425]: cannot find function `process_event` in module `platform::current`
[INFO] [stdout]   --> src/actor.rs:11:28
[INFO] [stdout]    |
[INFO] [stdout] 11 |         platform::current::process_event(t, None);
[INFO] [stdout]    |                            ^^^^^^^^^^^^^ not found in `platform::current`
[INFO] [stdout] 
[INFO] [stdout] 
[INFO] [stdout] error[E0425]: cannot find function `process_event` in module `current`
[INFO] [stdout]    --> src/mouse.rs:135:18
[INFO] [stdout]     |
[INFO] [stdout] 135 |         current::process_event(t, Some(self.position));
[INFO] [stdout]     |                  ^^^^^^^^^^^^^ not found in `current`
[INFO] [stdout] 
[INFO] [stdout] 
[INFO] [stdout] error[E0554]: `#![feature]` may not be used on the beta release channel
[INFO] [stdout]  --> src/lib.rs:9:1
[INFO] [stdout]   |
[INFO] [stdout] 9 | #![feature(crate_in_paths)]
[INFO] [stdout]   | ^^^^^^^^^^^^^^^^^^^^^^^^^^^
[INFO] [stdout] 
[INFO] [stdout] 
[INFO] [stdout] error[E0554]: `#![feature]` may not be used on the beta release channel
[INFO] [stdout]   --> src/lib.rs:10:1
[INFO] [stdout]    |
[INFO] [stdout] 10 | #![feature(slice_patterns)]
[INFO] [stdout]    | ^^^^^^^^^^^^^^^^^^^^^^^^^^^
[INFO] [stdout] 
[INFO] [stdout] 
[INFO] [stdout] error: aborting due to 5 previous errors
[INFO] [stdout] 
[INFO] [stdout] 
[INFO] [stdout] Some errors have detailed explanations: E0425, E0554, E0583.
[INFO] [stdout] 
[INFO] [stdout] For more information about an error, try `rustc --explain E0425`.
[INFO] [stdout] 
[INFO] [stderr] error: could not compile `autogui`.
[INFO] [stderr] 
[INFO] [stderr] To learn more, run the command again with --verbose.
[INFO] [stderr] warning: build failed, waiting for other jobs to finish...
[INFO] [stdout] error: aborting due to 5 previous errors
[INFO] [stdout] 
[INFO] [stdout] 
[INFO] [stdout] Some errors have detailed explanations: E0425, E0554, E0583.
[INFO] [stdout] 
[INFO] [stdout] For more information about an error, try `rustc --explain E0425`.
[INFO] [stdout] 
[INFO] [stderr] error: build failed
[INFO] running `Command { std: "docker" "inspect" "4428539858bedb392e1d257c729a8274cbe2811094d000cd95b2031d10a55da6", kill_on_drop: false }`
[INFO] running `Command { std: "docker" "rm" "-f" "4428539858bedb392e1d257c729a8274cbe2811094d000cd95b2031d10a55da6", kill_on_drop: false }`
[INFO] [stdout] 4428539858bedb392e1d257c729a8274cbe2811094d000cd95b2031d10a55da6
