[INFO] fetching crate atsamd-hal 0.9.0...
[INFO] checking atsamd-hal-0.9.0 against beta-2020-07-24 for pr-75494-beta
[INFO] extracting crate atsamd-hal 0.9.0 into /workspace/builds/worker-14/source
[INFO] validating manifest of crates.io crate atsamd-hal 0.9.0 on toolchain beta-2020-07-24
[INFO] running `Command { std: "/workspace/cargo-home/bin/cargo" "+beta-2020-07-24" "read-manifest" "--manifest-path" "Cargo.toml", kill_on_drop: false }`
[INFO] started tweaking crates.io crate atsamd-hal 0.9.0
[INFO] finished tweaking crates.io crate atsamd-hal 0.9.0
[INFO] tweaked toml for crates.io crate atsamd-hal 0.9.0 written to /workspace/builds/worker-14/source/Cargo.toml
[INFO] running `Command { std: "/workspace/cargo-home/bin/cargo" "+beta-2020-07-24" "generate-lockfile" "--manifest-path" "Cargo.toml" "-Zno-index-update", kill_on_drop: false }`
[INFO] [stderr]     Blocking waiting for file lock on package cache
[INFO] running `Command { std: "/workspace/cargo-home/bin/cargo" "+beta-2020-07-24" "fetch" "--locked" "--manifest-path" "Cargo.toml", kill_on_drop: false }`
[INFO] running `Command { std: "docker" "create" "-v" "/var/lib/crater-agent-workspace/builds/worker-14/target:/opt/rustwide/target:rw,Z" "-v" "/var/lib/crater-agent-workspace/builds/worker-14/source:/opt/rustwide/workdir:ro,Z" "-v" "/var/lib/crater-agent-workspace/cargo-home:/opt/rustwide/cargo-home:ro,Z" "-v" "/var/lib/crater-agent-workspace/rustup-home:/opt/rustwide/rustup-home:ro,Z" "-e" "SOURCE_DIR=/opt/rustwide/workdir" "-e" "CARGO_TARGET_DIR=/opt/rustwide/target" "-e" "CARGO_HOME=/opt/rustwide/cargo-home" "-e" "RUSTUP_HOME=/opt/rustwide/rustup-home" "-w" "/opt/rustwide/workdir" "-m" "1610612736" "--user" "0:0" "--network" "none" "rustops/crates-build-env@sha256:a636fd89d022f18117e1dc8fb37a0a009933cdbbe082814857f0e2024962d47c" "/opt/rustwide/cargo-home/bin/cargo" "+beta-2020-07-24" "metadata" "--no-deps" "--format-version=1", kill_on_drop: false }`
[INFO] [stdout] b6cb0cd8b143c2be03f1aabc83bd5838fbaead8b2c7d288250de5811b6a7c5f2
[INFO] [stderr] WARNING: Your kernel does not support swap limit capabilities or the cgroup is not mounted. Memory limited without swap.
[INFO] running `Command { std: "docker" "start" "-a" "b6cb0cd8b143c2be03f1aabc83bd5838fbaead8b2c7d288250de5811b6a7c5f2", kill_on_drop: false }`
[INFO] running `Command { std: "docker" "inspect" "b6cb0cd8b143c2be03f1aabc83bd5838fbaead8b2c7d288250de5811b6a7c5f2", kill_on_drop: false }`
[INFO] running `Command { std: "docker" "rm" "-f" "b6cb0cd8b143c2be03f1aabc83bd5838fbaead8b2c7d288250de5811b6a7c5f2", kill_on_drop: false }`
[INFO] [stdout] b6cb0cd8b143c2be03f1aabc83bd5838fbaead8b2c7d288250de5811b6a7c5f2
[INFO] running `Command { std: "docker" "create" "-v" "/var/lib/crater-agent-workspace/builds/worker-14/target:/opt/rustwide/target:rw,Z" "-v" "/var/lib/crater-agent-workspace/builds/worker-14/source:/opt/rustwide/workdir:ro,Z" "-v" "/var/lib/crater-agent-workspace/cargo-home:/opt/rustwide/cargo-home:ro,Z" "-v" "/var/lib/crater-agent-workspace/rustup-home:/opt/rustwide/rustup-home:ro,Z" "-e" "SOURCE_DIR=/opt/rustwide/workdir" "-e" "CARGO_TARGET_DIR=/opt/rustwide/target" "-e" "CARGO_INCREMENTAL=0" "-e" "RUST_BACKTRACE=full" "-e" "RUSTFLAGS=--cap-lints=forbid" "-e" "CARGO_HOME=/opt/rustwide/cargo-home" "-e" "RUSTUP_HOME=/opt/rustwide/rustup-home" "-w" "/opt/rustwide/workdir" "-m" "1610612736" "--user" "0:0" "--network" "none" "rustops/crates-build-env@sha256:a636fd89d022f18117e1dc8fb37a0a009933cdbbe082814857f0e2024962d47c" "/opt/rustwide/cargo-home/bin/cargo" "+beta-2020-07-24" "check" "--frozen" "--all" "--all-targets" "--message-format=json", kill_on_drop: false }`
[INFO] [stdout] df4668b6f56c5cb59e5aa9a04e7f2921a80082441a2d5ab62594d5e923822f1d
[INFO] [stderr] WARNING: Your kernel does not support swap limit capabilities or the cgroup is not mounted. Memory limited without swap.
[INFO] running `Command { std: "docker" "start" "-a" "df4668b6f56c5cb59e5aa9a04e7f2921a80082441a2d5ab62594d5e923822f1d", kill_on_drop: false }`
[INFO] [stderr]    Compiling typenum v1.12.0
[INFO] [stderr]    Compiling semver-parser v0.7.0
[INFO] [stderr]     Checking stable_deref_trait v1.2.0
[INFO] [stderr]    Compiling proc-macro-hack v0.5.18
[INFO] [stderr]    Compiling cortex-m v0.6.3
[INFO] [stderr]     Checking vcell v0.1.2
[INFO] [stderr]     Checking bitfield v0.13.2
[INFO] [stderr]     Checking rand_core v0.5.1
[INFO] [stderr]     Checking nb v0.1.3
[INFO] [stderr]     Checking embedded-hal v0.2.4
[INFO] [stderr]     Checking volatile-register v0.2.0
[INFO] [stderr]    Compiling semver v0.9.0
[INFO] [stderr]    Compiling rustc_version v0.2.3
[INFO] [stderr]    Compiling bare-metal v0.2.5
[INFO] [stderr]    Compiling paste-impl v0.1.18
[INFO] [stderr]     Checking generic-array v0.13.2
[INFO] [stderr]     Checking generic-array v0.12.3
[INFO] [stderr]     Checking paste v0.1.18
[INFO] [stderr]     Checking as-slice v0.1.3
[INFO] [stderr]     Checking aligned v0.3.4
[INFO] [stderr]     Checking atsamd-hal v0.9.0 (/opt/rustwide/workdir)
[INFO] [stdout] error[E0432]: unresolved import `crate::clock`
[INFO] [stdout]  --> src/common/delay.rs:6:12
[INFO] [stdout]   |
[INFO] [stdout] 6 | use crate::clock::GenericClockController;
[INFO] [stdout]   |            ^^^^^ maybe a missing crate `clock`?
[INFO] [stdout] 
[INFO] [stdout] 
[INFO] [stdout] error[E0432]: unresolved import `crate::gpio`
[INFO] [stdout]  --> src/common/pad.rs:1:12
[INFO] [stdout]   |
[INFO] [stdout] 1 | use crate::gpio::Port;
[INFO] [stdout]   |            ^^^^ maybe a missing crate `gpio`?
[INFO] [stdout] 
[INFO] [stdout] 
[INFO] [stdout] error[E0432]: unresolved import `crate::gpio`
[INFO] [stdout]  --> src/common/prelude.rs:2:16
[INFO] [stdout]   |
[INFO] [stdout] 2 | pub use crate::gpio::GpioExt as _atsamd21_hal_gpio_GpioExt;
[INFO] [stdout]   |                ^^^^ maybe a missing crate `gpio`?
[INFO] [stdout] 
[INFO] [stdout] 
[INFO] [stdout] warning: unused macro definition
[INFO] [stdout]   --> src/common/pad.rs:13:1
[INFO] [stdout]    |
[INFO] [stdout] 13 | / macro_rules! pad {
[INFO] [stdout] 14 | |     ($PadType:ident {
[INFO] [stdout] 15 | |         $($PinType:ident ($Pf:ident),)+
[INFO] [stdout] 16 | |     }
[INFO] [stdout] ...  |
[INFO] [stdout] 40 | |     };
[INFO] [stdout] 41 | | }
[INFO] [stdout]    | |_^
[INFO] [stdout]    |
[INFO] [stdout]    = note: `#[warn(unused_macros)]` on by default
[INFO] [stdout] 
[INFO] [stdout] 
[INFO] [stdout] error[E0432]: unresolved import `crate::clock`
[INFO] [stdout]  --> src/common/delay.rs:6:12
[INFO] [stdout]   |
[INFO] [stdout] 6 | use crate::clock::GenericClockController;
[INFO] [stdout]   |            ^^^^^ maybe a missing crate `clock`?
[INFO] [stdout] 
[INFO] [stdout] 
[INFO] [stdout] error[E0432]: unresolved import `crate::gpio`
[INFO] [stdout]  --> src/common/pad.rs:1:12
[INFO] [stdout]   |
[INFO] [stdout] 1 | use crate::gpio::Port;
[INFO] [stdout]   |            ^^^^ maybe a missing crate `gpio`?
[INFO] [stdout] 
[INFO] [stdout] 
[INFO] [stdout] error[E0432]: unresolved import `crate::gpio`
[INFO] [stdout]  --> src/common/prelude.rs:2:16
[INFO] [stdout]   |
[INFO] [stdout] 2 | pub use crate::gpio::GpioExt as _atsamd21_hal_gpio_GpioExt;
[INFO] [stdout]   |                ^^^^ maybe a missing crate `gpio`?
[INFO] [stdout] 
[INFO] [stdout] 
[INFO] [stdout] warning: unused macro definition
[INFO] [stdout]   --> src/common/pad.rs:13:1
[INFO] [stdout]    |
[INFO] [stdout] 13 | / macro_rules! pad {
[INFO] [stdout] 14 | |     ($PadType:ident {
[INFO] [stdout] 15 | |         $($PinType:ident ($Pf:ident),)+
[INFO] [stdout] 16 | |     }
[INFO] [stdout] ...  |
[INFO] [stdout] 40 | |     };
[INFO] [stdout] 41 | | }
[INFO] [stdout]    | |_^
[INFO] [stdout]    |
[INFO] [stdout]    = note: `#[warn(unused_macros)]` on by default
[INFO] [stdout] 
[INFO] [stdout] 
[INFO] [stderr] error: could not compile `atsamd-hal`.
[INFO] [stdout] error: aborting due to 3 previous errors; 1 warning emitted
[INFO] [stdout] 
[INFO] [stdout] 
[INFO] [stderr] 
[INFO] [stdout] For more information about this error, try `rustc --explain E0432`.
[INFO] [stdout] 
[INFO] [stderr] To learn more, run the command again with --verbose.
[INFO] [stderr] warning: build failed, waiting for other jobs to finish...
[INFO] [stdout] error: aborting due to 3 previous errors; 1 warning emitted
[INFO] [stdout] 
[INFO] [stdout] 
[INFO] [stdout] For more information about this error, try `rustc --explain E0432`.
[INFO] [stdout] 
[INFO] [stderr] error: build failed
[INFO] running `Command { std: "docker" "inspect" "df4668b6f56c5cb59e5aa9a04e7f2921a80082441a2d5ab62594d5e923822f1d", kill_on_drop: false }`
[INFO] running `Command { std: "docker" "rm" "-f" "df4668b6f56c5cb59e5aa9a04e7f2921a80082441a2d5ab62594d5e923822f1d", kill_on_drop: false }`
[INFO] [stdout] df4668b6f56c5cb59e5aa9a04e7f2921a80082441a2d5ab62594d5e923822f1d
