[INFO] fetching crate asn1 0.1.0...
[INFO] checking asn1-0.1.0 against beta-2020-07-24 for pr-75494-beta
[INFO] extracting crate asn1 0.1.0 into /workspace/builds/worker-7/source
[INFO] validating manifest of crates.io crate asn1 0.1.0 on toolchain beta-2020-07-24
[INFO] running `Command { std: "/workspace/cargo-home/bin/cargo" "+beta-2020-07-24" "read-manifest" "--manifest-path" "Cargo.toml", kill_on_drop: false }`
[INFO] started tweaking crates.io crate asn1 0.1.0
[INFO] finished tweaking crates.io crate asn1 0.1.0
[INFO] tweaked toml for crates.io crate asn1 0.1.0 written to /workspace/builds/worker-7/source/Cargo.toml
[INFO] running `Command { std: "/workspace/cargo-home/bin/cargo" "+beta-2020-07-24" "generate-lockfile" "--manifest-path" "Cargo.toml" "-Zno-index-update", kill_on_drop: false }`
[INFO] running `Command { std: "/workspace/cargo-home/bin/cargo" "+beta-2020-07-24" "fetch" "--locked" "--manifest-path" "Cargo.toml", kill_on_drop: false }`
[INFO] running `Command { std: "docker" "create" "-v" "/var/lib/crater-agent-workspace/builds/worker-7/target:/opt/rustwide/target:rw,Z" "-v" "/var/lib/crater-agent-workspace/builds/worker-7/source:/opt/rustwide/workdir:ro,Z" "-v" "/var/lib/crater-agent-workspace/cargo-home:/opt/rustwide/cargo-home:ro,Z" "-v" "/var/lib/crater-agent-workspace/rustup-home:/opt/rustwide/rustup-home:ro,Z" "-e" "SOURCE_DIR=/opt/rustwide/workdir" "-e" "CARGO_TARGET_DIR=/opt/rustwide/target" "-e" "CARGO_HOME=/opt/rustwide/cargo-home" "-e" "RUSTUP_HOME=/opt/rustwide/rustup-home" "-w" "/opt/rustwide/workdir" "-m" "1610612736" "--user" "0:0" "--network" "none" "rustops/crates-build-env@sha256:a636fd89d022f18117e1dc8fb37a0a009933cdbbe082814857f0e2024962d47c" "/opt/rustwide/cargo-home/bin/cargo" "+beta-2020-07-24" "metadata" "--no-deps" "--format-version=1", kill_on_drop: false }`
[INFO] [stdout] bf40980aae088c06a9558a098f7962f43de6ca408a75fe31cfa0cf8213999894
[INFO] [stderr] WARNING: Your kernel does not support swap limit capabilities or the cgroup is not mounted. Memory limited without swap.
[INFO] running `Command { std: "docker" "start" "-a" "bf40980aae088c06a9558a098f7962f43de6ca408a75fe31cfa0cf8213999894", kill_on_drop: false }`
[INFO] running `Command { std: "docker" "inspect" "bf40980aae088c06a9558a098f7962f43de6ca408a75fe31cfa0cf8213999894", kill_on_drop: false }`
[INFO] running `Command { std: "docker" "rm" "-f" "bf40980aae088c06a9558a098f7962f43de6ca408a75fe31cfa0cf8213999894", kill_on_drop: false }`
[INFO] [stdout] bf40980aae088c06a9558a098f7962f43de6ca408a75fe31cfa0cf8213999894
[INFO] running `Command { std: "docker" "create" "-v" "/var/lib/crater-agent-workspace/builds/worker-7/target:/opt/rustwide/target:rw,Z" "-v" "/var/lib/crater-agent-workspace/builds/worker-7/source:/opt/rustwide/workdir:ro,Z" "-v" "/var/lib/crater-agent-workspace/cargo-home:/opt/rustwide/cargo-home:ro,Z" "-v" "/var/lib/crater-agent-workspace/rustup-home:/opt/rustwide/rustup-home:ro,Z" "-e" "SOURCE_DIR=/opt/rustwide/workdir" "-e" "CARGO_TARGET_DIR=/opt/rustwide/target" "-e" "CARGO_INCREMENTAL=0" "-e" "RUST_BACKTRACE=full" "-e" "RUSTFLAGS=--cap-lints=forbid" "-e" "CARGO_HOME=/opt/rustwide/cargo-home" "-e" "RUSTUP_HOME=/opt/rustwide/rustup-home" "-w" "/opt/rustwide/workdir" "-m" "1610612736" "--user" "0:0" "--network" "none" "rustops/crates-build-env@sha256:a636fd89d022f18117e1dc8fb37a0a009933cdbbe082814857f0e2024962d47c" "/opt/rustwide/cargo-home/bin/cargo" "+beta-2020-07-24" "check" "--frozen" "--all" "--all-targets" "--message-format=json", kill_on_drop: false }`
[INFO] [stderr] WARNING: Your kernel does not support swap limit capabilities or the cgroup is not mounted. Memory limited without swap.
[INFO] [stdout] 1d62adad017ac5b9b7b379202857cb754aee51833cf5c3a3d0c8bf81d63b3f14
[INFO] running `Command { std: "docker" "start" "-a" "1d62adad017ac5b9b7b379202857cb754aee51833cf5c3a3d0c8bf81d63b3f14", kill_on_drop: false }`
[INFO] [stderr]    Compiling num-traits v0.2.12
[INFO] [stderr]    Compiling num-integer v0.1.43
[INFO] [stderr]     Checking chrono v0.4.15
[INFO] [stderr]     Checking asn1 v0.1.0 (/opt/rustwide/workdir)
[INFO] [stdout] error[E0432]: unresolved import `chrono::UTC`
[INFO] [stdout]  --> src/lib.rs:9:24
[INFO] [stdout]   |
[INFO] [stdout] 9 | use chrono::{DateTime, UTC};
[INFO] [stdout]   |                        ^^^ no `UTC` in the root
[INFO] [stdout] 
[INFO] [stdout] 
[INFO] [stdout] error[E0432]: unresolved import `chrono::UTC`
[INFO] [stdout]  --> src/lib.rs:9:24
[INFO] [stdout]   |
[INFO] [stdout] 9 | use chrono::{DateTime, UTC};
[INFO] [stdout]   |                        ^^^ no `UTC` in the root
[INFO] [stdout] 
[INFO] [stdout] 
[INFO] [stdout] error[E0432]: unresolved import `chrono::UTC`
[INFO] [stdout]    --> src/lib.rs:182:28
[INFO] [stdout]     |
[INFO] [stdout] 182 |     use chrono::{TimeZone, UTC};
[INFO] [stdout]     |                            ^^^ no `UTC` in the root
[INFO] [stdout] 
[INFO] [stdout] 
[INFO] [stdout] warning: use of deprecated item 'std::ascii::AsciiExt': use inherent methods instead
[INFO] [stdout]  --> src/lib.rs:4:18
[INFO] [stdout]   |
[INFO] [stdout] 4 | use std::ascii::{AsciiExt};
[INFO] [stdout]   |                  ^^^^^^^^
[INFO] [stdout]   |
[INFO] [stdout]   = note: `#[warn(deprecated)]` on by default
[INFO] [stdout] 
[INFO] [stdout] 
[INFO] [stdout] warning: use of deprecated item 'std::ascii::AsciiExt': use inherent methods instead
[INFO] [stdout]  --> src/lib.rs:4:18
[INFO] [stdout]   |
[INFO] [stdout] 4 | use std::ascii::{AsciiExt};
[INFO] [stdout]   |                  ^^^^^^^^
[INFO] [stdout]   |
[INFO] [stdout]   = note: `#[warn(deprecated)]` on by default
[INFO] [stdout] 
[INFO] [stdout] 
[INFO] [stdout] warning: unused import: `AsciiExt`
[INFO] [stdout]  --> src/lib.rs:4:18
[INFO] [stdout]   |
[INFO] [stdout] 4 | use std::ascii::{AsciiExt};
[INFO] [stdout]   |                  ^^^^^^^^
[INFO] [stdout]   |
[INFO] [stdout]   = note: `#[warn(unused_imports)]` on by default
[INFO] [stdout] 
[INFO] [stdout] 
[INFO] [stdout] error: aborting due to previous error; 2 warnings emitted
[INFO] [stdout] 
[INFO] [stdout] 
[INFO] [stdout] For more information about this error, try `rustc --explain E0432`.
[INFO] [stdout] 
[INFO] [stderr] error: could not compile `asn1`.
[INFO] [stderr] 
[INFO] [stderr] To learn more, run the command again with --verbose.
[INFO] [stderr] warning: build failed, waiting for other jobs to finish...
[INFO] [stdout] warning: unused import: `AsciiExt`
[INFO] [stdout]  --> src/lib.rs:4:18
[INFO] [stdout]   |
[INFO] [stdout] 4 | use std::ascii::{AsciiExt};
[INFO] [stdout]   |                  ^^^^^^^^
[INFO] [stdout]   |
[INFO] [stdout]   = note: `#[warn(unused_imports)]` on by default
[INFO] [stdout] 
[INFO] [stdout] 
[INFO] [stdout] warning: unused import: `TimeZone`
[INFO] [stdout]    --> src/lib.rs:182:18
[INFO] [stdout]     |
[INFO] [stdout] 182 |     use chrono::{TimeZone, UTC};
[INFO] [stdout]     |                  ^^^^^^^^
[INFO] [stdout] 
[INFO] [stdout] 
[INFO] [stdout] error: aborting due to 2 previous errors; 3 warnings emitted
[INFO] [stdout] 
[INFO] [stdout] 
[INFO] [stdout] For more information about this error, try `rustc --explain E0432`.
[INFO] [stdout] 
[INFO] [stderr] error: build failed
[INFO] running `Command { std: "docker" "inspect" "1d62adad017ac5b9b7b379202857cb754aee51833cf5c3a3d0c8bf81d63b3f14", kill_on_drop: false }`
[INFO] running `Command { std: "docker" "rm" "-f" "1d62adad017ac5b9b7b379202857cb754aee51833cf5c3a3d0c8bf81d63b3f14", kill_on_drop: false }`
[INFO] [stdout] 1d62adad017ac5b9b7b379202857cb754aee51833cf5c3a3d0c8bf81d63b3f14
