[INFO] fetching crate android_base 0.1.0...
[INFO] checking android_base-0.1.0 against beta-2020-07-24 for pr-75494-beta
[INFO] extracting crate android_base 0.1.0 into /workspace/builds/worker-6/source
[INFO] validating manifest of crates.io crate android_base 0.1.0 on toolchain beta-2020-07-24
[INFO] running `Command { std: "/workspace/cargo-home/bin/cargo" "+beta-2020-07-24" "read-manifest" "--manifest-path" "Cargo.toml", kill_on_drop: false }`
[INFO] started tweaking crates.io crate android_base 0.1.0
[INFO] finished tweaking crates.io crate android_base 0.1.0
[INFO] tweaked toml for crates.io crate android_base 0.1.0 written to /workspace/builds/worker-6/source/Cargo.toml
[INFO] running `Command { std: "/workspace/cargo-home/bin/cargo" "+beta-2020-07-24" "generate-lockfile" "--manifest-path" "Cargo.toml" "-Zno-index-update", kill_on_drop: false }`
[INFO] running `Command { std: "/workspace/cargo-home/bin/cargo" "+beta-2020-07-24" "fetch" "--locked" "--manifest-path" "Cargo.toml", kill_on_drop: false }`
[INFO] running `Command { std: "docker" "create" "-v" "/var/lib/crater-agent-workspace/builds/worker-6/target:/opt/rustwide/target:rw,Z" "-v" "/var/lib/crater-agent-workspace/builds/worker-6/source:/opt/rustwide/workdir:ro,Z" "-v" "/var/lib/crater-agent-workspace/cargo-home:/opt/rustwide/cargo-home:ro,Z" "-v" "/var/lib/crater-agent-workspace/rustup-home:/opt/rustwide/rustup-home:ro,Z" "-e" "SOURCE_DIR=/opt/rustwide/workdir" "-e" "CARGO_TARGET_DIR=/opt/rustwide/target" "-e" "CARGO_HOME=/opt/rustwide/cargo-home" "-e" "RUSTUP_HOME=/opt/rustwide/rustup-home" "-w" "/opt/rustwide/workdir" "-m" "1610612736" "--user" "0:0" "--network" "none" "rustops/crates-build-env@sha256:a636fd89d022f18117e1dc8fb37a0a009933cdbbe082814857f0e2024962d47c" "/opt/rustwide/cargo-home/bin/cargo" "+beta-2020-07-24" "metadata" "--no-deps" "--format-version=1", kill_on_drop: false }`
[INFO] [stdout] 9fbcf2a0e6383450776109a0056d0befd03efb6d292a68a7dc72f3c37cfece95
[INFO] [stderr] WARNING: Your kernel does not support swap limit capabilities or the cgroup is not mounted. Memory limited without swap.
[INFO] running `Command { std: "docker" "start" "-a" "9fbcf2a0e6383450776109a0056d0befd03efb6d292a68a7dc72f3c37cfece95", kill_on_drop: false }`
[INFO] running `Command { std: "docker" "inspect" "9fbcf2a0e6383450776109a0056d0befd03efb6d292a68a7dc72f3c37cfece95", kill_on_drop: false }`
[INFO] running `Command { std: "docker" "rm" "-f" "9fbcf2a0e6383450776109a0056d0befd03efb6d292a68a7dc72f3c37cfece95", kill_on_drop: false }`
[INFO] [stdout] 9fbcf2a0e6383450776109a0056d0befd03efb6d292a68a7dc72f3c37cfece95
[INFO] running `Command { std: "docker" "create" "-v" "/var/lib/crater-agent-workspace/builds/worker-6/target:/opt/rustwide/target:rw,Z" "-v" "/var/lib/crater-agent-workspace/builds/worker-6/source:/opt/rustwide/workdir:ro,Z" "-v" "/var/lib/crater-agent-workspace/cargo-home:/opt/rustwide/cargo-home:ro,Z" "-v" "/var/lib/crater-agent-workspace/rustup-home:/opt/rustwide/rustup-home:ro,Z" "-e" "SOURCE_DIR=/opt/rustwide/workdir" "-e" "CARGO_TARGET_DIR=/opt/rustwide/target" "-e" "CARGO_INCREMENTAL=0" "-e" "RUST_BACKTRACE=full" "-e" "RUSTFLAGS=--cap-lints=forbid" "-e" "CARGO_HOME=/opt/rustwide/cargo-home" "-e" "RUSTUP_HOME=/opt/rustwide/rustup-home" "-w" "/opt/rustwide/workdir" "-m" "1610612736" "--user" "0:0" "--network" "none" "rustops/crates-build-env@sha256:a636fd89d022f18117e1dc8fb37a0a009933cdbbe082814857f0e2024962d47c" "/opt/rustwide/cargo-home/bin/cargo" "+beta-2020-07-24" "check" "--frozen" "--all" "--all-targets" "--message-format=json", kill_on_drop: false }`
[INFO] [stdout] 3cef970cb2a68d61427ca27ac611a003b8797dde7ca738c41307fd8dd4ccbfe2
[INFO] [stderr] WARNING: Your kernel does not support swap limit capabilities or the cgroup is not mounted. Memory limited without swap.
[INFO] running `Command { std: "docker" "start" "-a" "3cef970cb2a68d61427ca27ac611a003b8797dde7ca738c41307fd8dd4ccbfe2", kill_on_drop: false }`
[INFO] [stderr]    Compiling libc v0.2.76
[INFO] [stderr]     Checking cfg-if v0.1.10
[INFO] [stderr]    Compiling log v0.4.11
[INFO] [stderr]    Compiling xml-rs v0.8.3
[INFO] [stderr]    Compiling maybe-uninit v2.0.0
[INFO] [stderr]    Compiling byteorder v1.3.4
[INFO] [stderr]    Compiling bitflags v1.2.1
[INFO] [stderr]    Compiling unicode-xid v0.1.0
[INFO] [stderr]    Compiling libloading v0.6.2
[INFO] [stderr]    Compiling khronos_api v3.1.0
[INFO] [stderr]    Compiling proc-macro2 v1.0.19
[INFO] [stderr]     Checking piston-float v0.3.0
[INFO] [stderr]    Compiling nix v0.14.1
[INFO] [stderr]    Compiling unicode-xid v0.2.1
[INFO] [stderr]    Compiling semver-parser v0.7.0
[INFO] [stderr]    Compiling syn v1.0.39
[INFO] [stderr]     Checking void v1.0.2
[INFO] [stderr]    Compiling serde v1.0.115
[INFO] [stderr]     Checking scopeguard v1.1.0
[INFO] [stderr]    Compiling serde_derive v1.0.115
[INFO] [stderr]    Compiling rayon-core v1.7.1
[INFO] [stderr]    Compiling pkg-config v0.3.18
[INFO] [stderr]     Checking same-file v1.0.6
[INFO] [stderr]     Checking downcast-rs v1.2.0
[INFO] [stderr]     Checking xdg v2.2.0
[INFO] [stderr]    Compiling bitflags v0.9.1
[INFO] [stderr]     Checking scopeguard v0.3.3
[INFO] [stderr]     Checking either v1.6.0
[INFO] [stderr]    Compiling khronos_api v1.0.1
[INFO] [stderr]     Checking shader_version v0.3.0
[INFO] [stderr]     Checking adler32 v1.2.0
[INFO] [stderr]     Checking color_quant v1.0.1
[INFO] [stderr]     Checking inflate v0.1.1
[INFO] [stderr]     Checking percent-encoding v1.0.1
[INFO] [stderr]     Checking lzw v0.10.0
[INFO] [stderr]    Compiling khronos_api v0.0.8
[INFO] [stderr]     Checking read_color v1.0.0
[INFO] [stderr]     Checking scoped_threadpool v0.1.9
[INFO] [stderr]     Checking interpolation v0.1.0
[INFO] [stderr]     Checking piston-texture v0.6.0
[INFO] [stderr]     Checking piston-texture v0.5.0
[INFO] [stderr]     Checking fnv v1.0.7
[INFO] [stderr]     Checking shader_version v0.2.2
[INFO] [stderr]     Checking shaders_graphics2d_gles v0.2.0
[INFO] [stderr]     Checking android_glue v0.2.3
[INFO] [stderr]    Compiling crossbeam-utils v0.7.2
[INFO] [stderr]    Compiling memoffset v0.5.5
[INFO] [stderr]    Compiling crossbeam-epoch v0.8.2
[INFO] [stderr]    Compiling num-integer v0.1.43
[INFO] [stderr]    Compiling rayon v1.3.1
[INFO] [stderr]     Checking piston-viewport v0.5.0
[INFO] [stderr]     Checking vecmath v0.3.1
[INFO] [stderr]    Compiling semver v0.9.0
[INFO] [stderr]     Checking walkdir v2.3.1
[INFO] [stderr]    Compiling xml-rs v0.6.1
[INFO] [stderr]    Compiling proc-macro2 v0.4.30
[INFO] [stderr]     Checking gif v0.9.2
[INFO] [stderr]     Checking lock_api v0.1.5
[INFO] [stderr]    Compiling rustc_version v0.2.3
[INFO] [stderr]     Checking dlib v0.4.2
[INFO] [stderr]     Checking piston2d-graphics v0.28.0
[INFO] [stderr]    Compiling log v0.3.9
[INFO] [stderr]     Checking smallvec v0.6.13
[INFO] [stderr]     Checking approx v0.3.2
[INFO] [stderr]     Checking ordered-float v1.1.0
[INFO] [stderr]     Checking line_drawing v0.7.0
[INFO] [stderr]     Checking num-traits v0.1.43
[INFO] [stderr]    Compiling x11-dl v2.18.5
[INFO] [stderr]    Compiling gl_generator v0.10.0
[INFO] [stderr]    Compiling quote v0.6.13
[INFO] [stderr]     Checking wayland-sys v0.21.13
[INFO] [stderr]     Checking rand_os v0.1.3
[INFO] [stderr]     Checking num_cpus v1.13.0
[INFO] [stderr]     Checking memmap v0.7.0
[INFO] [stderr]     Checking shared_library v0.1.9
[INFO] [stderr]     Checking stb_truetype v0.3.1
[INFO] [stderr]     Checking deflate v0.7.20
[INFO] [stderr]     Checking enum_primitive v0.1.1
[INFO] [stderr]    Compiling gl_generator v0.5.5
[INFO] [stderr]    Compiling wayland-scanner v0.21.13
[INFO] [stderr]    Compiling quote v1.0.7
[INFO] [stderr]    Compiling parking_lot_core v0.4.0
[INFO] [stderr]     Checking rand v0.6.5
[INFO] [stderr]     Checking crossbeam-queue v0.2.3
[INFO] [stderr]     Checking osmesa-sys v0.1.2
[INFO] [stderr]     Checking num-iter v0.1.41
[INFO] [stderr]     Checking num-rational v0.1.42
[INFO] [stderr]     Checking rusttype v0.8.3
[INFO] [stderr]     Checking crossbeam-deque v0.7.3
[INFO] [stderr]     Checking png v0.6.2
[INFO] [stderr]     Checking rusttype v0.7.9
[INFO] [stderr]     Checking andrew v0.2.1
[INFO] [stderr]    Compiling gl v0.11.0
[INFO] [stderr]    Compiling glutin v0.19.0
[INFO] [stderr]    Compiling optimisticpeach-opengles_graphics v0.1.4
[INFO] [stderr]     Checking parking_lot v0.7.1
[INFO] [stderr]    Compiling wayland-client v0.21.13
[INFO] [stderr]    Compiling wayland-protocols v0.21.13
[INFO] [stderr]     Checking wayland-commons v0.21.13
[INFO] [stderr]     Checking jpeg-decoder v0.1.20
[INFO] [stderr]     Checking image v0.12.4
[INFO] [stderr]     Checking pistoncore-input v0.23.0
[INFO] [stderr]     Checking pistoncore-window v0.34.0
[INFO] [stderr]     Checking pistoncore-event_loop v0.39.0
[INFO] [stderr]     Checking piston v0.39.0
[INFO] [stderr]     Checking smithay-client-toolkit v0.4.6
[INFO] [stderr]     Checking winit v0.18.1
[INFO] [stderr]     Checking pistoncore-glutin_window v0.51.1
[INFO] [stderr]     Checking android_base v0.1.0 (/opt/rustwide/workdir)
[INFO] [stdout] error[E0432]: unresolved import `android_glue::Event`
[INFO] [stdout]   --> src/app_container.rs:96:13
[INFO] [stdout]    |
[INFO] [stdout] 96 |         use android_glue::Event;
[INFO] [stdout]    |             ^^^^^^^^^^^^^^^^^^^ no `Event` in the root
[INFO] [stdout] 
[INFO] [stdout] 
[INFO] [stdout] error[E0432]: unresolved import `android_glue::Event`
[INFO] [stdout]    --> src/app_container.rs:115:13
[INFO] [stdout]     |
[INFO] [stdout] 115 |         use android_glue::Event;
[INFO] [stdout]     |             ^^^^^^^^^^^^^^^^^^^ no `Event` in the root
[INFO] [stdout] 
[INFO] [stdout] 
[INFO] [stdout] error[E0412]: cannot find type `Event` in crate `android_glue`
[INFO] [stdout]   --> src/app_container.rs:14:61
[INFO] [stdout]    |
[INFO] [stdout] 14 |     event_reciever: std::sync::mpsc::Receiver<android_glue::Event>,
[INFO] [stdout]    |                                                             ^^^^^ not found in `android_glue`
[INFO] [stdout]    |
[INFO] [stdout] help: consider importing one of these items
[INFO] [stdout]    |
[INFO] [stdout] 1  | use crate::app_implementor::Event;
[INFO] [stdout]    |
[INFO] [stdout] 1  | use glutin::Event;
[INFO] [stdout]    |
[INFO] [stdout] 1  | use winit::Event;
[INFO] [stdout]    |
[INFO] [stdout] 
[INFO] [stdout] 
[INFO] [stdout] error[E0425]: cannot find function `add_sender` in crate `android_glue`
[INFO] [stdout]   --> src/app_container.rs:43:23
[INFO] [stdout]    |
[INFO] [stdout] 43 |         android_glue::add_sender(sender);
[INFO] [stdout]    |                       ^^^^^^^^^^ not found in `android_glue`
[INFO] [stdout] 
[INFO] [stdout] 
[INFO] [stdout] error[E0412]: cannot find type `Motion` in crate `android_glue`
[INFO] [stdout]   --> src/app_implementor.rs:22:48
[INFO] [stdout]    |
[INFO] [stdout] 22 |     fn motion(&mut self, motion: android_glue::Motion) {}
[INFO] [stdout]    |                                                ^^^^^^ not found in `android_glue`
[INFO] [stdout]    |
[INFO] [stdout] help: consider importing this enum
[INFO] [stdout]    |
[INFO] [stdout] 2  | use crate::app_container::Motion;
[INFO] [stdout]    |
[INFO] [stdout] 
[INFO] [stdout] 
[INFO] [stdout] error[E0412]: cannot find type `Event` in crate `android_glue`
[INFO] [stdout]   --> src/app_implementor.rs:34:47
[INFO] [stdout]    |
[INFO] [stdout] 34 |     fn handle(&mut self, event: android_glue::Event) {}
[INFO] [stdout]    |                                               ^^^^^ not found in `android_glue`
[INFO] [stdout]    |
[INFO] [stdout] help: consider importing one of these items
[INFO] [stdout]    |
[INFO] [stdout] 2  | use crate::app_container::Event;
[INFO] [stdout]    |
[INFO] [stdout] 2  | use glutin::Event;
[INFO] [stdout]    |
[INFO] [stdout] 2  | use winit::Event;
[INFO] [stdout]    |
[INFO] [stdout] 
[INFO] [stdout] 
[INFO] [stdout] error[E0432]: unresolved import `android_glue::Event`
[INFO] [stdout]   --> src/app_container.rs:96:13
[INFO] [stdout]    |
[INFO] [stdout] 96 |         use android_glue::Event;
[INFO] [stdout]    |             ^^^^^^^^^^^^^^^^^^^ no `Event` in the root
[INFO] [stdout] 
[INFO] [stdout] 
[INFO] [stdout] error[E0432]: unresolved import `android_glue::Event`
[INFO] [stdout]    --> src/app_container.rs:115:13
[INFO] [stdout]     |
[INFO] [stdout] 115 |         use android_glue::Event;
[INFO] [stdout]     |             ^^^^^^^^^^^^^^^^^^^ no `Event` in the root
[INFO] [stdout] 
[INFO] [stdout] 
[INFO] [stdout] error[E0412]: cannot find type `Event` in crate `android_glue`
[INFO] [stdout]   --> src/app_container.rs:14:61
[INFO] [stdout]    |
[INFO] [stdout] 14 |     event_reciever: std::sync::mpsc::Receiver<android_glue::Event>,
[INFO] [stdout]    |                                                             ^^^^^ not found in `android_glue`
[INFO] [stdout]    |
[INFO] [stdout] help: consider importing one of these items
[INFO] [stdout]    |
[INFO] [stdout] 1  | use crate::app_implementor::Event;
[INFO] [stdout]    |
[INFO] [stdout] 1  | use glutin::Event;
[INFO] [stdout]    |
[INFO] [stdout] 1  | use winit::Event;
[INFO] [stdout]    |
[INFO] [stdout] 
[INFO] [stdout] 
[INFO] [stdout] error[E0425]: cannot find function `add_sender` in crate `android_glue`
[INFO] [stdout]   --> src/app_container.rs:43:23
[INFO] [stdout]    |
[INFO] [stdout] 43 |         android_glue::add_sender(sender);
[INFO] [stdout]    |                       ^^^^^^^^^^ not found in `android_glue`
[INFO] [stdout] 
[INFO] [stdout] 
[INFO] [stdout] error[E0412]: cannot find type `Motion` in crate `android_glue`
[INFO] [stdout]   --> src/app_implementor.rs:22:48
[INFO] [stdout]    |
[INFO] [stdout] 22 |     fn motion(&mut self, motion: android_glue::Motion) {}
[INFO] [stdout]    |                                                ^^^^^^ not found in `android_glue`
[INFO] [stdout]    |
[INFO] [stdout] help: consider importing this enum
[INFO] [stdout]    |
[INFO] [stdout] 2  | use crate::app_container::Motion;
[INFO] [stdout]    |
[INFO] [stdout] 
[INFO] [stdout] 
[INFO] [stdout] error[E0412]: cannot find type `Event` in crate `android_glue`
[INFO] [stdout]   --> src/app_implementor.rs:34:47
[INFO] [stdout]    |
[INFO] [stdout] 34 |     fn handle(&mut self, event: android_glue::Event) {}
[INFO] [stdout]    |                                               ^^^^^ not found in `android_glue`
[INFO] [stdout]    |
[INFO] [stdout] help: consider importing one of these items
[INFO] [stdout]    |
[INFO] [stdout] 2  | use crate::app_container::Event;
[INFO] [stdout]    |
[INFO] [stdout] 2  | use glutin::Event;
[INFO] [stdout]    |
[INFO] [stdout] 2  | use winit::Event;
[INFO] [stdout]    |
[INFO] [stdout] 
[INFO] [stdout] 
[INFO] [stdout] error: aborting due to 6 previous errors
[INFO] [stdout] 
[INFO] [stdout] 
[INFO] [stdout] Some errors have detailed explanations: E0412, E0425, E0432.
[INFO] [stdout] 
[INFO] [stdout] For more information about an error, try `rustc --explain E0412`.
[INFO] [stdout] 
[INFO] [stdout] error: aborting due to 6 previous errors
[INFO] [stdout] 
[INFO] [stdout] 
[INFO] [stdout] Some errors have detailed explanations: E0412, E0425, E0432.
[INFO] [stdout] 
[INFO] [stdout] For more information about an error, try `rustc --explain E0412`.
[INFO] [stdout] 
[INFO] [stderr] error: could not compile `android_base`.
[INFO] [stderr] 
[INFO] [stderr] To learn more, run the command again with --verbose.
[INFO] [stderr] warning: build failed, waiting for other jobs to finish...
[INFO] [stderr] error: build failed
[INFO] running `Command { std: "docker" "inspect" "3cef970cb2a68d61427ca27ac611a003b8797dde7ca738c41307fd8dd4ccbfe2", kill_on_drop: false }`
[INFO] running `Command { std: "docker" "rm" "-f" "3cef970cb2a68d61427ca27ac611a003b8797dde7ca738c41307fd8dd4ccbfe2", kill_on_drop: false }`
[INFO] [stdout] 3cef970cb2a68d61427ca27ac611a003b8797dde7ca738c41307fd8dd4ccbfe2
