[INFO] fetching crate amethyst_audio 0.10.1...
[INFO] checking amethyst_audio-0.10.1 against beta-2020-07-24 for pr-75494-beta
[INFO] extracting crate amethyst_audio 0.10.1 into /workspace/builds/worker-9/source
[INFO] validating manifest of crates.io crate amethyst_audio 0.10.1 on toolchain beta-2020-07-24
[INFO] running `Command { std: "/workspace/cargo-home/bin/cargo" "+beta-2020-07-24" "read-manifest" "--manifest-path" "Cargo.toml", kill_on_drop: false }`
[INFO] started tweaking crates.io crate amethyst_audio 0.10.1
[INFO] finished tweaking crates.io crate amethyst_audio 0.10.1
[INFO] tweaked toml for crates.io crate amethyst_audio 0.10.1 written to /workspace/builds/worker-9/source/Cargo.toml
[INFO] running `Command { std: "/workspace/cargo-home/bin/cargo" "+beta-2020-07-24" "generate-lockfile" "--manifest-path" "Cargo.toml" "-Zno-index-update", kill_on_drop: false }`
[INFO] [stderr]     Blocking waiting for file lock on package cache
[INFO] running `Command { std: "/workspace/cargo-home/bin/cargo" "+beta-2020-07-24" "fetch" "--locked" "--manifest-path" "Cargo.toml", kill_on_drop: false }`
[INFO] running `Command { std: "docker" "create" "-v" "/var/lib/crater-agent-workspace/builds/worker-9/target:/opt/rustwide/target:rw,Z" "-v" "/var/lib/crater-agent-workspace/builds/worker-9/source:/opt/rustwide/workdir:ro,Z" "-v" "/var/lib/crater-agent-workspace/cargo-home:/opt/rustwide/cargo-home:ro,Z" "-v" "/var/lib/crater-agent-workspace/rustup-home:/opt/rustwide/rustup-home:ro,Z" "-e" "SOURCE_DIR=/opt/rustwide/workdir" "-e" "CARGO_TARGET_DIR=/opt/rustwide/target" "-e" "CARGO_HOME=/opt/rustwide/cargo-home" "-e" "RUSTUP_HOME=/opt/rustwide/rustup-home" "-w" "/opt/rustwide/workdir" "-m" "1610612736" "--user" "0:0" "--network" "none" "rustops/crates-build-env@sha256:a636fd89d022f18117e1dc8fb37a0a009933cdbbe082814857f0e2024962d47c" "/opt/rustwide/cargo-home/bin/cargo" "+beta-2020-07-24" "metadata" "--no-deps" "--format-version=1", kill_on_drop: false }`
[INFO] [stdout] 119803f7f0bfb678a73793d918abe259adad3b3fa8f953c11334d363a5a7b135
[INFO] [stderr] WARNING: Your kernel does not support swap limit capabilities or the cgroup is not mounted. Memory limited without swap.
[INFO] running `Command { std: "docker" "start" "-a" "119803f7f0bfb678a73793d918abe259adad3b3fa8f953c11334d363a5a7b135", kill_on_drop: false }`
[INFO] running `Command { std: "docker" "inspect" "119803f7f0bfb678a73793d918abe259adad3b3fa8f953c11334d363a5a7b135", kill_on_drop: false }`
[INFO] running `Command { std: "docker" "rm" "-f" "119803f7f0bfb678a73793d918abe259adad3b3fa8f953c11334d363a5a7b135", kill_on_drop: false }`
[INFO] [stdout] 119803f7f0bfb678a73793d918abe259adad3b3fa8f953c11334d363a5a7b135
[INFO] running `Command { std: "docker" "create" "-v" "/var/lib/crater-agent-workspace/builds/worker-9/target:/opt/rustwide/target:rw,Z" "-v" "/var/lib/crater-agent-workspace/builds/worker-9/source:/opt/rustwide/workdir:ro,Z" "-v" "/var/lib/crater-agent-workspace/cargo-home:/opt/rustwide/cargo-home:ro,Z" "-v" "/var/lib/crater-agent-workspace/rustup-home:/opt/rustwide/rustup-home:ro,Z" "-e" "SOURCE_DIR=/opt/rustwide/workdir" "-e" "CARGO_TARGET_DIR=/opt/rustwide/target" "-e" "CARGO_INCREMENTAL=0" "-e" "RUST_BACKTRACE=full" "-e" "RUSTFLAGS=--cap-lints=forbid" "-e" "CARGO_HOME=/opt/rustwide/cargo-home" "-e" "RUSTUP_HOME=/opt/rustwide/rustup-home" "-w" "/opt/rustwide/workdir" "-m" "1610612736" "--user" "0:0" "--network" "none" "rustops/crates-build-env@sha256:a636fd89d022f18117e1dc8fb37a0a009933cdbbe082814857f0e2024962d47c" "/opt/rustwide/cargo-home/bin/cargo" "+beta-2020-07-24" "check" "--frozen" "--all" "--all-targets" "--message-format=json", kill_on_drop: false }`
[INFO] [stdout] 2d99ed9989a1b309ced4ce9f9b1c842e423f03f3c9e29ca6270f581c359fbad4
[INFO] [stderr] WARNING: Your kernel does not support swap limit capabilities or the cgroup is not mounted. Memory limited without swap.
[INFO] running `Command { std: "docker" "start" "-a" "2d99ed9989a1b309ced4ce9f9b1c842e423f03f3c9e29ca6270f581c359fbad4", kill_on_drop: false }`
[INFO] [stderr]    Compiling proc-macro2 v1.0.19
[INFO] [stderr]    Compiling unicode-xid v0.2.1
[INFO] [stderr]    Compiling libc v0.2.76
[INFO] [stderr]     Checking cfg-if v0.1.10
[INFO] [stderr]    Compiling serde_derive v1.0.115
[INFO] [stderr]    Compiling byteorder v1.3.4
[INFO] [stderr]    Compiling bitflags v1.2.1
[INFO] [stderr]    Compiling cpal v0.11.0
[INFO] [stderr]     Checking claxon v0.4.3
[INFO] [stderr]     Checking hound v3.4.0
[INFO] [stderr]    Compiling minimp3-sys v0.3.2
[INFO] [stderr]    Compiling alsa-sys v0.1.2
[INFO] [stderr]     Checking num-integer v0.1.43
[INFO] [stderr]     Checking crossbeam-utils v0.7.2
[INFO] [stderr]     Checking log v0.4.11
[INFO] [stderr]     Checking crossbeam-utils v0.6.6
[INFO] [stderr]     Checking crossbeam-epoch v0.8.2
[INFO] [stderr]     Checking crossbeam-queue v0.2.3
[INFO] [stderr]     Checking num-rational v0.2.4
[INFO] [stderr]     Checking crossbeam-queue v0.1.2
[INFO] [stderr]     Checking crossbeam-deque v0.7.3
[INFO] [stderr]     Checking ogg v0.7.0
[INFO] [stderr]     Checking base64 v0.10.1
[INFO] [stderr]    Compiling quote v1.0.7
[INFO] [stderr]    Compiling getrandom v0.1.14
[INFO] [stderr]     Checking lewton v0.10.1
[INFO] [stderr]     Checking num_cpus v1.13.0
[INFO] [stderr]     Checking backtrace v0.3.50
[INFO] [stderr]     Checking slice-deque v0.3.0
[INFO] [stderr]    Compiling rand_core v0.5.1
[INFO] [stderr]    Compiling syn v1.0.39
[INFO] [stderr]    Compiling proc-macro-error-attr v1.0.4
[INFO] [stderr]     Checking rayon-core v1.7.1
[INFO] [stderr]    Compiling rand_chacha v0.2.2
[INFO] [stderr]     Checking rayon v1.3.1
[INFO] [stderr]    Compiling rand v0.7.3
[INFO] [stderr]     Checking amethyst_error v0.5.1
[INFO] [stderr]     Checking minimp3 v0.3.5
[INFO] [stderr]    Compiling quickcheck v0.9.2
[INFO] [stderr]     Checking rand_distr v0.2.2
[INFO] [stderr]     Checking hibitset v0.6.3
[INFO] [stderr]    Compiling proc_macro_roids v0.7.0
[INFO] [stderr]    Compiling synstructure v0.12.4
[INFO] [stderr]    Compiling proc-macro-error v1.0.4
[INFO] [stderr]    Compiling shred-derive v0.6.2
[INFO] [stderr]    Compiling specs-derive v0.4.1
[INFO] [stderr]    Compiling rustversion v1.0.3
[INFO] [stderr]    Compiling thiserror-impl v1.0.20
[INFO] [stderr]    Compiling derivative v2.1.1
[INFO] [stderr]    Compiling ghost v0.1.2
[INFO] [stderr]    Compiling derive-new v0.5.8
[INFO] [stderr]    Compiling ctor v0.1.15
[INFO] [stderr]    Compiling alga_derive v0.9.2
[INFO] [stderr]    Compiling inventory-impl v0.1.8
[INFO] [stderr]    Compiling getset v0.0.9
[INFO] [stderr]    Compiling err-derive v0.2.4
[INFO] [stderr]     Checking inventory v0.1.8
[INFO] [stderr]     Checking thiserror v1.0.20
[INFO] [stderr]     Checking rodio v0.11.0
[INFO] [stderr]     Checking serde v1.0.115
[INFO] [stderr]     Checking smallvec v1.4.2
[INFO] [stderr]     Checking num-complex v0.2.4
[INFO] [stderr]     Checking ron v0.5.1
[INFO] [stderr]     Checking erased-serde v0.3.12
[INFO] [stderr]     Checking shred v0.10.2
[INFO] [stderr]     Checking parking_lot_core v0.7.2
[INFO] [stderr]     Checking parking_lot v0.10.2
[INFO] [stderr]     Checking alga v0.9.3
[INFO] [stderr]    Compiling toml v0.5.6
[INFO] [stderr]     Checking specs v0.16.1
[INFO] [stderr]     Checking nalgebra v0.19.0
[INFO] [stderr]     Checking specs-hierarchy v0.6.0
[INFO] [stderr]    Compiling proc-macro-crate v0.1.5
[INFO] [stderr]    Compiling amethyst_derive v0.8.1
[INFO] [stderr]     Checking amethyst_core v0.10.1
[INFO] [stderr]     Checking amethyst_assets v0.11.1
[INFO] [stderr]     Checking amethyst_audio v0.10.1 (/opt/rustwide/workdir)
[INFO] [stdout] error[E0433]: failed to resolve: use of undeclared type or module `amethyst_utils`
[INFO] [stdout]    --> src/output.rs:153:9
[INFO] [stdout]     |
[INFO] [stdout] 153 |         amethyst_utils::app_root_dir::application_root_dir,
[INFO] [stdout]     |         ^^^^^^^^^^^^^^ use of undeclared type or module `amethyst_utils`
[INFO] [stdout] 
[INFO] [stdout] 
[INFO] [stdout] error[E0433]: failed to resolve: use of undeclared type or module `amethyst_utils`
[INFO] [stdout]   --> src/components/audio_emitter.rs:63:9
[INFO] [stdout]    |
[INFO] [stdout] 63 |     use amethyst_utils::app_root_dir::application_root_dir;
[INFO] [stdout]    |         ^^^^^^^^^^^^^^ use of undeclared type or module `amethyst_utils`
[INFO] [stdout] 
[INFO] [stdout] 
[INFO] [stdout] error[E0433]: failed to resolve: use of undeclared type or module `amethyst_utils`
[INFO] [stdout]   --> src/sink.rs:71:9
[INFO] [stdout]    |
[INFO] [stdout] 71 |         amethyst_utils::app_root_dir::application_root_dir,
[INFO] [stdout]    |         ^^^^^^^^^^^^^^ use of undeclared type or module `amethyst_utils`
[INFO] [stdout] 
[INFO] [stdout] 
[INFO] [stdout] error[E0425]: cannot find function `application_root_dir` in this scope
[INFO] [stdout]    --> src/output.rs:191:24
[INFO] [stdout]     |
[INFO] [stdout] 191 |         let app_root = application_root_dir().unwrap();
[INFO] [stdout]     |                        ^^^^^^^^^^^^^^^^^^^^ not found in this scope
[INFO] [stdout] 
[INFO] [stdout] 
[INFO] [stdout] error[E0425]: cannot find function `application_root_dir` in this scope
[INFO] [stdout]   --> src/components/audio_emitter.rs:70:24
[INFO] [stdout]    |
[INFO] [stdout] 70 |         let app_root = application_root_dir().unwrap();
[INFO] [stdout]    |                        ^^^^^^^^^^^^^^^^^^^^ not found in this scope
[INFO] [stdout] 
[INFO] [stdout] 
[INFO] [stdout] error[E0425]: cannot find function `application_root_dir` in this scope
[INFO] [stdout]   --> src/sink.rs:79:24
[INFO] [stdout]    |
[INFO] [stdout] 79 |         let app_root = application_root_dir().unwrap();
[INFO] [stdout]    |                        ^^^^^^^^^^^^^^^^^^^^ not found in this scope
[INFO] [stdout] 
[INFO] [stdout] 
[INFO] [stdout] error: aborting due to 6 previous errors
[INFO] [stdout] 
[INFO] [stdout] 
[INFO] [stdout] Some errors have detailed explanations: E0425, E0433.
[INFO] [stdout] 
[INFO] [stdout] For more information about an error, try `rustc --explain E0425`.
[INFO] [stdout] 
[INFO] [stderr] error: could not compile `amethyst_audio`.
[INFO] [stderr] 
[INFO] [stderr] To learn more, run the command again with --verbose.
[INFO] [stderr] warning: build failed, waiting for other jobs to finish...
[INFO] [stderr] error: build failed
[INFO] running `Command { std: "docker" "inspect" "2d99ed9989a1b309ced4ce9f9b1c842e423f03f3c9e29ca6270f581c359fbad4", kill_on_drop: false }`
[INFO] running `Command { std: "docker" "rm" "-f" "2d99ed9989a1b309ced4ce9f9b1c842e423f03f3c9e29ca6270f581c359fbad4", kill_on_drop: false }`
[INFO] [stdout] 2d99ed9989a1b309ced4ce9f9b1c842e423f03f3c9e29ca6270f581c359fbad4
