[INFO] fetching crate aes-gcm-siv 0.5.0...
[INFO] checking aes-gcm-siv-0.5.0 against beta-2020-07-24 for pr-75494-beta
[INFO] extracting crate aes-gcm-siv 0.5.0 into /workspace/builds/worker-7/source
[INFO] validating manifest of crates.io crate aes-gcm-siv 0.5.0 on toolchain beta-2020-07-24
[INFO] running `Command { std: "/workspace/cargo-home/bin/cargo" "+beta-2020-07-24" "read-manifest" "--manifest-path" "Cargo.toml", kill_on_drop: false }`
[INFO] started tweaking crates.io crate aes-gcm-siv 0.5.0
[INFO] finished tweaking crates.io crate aes-gcm-siv 0.5.0
[INFO] tweaked toml for crates.io crate aes-gcm-siv 0.5.0 written to /workspace/builds/worker-7/source/Cargo.toml
[INFO] running `Command { std: "/workspace/cargo-home/bin/cargo" "+beta-2020-07-24" "generate-lockfile" "--manifest-path" "Cargo.toml" "-Zno-index-update", kill_on_drop: false }`
[INFO] running `Command { std: "/workspace/cargo-home/bin/cargo" "+beta-2020-07-24" "fetch" "--locked" "--manifest-path" "Cargo.toml", kill_on_drop: false }`
[INFO] [stderr]     Blocking waiting for file lock on package cache
[INFO] running `Command { std: "docker" "create" "-v" "/var/lib/crater-agent-workspace/builds/worker-7/target:/opt/rustwide/target:rw,Z" "-v" "/var/lib/crater-agent-workspace/builds/worker-7/source:/opt/rustwide/workdir:ro,Z" "-v" "/var/lib/crater-agent-workspace/cargo-home:/opt/rustwide/cargo-home:ro,Z" "-v" "/var/lib/crater-agent-workspace/rustup-home:/opt/rustwide/rustup-home:ro,Z" "-e" "SOURCE_DIR=/opt/rustwide/workdir" "-e" "CARGO_TARGET_DIR=/opt/rustwide/target" "-e" "CARGO_HOME=/opt/rustwide/cargo-home" "-e" "RUSTUP_HOME=/opt/rustwide/rustup-home" "-w" "/opt/rustwide/workdir" "-m" "1610612736" "--user" "0:0" "--network" "none" "rustops/crates-build-env@sha256:a636fd89d022f18117e1dc8fb37a0a009933cdbbe082814857f0e2024962d47c" "/opt/rustwide/cargo-home/bin/cargo" "+beta-2020-07-24" "metadata" "--no-deps" "--format-version=1", kill_on_drop: false }`
[INFO] [stdout] 45a97a7b0c4afb1288596bde076c341eb3085c0af55f295511544e603f09652f
[INFO] [stderr] WARNING: Your kernel does not support swap limit capabilities or the cgroup is not mounted. Memory limited without swap.
[INFO] running `Command { std: "docker" "start" "-a" "45a97a7b0c4afb1288596bde076c341eb3085c0af55f295511544e603f09652f", kill_on_drop: false }`
[INFO] running `Command { std: "docker" "inspect" "45a97a7b0c4afb1288596bde076c341eb3085c0af55f295511544e603f09652f", kill_on_drop: false }`
[INFO] running `Command { std: "docker" "rm" "-f" "45a97a7b0c4afb1288596bde076c341eb3085c0af55f295511544e603f09652f", kill_on_drop: false }`
[INFO] [stdout] 45a97a7b0c4afb1288596bde076c341eb3085c0af55f295511544e603f09652f
[INFO] running `Command { std: "docker" "create" "-v" "/var/lib/crater-agent-workspace/builds/worker-7/target:/opt/rustwide/target:rw,Z" "-v" "/var/lib/crater-agent-workspace/builds/worker-7/source:/opt/rustwide/workdir:ro,Z" "-v" "/var/lib/crater-agent-workspace/cargo-home:/opt/rustwide/cargo-home:ro,Z" "-v" "/var/lib/crater-agent-workspace/rustup-home:/opt/rustwide/rustup-home:ro,Z" "-e" "SOURCE_DIR=/opt/rustwide/workdir" "-e" "CARGO_TARGET_DIR=/opt/rustwide/target" "-e" "CARGO_INCREMENTAL=0" "-e" "RUST_BACKTRACE=full" "-e" "RUSTFLAGS=--cap-lints=forbid" "-e" "CARGO_HOME=/opt/rustwide/cargo-home" "-e" "RUSTUP_HOME=/opt/rustwide/rustup-home" "-w" "/opt/rustwide/workdir" "-m" "1610612736" "--user" "0:0" "--network" "none" "rustops/crates-build-env@sha256:a636fd89d022f18117e1dc8fb37a0a009933cdbbe082814857f0e2024962d47c" "/opt/rustwide/cargo-home/bin/cargo" "+beta-2020-07-24" "check" "--frozen" "--all" "--all-targets" "--message-format=json", kill_on_drop: false }`
[INFO] [stdout] 61422b60b25de2dc9be43b237233dd1e17534215bcfd99a98ad7549a42f72874
[INFO] [stderr] WARNING: Your kernel does not support swap limit capabilities or the cgroup is not mounted. Memory limited without swap.
[INFO] running `Command { std: "docker" "start" "-a" "61422b60b25de2dc9be43b237233dd1e17534215bcfd99a98ad7549a42f72874", kill_on_drop: false }`
[INFO] [stderr]    Compiling autocfg v1.0.0
[INFO] [stderr]    Compiling byteorder v1.3.4
[INFO] [stderr]     Checking lazy_static v1.4.0
[INFO] [stderr]     Checking cfg-if v0.1.10
[INFO] [stderr]    Compiling typenum v1.12.0
[INFO] [stderr]    Compiling version_check v0.9.2
[INFO] [stderr]    Compiling maybe-uninit v2.0.0
[INFO] [stderr]    Compiling semver-parser v0.7.0
[INFO] [stderr]    Compiling memchr v2.3.3
[INFO] [stderr]    Compiling proc-macro2 v1.0.19
[INFO] [stderr]    Compiling ryu v1.0.5
[INFO] [stderr]    Compiling rayon-core v1.7.1
[INFO] [stderr]    Compiling unicode-xid v0.2.1
[INFO] [stderr]     Checking either v1.6.0
[INFO] [stderr]    Compiling serde_json v1.0.57
[INFO] [stderr]    Compiling syn v1.0.38
[INFO] [stderr]    Compiling bitflags v1.2.1
[INFO] [stderr]     Checking itoa v0.4.6
[INFO] [stderr]    Compiling serde_derive v1.0.115
[INFO] [stderr]     Checking regex-syntax v0.6.18
[INFO] [stderr]     Checking subtle v2.2.3
[INFO] [stderr]     Checking half v1.6.0
[INFO] [stderr]     Checking same-file v1.0.6
[INFO] [stderr]     Checking opaque-debug v0.2.3
[INFO] [stderr]     Checking oorandom v11.1.2
[INFO] [stderr]     Checking zeroize v1.1.0
[INFO] [stderr]     Checking itertools v0.9.0
[INFO] [stderr]    Compiling semver v0.9.0
[INFO] [stderr]     Checking walkdir v2.3.1
[INFO] [stderr]     Checking serde_cbor v0.11.1
[INFO] [stderr]    Compiling generic-array v0.14.4
[INFO] [stderr]     Checking clap v2.33.3
[INFO] [stderr]    Compiling crossbeam-utils v0.7.2
[INFO] [stderr]    Compiling memoffset v0.5.5
[INFO] [stderr]    Compiling crossbeam-epoch v0.8.2
[INFO] [stderr]    Compiling num-traits v0.2.12
[INFO] [stderr]    Compiling rayon v1.3.1
[INFO] [stderr]    Compiling rustc_version v0.2.3
[INFO] [stderr]     Checking csv-core v0.1.10
[INFO] [stderr]    Compiling quote v1.0.7
[INFO] [stderr]     Checking regex-automata v0.1.9
[INFO] [stderr]    Compiling cast v0.2.3
[INFO] [stderr]     Checking bstr v0.2.13
[INFO] [stderr]     Checking crossbeam-queue v0.2.3
[INFO] [stderr]     Checking crossbeam-deque v0.7.3
[INFO] [stderr]     Checking criterion-plot v0.4.3
[INFO] [stderr]     Checking regex v1.3.9
[INFO] [stderr]     Checking csv v1.1.3
[INFO] [stderr]     Checking tinytemplate v1.1.0
[INFO] [stderr]     Checking plotters v0.2.15
[INFO] [stderr]     Checking block-cipher v0.7.1
[INFO] [stderr]     Checking universal-hash v0.4.0
[INFO] [stderr]     Checking aead v0.3.2
[INFO] [stderr]     Checking polyval v0.4.0
[INFO] [stderr]     Checking aes-soft v0.4.0
[INFO] [stderr]     Checking aes v0.4.0
[INFO] [stderr]     Checking aes-gcm-siv v0.5.0 (/opt/rustwide/workdir)
[INFO] [stderr]     Checking criterion v0.3.3
[INFO] [stderr]     Checking criterion-cycles-per-byte v0.1.1
[INFO] [stdout] error[E0277]: the trait bound `&aead::generic_array::GenericArray<u8, aead::generic_array::typenum::UInt<aead::generic_array::typenum::UInt<aead::generic_array::typenum::UInt<aead::generic_array::typenum::UInt<aead::generic_array::typenum::UInt<aead::generic_array::typenum::UTerm, aead::consts::B1>, aead::consts::B0>, aead::consts::B0>, aead::consts::B0>, aead::consts::B0>>: std::default::Default` is not satisfied
[INFO] [stdout]   --> benches/aes-gcm-siv.rs:18:44
[INFO] [stdout]    |
[INFO] [stdout] 18 |             let cipher = Aes128GcmSiv::new(Default::default());
[INFO] [stdout]    |                                            ^^^^^^^^^^^^^^^^^^ the trait `std::default::Default` is not implemented for `&aead::generic_array::GenericArray<u8, aead::generic_array::typenum::UInt<aead::generic_array::typenum::UInt<aead::generic_array::typenum::UInt<aead::generic_array::typenum::UInt<aead::generic_array::typenum::UInt<aead::generic_array::typenum::UTerm, aead::consts::B1>, aead::consts::B0>, aead::consts::B0>, aead::consts::B0>, aead::consts::B0>>`
[INFO] [stdout]    |
[INFO] [stdout]    = help: the following implementations were found:
[INFO] [stdout]              <aead::generic_array::GenericArray<T, N> as std::default::Default>
[INFO] [stdout]    = note: required by `std::default::Default::default`
[INFO] [stdout] 
[INFO] [stdout] 
[INFO] [stdout] error[E0277]: the trait bound `&aead::generic_array::GenericArray<u8, aead::generic_array::typenum::UInt<aead::generic_array::typenum::UInt<aead::generic_array::typenum::UInt<aead::generic_array::typenum::UInt<aead::generic_array::typenum::UInt<aead::generic_array::typenum::UTerm, aead::consts::B1>, aead::consts::B0>, aead::consts::B0>, aead::consts::B0>, aead::consts::B0>>: std::default::Default` is not satisfied
[INFO] [stdout]   --> benches/aes-gcm-siv.rs:22:44
[INFO] [stdout]    |
[INFO] [stdout] 22 |             let cipher = Aes128GcmSiv::new(Default::default());
[INFO] [stdout]    |                                            ^^^^^^^^^^^^^^^^^^ the trait `std::default::Default` is not implemented for `&aead::generic_array::GenericArray<u8, aead::generic_array::typenum::UInt<aead::generic_array::typenum::UInt<aead::generic_array::typenum::UInt<aead::generic_array::typenum::UInt<aead::generic_array::typenum::UInt<aead::generic_array::typenum::UTerm, aead::consts::B1>, aead::consts::B0>, aead::consts::B0>, aead::consts::B0>, aead::consts::B0>>`
[INFO] [stdout]    |
[INFO] [stdout]    = help: the following implementations were found:
[INFO] [stdout]              <aead::generic_array::GenericArray<T, N> as std::default::Default>
[INFO] [stdout]    = note: required by `std::default::Default::default`
[INFO] [stdout] 
[INFO] [stdout] 
[INFO] [stdout] error[E0277]: the trait bound `&aead::generic_array::GenericArray<u8, aead::generic_array::typenum::UInt<aead::generic_array::typenum::UInt<aead::generic_array::typenum::UInt<aead::generic_array::typenum::UInt<aead::generic_array::typenum::UInt<aead::generic_array::typenum::UInt<aead::generic_array::typenum::UTerm, aead::consts::B1>, aead::consts::B0>, aead::consts::B0>, aead::consts::B0>, aead::consts::B0>, aead::consts::B0>>: std::default::Default` is not satisfied
[INFO] [stdout]   --> benches/aes-gcm-siv.rs:27:44
[INFO] [stdout]    |
[INFO] [stdout] 27 |             let cipher = Aes256GcmSiv::new(Default::default());
[INFO] [stdout]    |                                            ^^^^^^^^^^^^^^^^^^ the trait `std::default::Default` is not implemented for `&aead::generic_array::GenericArray<u8, aead::generic_array::typenum::UInt<aead::generic_array::typenum::UInt<aead::generic_array::typenum::UInt<aead::generic_array::typenum::UInt<aead::generic_array::typenum::UInt<aead::generic_array::typenum::UInt<aead::generic_array::typenum::UTerm, aead::consts::B1>, aead::consts::B0>, aead::consts::B0>, aead::consts::B0>, aead::consts::B0>, aead::consts::B0>>`
[INFO] [stdout]    |
[INFO] [stdout]    = help: the following implementations were found:
[INFO] [stdout]              <aead::generic_array::GenericArray<T, N> as std::default::Default>
[INFO] [stdout]    = note: required by `std::default::Default::default`
[INFO] [stdout] 
[INFO] [stdout] 
[INFO] [stdout] error[E0277]: the trait bound `&aead::generic_array::GenericArray<u8, aead::generic_array::typenum::UInt<aead::generic_array::typenum::UInt<aead::generic_array::typenum::UInt<aead::generic_array::typenum::UInt<aead::generic_array::typenum::UInt<aead::generic_array::typenum::UInt<aead::generic_array::typenum::UTerm, aead::consts::B1>, aead::consts::B0>, aead::consts::B0>, aead::consts::B0>, aead::consts::B0>, aead::consts::B0>>: std::default::Default` is not satisfied
[INFO] [stdout]   --> benches/aes-gcm-siv.rs:31:44
[INFO] [stdout]    |
[INFO] [stdout] 31 |             let cipher = Aes256GcmSiv::new(Default::default());
[INFO] [stdout]    |                                            ^^^^^^^^^^^^^^^^^^ the trait `std::default::Default` is not implemented for `&aead::generic_array::GenericArray<u8, aead::generic_array::typenum::UInt<aead::generic_array::typenum::UInt<aead::generic_array::typenum::UInt<aead::generic_array::typenum::UInt<aead::generic_array::typenum::UInt<aead::generic_array::typenum::UInt<aead::generic_array::typenum::UTerm, aead::consts::B1>, aead::consts::B0>, aead::consts::B0>, aead::consts::B0>, aead::consts::B0>, aead::consts::B0>>`
[INFO] [stdout]    |
[INFO] [stdout]    = help: the following implementations were found:
[INFO] [stdout]              <aead::generic_array::GenericArray<T, N> as std::default::Default>
[INFO] [stdout]    = note: required by `std::default::Default::default`
[INFO] [stdout] 
[INFO] [stdout] 
[INFO] [stdout] error: aborting due to 4 previous errors
[INFO] [stdout] 
[INFO] [stdout] 
[INFO] [stdout] For more information about this error, try `rustc --explain E0277`.
[INFO] [stdout] 
[INFO] [stderr] error: could not compile `aes-gcm-siv`.
[INFO] [stderr] 
[INFO] [stderr] To learn more, run the command again with --verbose.
[INFO] [stderr] warning: build failed, waiting for other jobs to finish...
[INFO] [stderr] error: build failed
[INFO] running `Command { std: "docker" "inspect" "61422b60b25de2dc9be43b237233dd1e17534215bcfd99a98ad7549a42f72874", kill_on_drop: false }`
[INFO] running `Command { std: "docker" "rm" "-f" "61422b60b25de2dc9be43b237233dd1e17534215bcfd99a98ad7549a42f72874", kill_on_drop: false }`
[INFO] [stdout] 61422b60b25de2dc9be43b237233dd1e17534215bcfd99a98ad7549a42f72874
