[INFO] cloning repository https://github.com/zmbush/traffic-sim
[INFO] running `Command { std: "git" "-c" "credential.helper=" "-c" "credential.helper=/workspace/cargo-home/bin/git-credential-null" "clone" "--bare" "https://github.com/zmbush/traffic-sim" "/workspace/cache/git-repos/https%3A%2F%2Fgithub.com%2Fzmbush%2Ftraffic-sim", kill_on_drop: false }`
[INFO] [stderr] Cloning into bare repository '/workspace/cache/git-repos/https%3A%2F%2Fgithub.com%2Fzmbush%2Ftraffic-sim'...
[INFO] running `Command { std: "git" "rev-parse" "HEAD", kill_on_drop: false }`
[INFO] [stdout] b2559d5f733b9e0e4321912a14e4ec8992f6ef06
[INFO] checking zmbush/traffic-sim against beta-2020-07-24 for pr-75494-beta
[INFO] running `Command { std: "git" "clone" "/workspace/cache/git-repos/https%3A%2F%2Fgithub.com%2Fzmbush%2Ftraffic-sim" "/workspace/builds/worker-11/source", kill_on_drop: false }`
[INFO] [stderr] Cloning into '/workspace/builds/worker-11/source'...
[INFO] [stderr] done.
[INFO] validating manifest of git repo https://github.com/zmbush/traffic-sim on toolchain beta-2020-07-24
[INFO] running `Command { std: "/workspace/cargo-home/bin/cargo" "+beta-2020-07-24" "read-manifest" "--manifest-path" "Cargo.toml", kill_on_drop: false }`
[INFO] started tweaking git repo https://github.com/zmbush/traffic-sim
[INFO] finished tweaking git repo https://github.com/zmbush/traffic-sim
[INFO] tweaked toml for git repo https://github.com/zmbush/traffic-sim written to /workspace/builds/worker-11/source/Cargo.toml
[INFO] crate git repo https://github.com/zmbush/traffic-sim already has a lockfile, it will not be regenerated
[INFO] running `Command { std: "/workspace/cargo-home/bin/cargo" "+beta-2020-07-24" "fetch" "--locked" "--manifest-path" "Cargo.toml", kill_on_drop: false }`
[INFO] [stderr]     Blocking waiting for file lock on package cache
[INFO] [stderr] error: the lock file /workspace/builds/worker-11/source/Cargo.lock needs to be updated but --locked was passed to prevent this
[INFO] [stderr] If you want to try to generate the lock file without accessing the network, use the --offline flag.
[INFO] the lockfile is outdated, regenerating it
[INFO] running `Command { std: "/workspace/cargo-home/bin/cargo" "+beta-2020-07-24" "generate-lockfile" "--manifest-path" "Cargo.toml" "-Zno-index-update", kill_on_drop: false }`
[INFO] running `Command { std: "/workspace/cargo-home/bin/cargo" "+beta-2020-07-24" "fetch" "--locked" "--manifest-path" "Cargo.toml", kill_on_drop: false }`
[INFO] [stderr]     Blocking waiting for file lock on package cache
[INFO] running `Command { std: "docker" "create" "-v" "/var/lib/crater-agent-workspace/builds/worker-11/target:/opt/rustwide/target:rw,Z" "-v" "/var/lib/crater-agent-workspace/builds/worker-11/source:/opt/rustwide/workdir:ro,Z" "-v" "/var/lib/crater-agent-workspace/cargo-home:/opt/rustwide/cargo-home:ro,Z" "-v" "/var/lib/crater-agent-workspace/rustup-home:/opt/rustwide/rustup-home:ro,Z" "-e" "SOURCE_DIR=/opt/rustwide/workdir" "-e" "CARGO_TARGET_DIR=/opt/rustwide/target" "-e" "CARGO_HOME=/opt/rustwide/cargo-home" "-e" "RUSTUP_HOME=/opt/rustwide/rustup-home" "-w" "/opt/rustwide/workdir" "-m" "1610612736" "--user" "0:0" "--network" "none" "rustops/crates-build-env@sha256:a636fd89d022f18117e1dc8fb37a0a009933cdbbe082814857f0e2024962d47c" "/opt/rustwide/cargo-home/bin/cargo" "+beta-2020-07-24" "metadata" "--no-deps" "--format-version=1", kill_on_drop: false }`
[INFO] [stdout] 1436aca586728736319d073f2085e622bc7f5816597e38effc61b3a969b1d7d4
[INFO] [stderr] WARNING: Your kernel does not support swap limit capabilities or the cgroup is not mounted. Memory limited without swap.
[INFO] running `Command { std: "docker" "start" "-a" "1436aca586728736319d073f2085e622bc7f5816597e38effc61b3a969b1d7d4", kill_on_drop: false }`
[INFO] running `Command { std: "docker" "inspect" "1436aca586728736319d073f2085e622bc7f5816597e38effc61b3a969b1d7d4", kill_on_drop: false }`
[INFO] running `Command { std: "docker" "rm" "-f" "1436aca586728736319d073f2085e622bc7f5816597e38effc61b3a969b1d7d4", kill_on_drop: false }`
[INFO] [stdout] 1436aca586728736319d073f2085e622bc7f5816597e38effc61b3a969b1d7d4
[INFO] running `Command { std: "docker" "create" "-v" "/var/lib/crater-agent-workspace/builds/worker-11/target:/opt/rustwide/target:rw,Z" "-v" "/var/lib/crater-agent-workspace/builds/worker-11/source:/opt/rustwide/workdir:ro,Z" "-v" "/var/lib/crater-agent-workspace/cargo-home:/opt/rustwide/cargo-home:ro,Z" "-v" "/var/lib/crater-agent-workspace/rustup-home:/opt/rustwide/rustup-home:ro,Z" "-e" "SOURCE_DIR=/opt/rustwide/workdir" "-e" "CARGO_TARGET_DIR=/opt/rustwide/target" "-e" "CARGO_INCREMENTAL=0" "-e" "RUST_BACKTRACE=full" "-e" "RUSTFLAGS=--cap-lints=forbid" "-e" "CARGO_HOME=/opt/rustwide/cargo-home" "-e" "RUSTUP_HOME=/opt/rustwide/rustup-home" "-w" "/opt/rustwide/workdir" "-m" "1610612736" "--user" "0:0" "--network" "none" "rustops/crates-build-env@sha256:a636fd89d022f18117e1dc8fb37a0a009933cdbbe082814857f0e2024962d47c" "/opt/rustwide/cargo-home/bin/cargo" "+beta-2020-07-24" "check" "--frozen" "--all" "--all-targets" "--message-format=json", kill_on_drop: false }`
[INFO] [stdout] 670cad1fcbf1399889e4a27be491a546c7a144b661dfdc0a47afe32a986ad355
[INFO] [stderr] WARNING: Your kernel does not support swap limit capabilities or the cgroup is not mounted. Memory limited without swap.
[INFO] running `Command { std: "docker" "start" "-a" "670cad1fcbf1399889e4a27be491a546c7a144b661dfdc0a47afe32a986ad355", kill_on_drop: false }`
[INFO] [stderr]    Compiling sfml-build v0.3.0
[INFO] [stderr]     Checking cfg-if v0.1.10
[INFO] [stderr]    Compiling bitflags v1.2.1
[INFO] [stderr]     Checking widestring v0.4.2
[INFO] [stderr]     Checking getrandom v0.1.14
[INFO] [stderr]    Compiling csfml-system-sys v0.5.0
[INFO] [stderr]    Compiling csfml-window-sys v0.5.0
[INFO] [stderr]    Compiling csfml-graphics-sys v0.5.0
[INFO] [stderr]    Compiling csfml-audio-sys v0.5.0
[INFO] [stderr]     Checking rand_core v0.5.1
[INFO] [stderr]     Checking rand_chacha v0.2.2
[INFO] [stderr]     Checking rand v0.7.3
[INFO] [stderr]     Checking sfml v0.15.1
[INFO] [stderr]     Checking traffic-sim v0.1.0 (/opt/rustwide/workdir)
[INFO] [stdout] error[E0432]: unresolved import `sfml::traits`
[INFO] [stdout]  --> src/scenario.rs:4:11
[INFO] [stdout]   |
[INFO] [stdout] 4 | use sfml::traits::Drawable;
[INFO] [stdout]   |           ^^^^^^ could not find `traits` in `sfml`
[INFO] [stdout] 
[INFO] [stdout] 
[INFO] [stdout] error[E0432]: unresolved import `sfml::window::mouse::MouseButton`
[INFO] [stdout]   --> src/main.rs:22:26
[INFO] [stdout]    |
[INFO] [stdout] 22 | use sfml::window::mouse::MouseButton::MouseLeft;
[INFO] [stdout]    |                          ^^^^^^^^^^^ could not find `MouseButton` in `mouse`
[INFO] [stdout] 
[INFO] [stdout] 
[INFO] [stdout] error[E0425]: cannot find value `Close` in module `window`
[INFO] [stdout]   --> src/main.rs:30:48
[INFO] [stdout]    |
[INFO] [stdout] 30 | ...                   window::Close,
[INFO] [stdout]    |                               ^^^^^ not found in `window`
[INFO] [stdout] 
[INFO] [stdout] 
[INFO] [stdout] error[E0603]: module `keyboard` is private
[INFO] [stdout]   --> src/main.rs:21:19
[INFO] [stdout]    |
[INFO] [stdout] 21 | use sfml::window::keyboard::Key;
[INFO] [stdout]    |                   ^^^^^^^^ private module
[INFO] [stdout]    |
[INFO] [stdout] note: the module `keyboard` is defined here
[INFO] [stdout]   --> /opt/rustwide/cargo-home/registry/src/github.com-1ecc6299db9ec823/sfml-0.15.1/src/window/mod.rs:16:1
[INFO] [stdout]    |
[INFO] [stdout] 16 | mod keyboard;
[INFO] [stdout]    | ^^^^^^^^^^^^^
[INFO] [stdout] 
[INFO] [stdout] 
[INFO] [stdout] error[E0603]: module `event` is private
[INFO] [stdout]   --> src/main.rs:23:54
[INFO] [stdout]    |
[INFO] [stdout] 23 | use sfml::window::{self, ContextSettings, VideoMode, event};
[INFO] [stdout]    |                                                      ^^^^^ private module
[INFO] [stdout]    |
[INFO] [stdout] note: the module `event` is defined here
[INFO] [stdout]   --> /opt/rustwide/cargo-home/registry/src/github.com-1ecc6299db9ec823/sfml-0.15.1/src/window/mod.rs:14:1
[INFO] [stdout]    |
[INFO] [stdout] 14 | mod event;
[INFO] [stdout]    | ^^^^^^^^^^
[INFO] [stdout] 
[INFO] [stdout] 
[INFO] [stdout] error[E0554]: `#![feature]` may not be used on the beta release channel
[INFO] [stdout]   --> src/main.rs:13:1
[INFO] [stdout]    |
[INFO] [stdout] 13 | #![feature(convert)]
[INFO] [stdout]    | ^^^^^^^^^^^^^^^^^^^^
[INFO] [stdout] 
[INFO] [stdout] 
[INFO] [stdout] warning: trait objects without an explicit `dyn` are deprecated
[INFO] [stdout]   --> src/scenario.rs:87:24
[INFO] [stdout]    |
[INFO] [stdout] 87 |     driver: Option<Box<Driver>>
[INFO] [stdout]    |                        ^^^^^^ help: use `dyn`: `dyn Driver`
[INFO] [stdout]    |
[INFO] [stdout]    = note: `#[warn(bare_trait_objects)]` on by default
[INFO] [stdout] 
[INFO] [stdout] 
[INFO] [stdout] error[E0432]: unresolved import `sfml::traits`
[INFO] [stdout]  --> src/scenario.rs:4:11
[INFO] [stdout]   |
[INFO] [stdout] 4 | use sfml::traits::Drawable;
[INFO] [stdout]   |           ^^^^^^ could not find `traits` in `sfml`
[INFO] [stdout] 
[INFO] [stdout] 
[INFO] [stdout] error[E0432]: unresolved import `sfml::window::mouse::MouseButton`
[INFO] [stdout]   --> src/main.rs:22:26
[INFO] [stdout]    |
[INFO] [stdout] 22 | use sfml::window::mouse::MouseButton::MouseLeft;
[INFO] [stdout]    |                          ^^^^^^^^^^^ could not find `MouseButton` in `mouse`
[INFO] [stdout] 
[INFO] [stdout] 
[INFO] [stdout] error: aborting due to 6 previous errors; 1 warning emitted
[INFO] [stdout] 
[INFO] [stdout] 
[INFO] [stdout] Some errors have detailed explanations: E0425, E0432, E0554, E0603.
[INFO] [stdout] 
[INFO] [stdout] For more information about an error, try `rustc --explain E0425`.
[INFO] [stdout] 
[INFO] [stderr] error: could not compile `traffic-sim`.
[INFO] [stderr] 
[INFO] [stderr] To learn more, run the command again with --verbose.
[INFO] [stderr] warning: build failed, waiting for other jobs to finish...
[INFO] [stdout] error[E0425]: cannot find value `Close` in module `window`
[INFO] [stdout]   --> src/main.rs:30:48
[INFO] [stdout]    |
[INFO] [stdout] 30 | ...                   window::Close,
[INFO] [stdout]    |                               ^^^^^ not found in `window`
[INFO] [stdout] 
[INFO] [stdout] 
[INFO] [stdout] error[E0603]: module `keyboard` is private
[INFO] [stdout]   --> src/main.rs:21:19
[INFO] [stdout]    |
[INFO] [stdout] 21 | use sfml::window::keyboard::Key;
[INFO] [stdout]    |                   ^^^^^^^^ private module
[INFO] [stdout]    |
[INFO] [stdout] note: the module `keyboard` is defined here
[INFO] [stdout]   --> /opt/rustwide/cargo-home/registry/src/github.com-1ecc6299db9ec823/sfml-0.15.1/src/window/mod.rs:16:1
[INFO] [stdout]    |
[INFO] [stdout] 16 | mod keyboard;
[INFO] [stdout]    | ^^^^^^^^^^^^^
[INFO] [stdout] 
[INFO] [stdout] 
[INFO] [stdout] error[E0603]: module `event` is private
[INFO] [stdout]   --> src/main.rs:23:54
[INFO] [stdout]    |
[INFO] [stdout] 23 | use sfml::window::{self, ContextSettings, VideoMode, event};
[INFO] [stdout]    |                                                      ^^^^^ private module
[INFO] [stdout]    |
[INFO] [stdout] note: the module `event` is defined here
[INFO] [stdout]   --> /opt/rustwide/cargo-home/registry/src/github.com-1ecc6299db9ec823/sfml-0.15.1/src/window/mod.rs:14:1
[INFO] [stdout]    |
[INFO] [stdout] 14 | mod event;
[INFO] [stdout]    | ^^^^^^^^^^
[INFO] [stdout] 
[INFO] [stdout] 
[INFO] [stdout] error[E0554]: `#![feature]` may not be used on the beta release channel
[INFO] [stdout]   --> src/main.rs:13:1
[INFO] [stdout]    |
[INFO] [stdout] 13 | #![feature(convert)]
[INFO] [stdout]    | ^^^^^^^^^^^^^^^^^^^^
[INFO] [stdout] 
[INFO] [stdout] 
[INFO] [stdout] warning: trait objects without an explicit `dyn` are deprecated
[INFO] [stdout]   --> src/scenario.rs:87:24
[INFO] [stdout]    |
[INFO] [stdout] 87 |     driver: Option<Box<Driver>>
[INFO] [stdout]    |                        ^^^^^^ help: use `dyn`: `dyn Driver`
[INFO] [stdout]    |
[INFO] [stdout]    = note: `#[warn(bare_trait_objects)]` on by default
[INFO] [stdout] 
[INFO] [stdout] 
[INFO] [stdout] error: aborting due to 6 previous errors; 1 warning emitted
[INFO] [stdout] 
[INFO] [stdout] 
[INFO] [stdout] Some errors have detailed explanations: E0425, E0432, E0554, E0603.
[INFO] [stdout] 
[INFO] [stdout] For more information about an error, try `rustc --explain E0425`.
[INFO] [stdout] 
[INFO] [stderr] error: build failed
[INFO] running `Command { std: "docker" "inspect" "670cad1fcbf1399889e4a27be491a546c7a144b661dfdc0a47afe32a986ad355", kill_on_drop: false }`
[INFO] running `Command { std: "docker" "rm" "-f" "670cad1fcbf1399889e4a27be491a546c7a144b661dfdc0a47afe32a986ad355", kill_on_drop: false }`
[INFO] [stdout] 670cad1fcbf1399889e4a27be491a546c7a144b661dfdc0a47afe32a986ad355
