[INFO] cloning repository https://github.com/zhoufel1/minicc
[INFO] running `Command { std: "git" "-c" "credential.helper=" "-c" "credential.helper=/workspace/cargo-home/bin/git-credential-null" "clone" "--bare" "https://github.com/zhoufel1/minicc" "/workspace/cache/git-repos/https%3A%2F%2Fgithub.com%2Fzhoufel1%2Fminicc", kill_on_drop: false }`
[INFO] [stderr] Cloning into bare repository '/workspace/cache/git-repos/https%3A%2F%2Fgithub.com%2Fzhoufel1%2Fminicc'...
[INFO] running `Command { std: "git" "rev-parse" "HEAD", kill_on_drop: false }`
[INFO] [stdout] 78eeb80c16bc9364c468654c76c56e7adc4549bb
[INFO] checking zhoufel1/minicc against beta-2020-07-24 for pr-75494-beta
[INFO] running `Command { std: "git" "clone" "/workspace/cache/git-repos/https%3A%2F%2Fgithub.com%2Fzhoufel1%2Fminicc" "/workspace/builds/worker-5/source", kill_on_drop: false }`
[INFO] [stderr] Cloning into '/workspace/builds/worker-5/source'...
[INFO] [stderr] done.
[INFO] validating manifest of git repo https://github.com/zhoufel1/minicc on toolchain beta-2020-07-24
[INFO] running `Command { std: "/workspace/cargo-home/bin/cargo" "+beta-2020-07-24" "read-manifest" "--manifest-path" "Cargo.toml", kill_on_drop: false }`
[INFO] started tweaking git repo https://github.com/zhoufel1/minicc
[INFO] finished tweaking git repo https://github.com/zhoufel1/minicc
[INFO] tweaked toml for git repo https://github.com/zhoufel1/minicc written to /workspace/builds/worker-5/source/Cargo.toml
[INFO] crate git repo https://github.com/zhoufel1/minicc already has a lockfile, it will not be regenerated
[INFO] running `Command { std: "/workspace/cargo-home/bin/cargo" "+beta-2020-07-24" "fetch" "--locked" "--manifest-path" "Cargo.toml", kill_on_drop: false }`
[INFO] running `Command { std: "docker" "create" "-v" "/var/lib/crater-agent-workspace/builds/worker-5/target:/opt/rustwide/target:rw,Z" "-v" "/var/lib/crater-agent-workspace/builds/worker-5/source:/opt/rustwide/workdir:ro,Z" "-v" "/var/lib/crater-agent-workspace/cargo-home:/opt/rustwide/cargo-home:ro,Z" "-v" "/var/lib/crater-agent-workspace/rustup-home:/opt/rustwide/rustup-home:ro,Z" "-e" "SOURCE_DIR=/opt/rustwide/workdir" "-e" "CARGO_TARGET_DIR=/opt/rustwide/target" "-e" "CARGO_HOME=/opt/rustwide/cargo-home" "-e" "RUSTUP_HOME=/opt/rustwide/rustup-home" "-w" "/opt/rustwide/workdir" "-m" "1610612736" "--user" "0:0" "--network" "none" "rustops/crates-build-env@sha256:a636fd89d022f18117e1dc8fb37a0a009933cdbbe082814857f0e2024962d47c" "/opt/rustwide/cargo-home/bin/cargo" "+beta-2020-07-24" "metadata" "--no-deps" "--format-version=1", kill_on_drop: false }`
[INFO] [stdout] 74e9a2a03dc8e92852d514834d906b3cf31f5dda8f84a191e6c62677cd48b01c
[INFO] [stderr] WARNING: Your kernel does not support swap limit capabilities or the cgroup is not mounted. Memory limited without swap.
[INFO] running `Command { std: "docker" "start" "-a" "74e9a2a03dc8e92852d514834d906b3cf31f5dda8f84a191e6c62677cd48b01c", kill_on_drop: false }`
[INFO] running `Command { std: "docker" "inspect" "74e9a2a03dc8e92852d514834d906b3cf31f5dda8f84a191e6c62677cd48b01c", kill_on_drop: false }`
[INFO] running `Command { std: "docker" "rm" "-f" "74e9a2a03dc8e92852d514834d906b3cf31f5dda8f84a191e6c62677cd48b01c", kill_on_drop: false }`
[INFO] [stdout] 74e9a2a03dc8e92852d514834d906b3cf31f5dda8f84a191e6c62677cd48b01c
[INFO] running `Command { std: "docker" "create" "-v" "/var/lib/crater-agent-workspace/builds/worker-5/target:/opt/rustwide/target:rw,Z" "-v" "/var/lib/crater-agent-workspace/builds/worker-5/source:/opt/rustwide/workdir:ro,Z" "-v" "/var/lib/crater-agent-workspace/cargo-home:/opt/rustwide/cargo-home:ro,Z" "-v" "/var/lib/crater-agent-workspace/rustup-home:/opt/rustwide/rustup-home:ro,Z" "-e" "SOURCE_DIR=/opt/rustwide/workdir" "-e" "CARGO_TARGET_DIR=/opt/rustwide/target" "-e" "CARGO_INCREMENTAL=0" "-e" "RUST_BACKTRACE=full" "-e" "RUSTFLAGS=--cap-lints=forbid" "-e" "CARGO_HOME=/opt/rustwide/cargo-home" "-e" "RUSTUP_HOME=/opt/rustwide/rustup-home" "-w" "/opt/rustwide/workdir" "-m" "1610612736" "--user" "0:0" "--network" "none" "rustops/crates-build-env@sha256:a636fd89d022f18117e1dc8fb37a0a009933cdbbe082814857f0e2024962d47c" "/opt/rustwide/cargo-home/bin/cargo" "+beta-2020-07-24" "check" "--frozen" "--all" "--all-targets" "--message-format=json", kill_on_drop: false }`
[INFO] [stdout] e94c98a8d7a043b02679c32d023931352ec7636a0b400f228ab861fa95520365
[INFO] [stderr] WARNING: Your kernel does not support swap limit capabilities or the cgroup is not mounted. Memory limited without swap.
[INFO] running `Command { std: "docker" "start" "-a" "e94c98a8d7a043b02679c32d023931352ec7636a0b400f228ab861fa95520365", kill_on_drop: false }`
[INFO] [stderr]    Compiling memchr v2.3.3
[INFO] [stderr]     Checking lazy_static v1.4.0
[INFO] [stderr]     Checking regex-syntax v0.6.18
[INFO] [stderr]     Checking thread_local v1.0.1
[INFO] [stderr]     Checking aho-corasick v0.7.13
[INFO] [stderr]     Checking regex v1.3.9
[INFO] [stderr]     Checking minicc v0.1.0 (/opt/rustwide/workdir)
[INFO] [stdout] error[E0609]: no field `func` on type `parser::Program`
[INFO] [stdout]   --> src/main.rs:10:30
[INFO] [stdout]    |
[INFO] [stdout] 10 |         println!("{}, {}", v.func.name, v.func.body.return_value.val);
[INFO] [stdout]    |                              ^^^^ unknown field
[INFO] [stdout]    |
[INFO] [stdout]    = note: available fields are: `main`
[INFO] [stdout] 
[INFO] [stdout] 
[INFO] [stdout] error[E0609]: no field `func` on type `parser::Program`
[INFO] [stdout]   --> src/main.rs:10:43
[INFO] [stdout]    |
[INFO] [stdout] 10 |         println!("{}, {}", v.func.name, v.func.body.return_value.val);
[INFO] [stdout]    |                                           ^^^^ unknown field
[INFO] [stdout]    |
[INFO] [stdout]    = note: available fields are: `main`
[INFO] [stdout] 
[INFO] [stdout] 
[INFO] [stdout] error[E0599]: no variant or associated item named `Decl` found for enum `tokenizer::TokenType` in the current scope
[INFO] [stdout]   --> src/parser.rs:44:20
[INFO] [stdout]    |
[INFO] [stdout] 44 |         TokenType::Decl => (),
[INFO] [stdout]    |                    ^^^^ variant or associated item not found in `tokenizer::TokenType`
[INFO] [stdout]    | 
[INFO] [stdout]   ::: src/tokenizer.rs:22:1
[INFO] [stdout]    |
[INFO] [stdout] 22 | pub enum TokenType {
[INFO] [stdout]    | ------------------ variant or associated item `Decl` not found here
[INFO] [stdout] 
[INFO] [stdout] 
[INFO] [stdout] error[E0599]: no variant or associated item named `Constant` found for enum `tokenizer::TokenType` in the current scope
[INFO] [stdout]    --> src/parser.rs:104:20
[INFO] [stdout]     |
[INFO] [stdout] 104 |         TokenType::Constant => {
[INFO] [stdout]     |                    ^^^^^^^^ variant or associated item not found in `tokenizer::TokenType`
[INFO] [stdout]     | 
[INFO] [stdout]    ::: src/tokenizer.rs:22:1
[INFO] [stdout]     |
[INFO] [stdout] 22  | pub enum TokenType {
[INFO] [stdout]     | ------------------ variant or associated item `Constant` not found here
[INFO] [stdout] 
[INFO] [stdout] 
[INFO] [stdout] error: aborting due to 4 previous errors
[INFO] [stdout] 
[INFO] [stdout] 
[INFO] [stdout] Some errors have detailed explanations: E0599, E0609.
[INFO] [stdout] 
[INFO] [stdout] For more information about an error, try `rustc --explain E0599`.
[INFO] [stdout] 
[INFO] [stderr] error: could not compile `minicc`.
[INFO] [stderr] 
[INFO] [stderr] To learn more, run the command again with --verbose.
[INFO] [stderr] warning: build failed, waiting for other jobs to finish...
[INFO] [stdout] error[E0609]: no field `func` on type `parser::Program`
[INFO] [stdout]   --> src/main.rs:10:30
[INFO] [stdout]    |
[INFO] [stdout] 10 |         println!("{}, {}", v.func.name, v.func.body.return_value.val);
[INFO] [stdout]    |                              ^^^^ unknown field
[INFO] [stdout]    |
[INFO] [stdout]    = note: available fields are: `main`
[INFO] [stdout] 
[INFO] [stdout] 
[INFO] [stdout] error[E0609]: no field `func` on type `parser::Program`
[INFO] [stdout]   --> src/main.rs:10:43
[INFO] [stdout]    |
[INFO] [stdout] 10 |         println!("{}, {}", v.func.name, v.func.body.return_value.val);
[INFO] [stdout]    |                                           ^^^^ unknown field
[INFO] [stdout]    |
[INFO] [stdout]    = note: available fields are: `main`
[INFO] [stdout] 
[INFO] [stdout] 
[INFO] [stdout] error[E0599]: no variant or associated item named `Decl` found for enum `tokenizer::TokenType` in the current scope
[INFO] [stdout]   --> src/parser.rs:44:20
[INFO] [stdout]    |
[INFO] [stdout] 44 |         TokenType::Decl => (),
[INFO] [stdout]    |                    ^^^^ variant or associated item not found in `tokenizer::TokenType`
[INFO] [stdout]    | 
[INFO] [stdout]   ::: src/tokenizer.rs:22:1
[INFO] [stdout]    |
[INFO] [stdout] 22 | pub enum TokenType {
[INFO] [stdout]    | ------------------ variant or associated item `Decl` not found here
[INFO] [stdout] 
[INFO] [stdout] 
[INFO] [stdout] error[E0599]: no variant or associated item named `Constant` found for enum `tokenizer::TokenType` in the current scope
[INFO] [stdout]    --> src/parser.rs:104:20
[INFO] [stdout]     |
[INFO] [stdout] 104 |         TokenType::Constant => {
[INFO] [stdout]     |                    ^^^^^^^^ variant or associated item not found in `tokenizer::TokenType`
[INFO] [stdout]     | 
[INFO] [stdout]    ::: src/tokenizer.rs:22:1
[INFO] [stdout]     |
[INFO] [stdout] 22  | pub enum TokenType {
[INFO] [stdout]     | ------------------ variant or associated item `Constant` not found here
[INFO] [stdout] 
[INFO] [stdout] 
[INFO] [stdout] error: aborting due to 4 previous errors
[INFO] [stdout] 
[INFO] [stdout] 
[INFO] [stdout] Some errors have detailed explanations: E0599, E0609.
[INFO] [stdout] 
[INFO] [stdout] For more information about an error, try `rustc --explain E0599`.
[INFO] [stdout] 
[INFO] [stderr] error: build failed
[INFO] running `Command { std: "docker" "inspect" "e94c98a8d7a043b02679c32d023931352ec7636a0b400f228ab861fa95520365", kill_on_drop: false }`
[INFO] running `Command { std: "docker" "rm" "-f" "e94c98a8d7a043b02679c32d023931352ec7636a0b400f228ab861fa95520365", kill_on_drop: false }`
[INFO] [stdout] e94c98a8d7a043b02679c32d023931352ec7636a0b400f228ab861fa95520365
