[INFO] cloning repository https://github.com/zed0/tomb-helper
[INFO] running `Command { std: "git" "-c" "credential.helper=" "-c" "credential.helper=/workspace/cargo-home/bin/git-credential-null" "clone" "--bare" "https://github.com/zed0/tomb-helper" "/workspace/cache/git-repos/https%3A%2F%2Fgithub.com%2Fzed0%2Ftomb-helper", kill_on_drop: false }`
[INFO] [stderr] Cloning into bare repository '/workspace/cache/git-repos/https%3A%2F%2Fgithub.com%2Fzed0%2Ftomb-helper'...
[INFO] running `Command { std: "git" "rev-parse" "HEAD", kill_on_drop: false }`
[INFO] [stdout] 972b023b15ec1b60632b1f283e01381e2feb5bd6
[INFO] checking zed0/tomb-helper against beta-2020-07-24 for pr-75494-beta
[INFO] running `Command { std: "git" "clone" "/workspace/cache/git-repos/https%3A%2F%2Fgithub.com%2Fzed0%2Ftomb-helper" "/workspace/builds/worker-2/source", kill_on_drop: false }`
[INFO] [stderr] Cloning into '/workspace/builds/worker-2/source'...
[INFO] [stderr] done.
[INFO] validating manifest of git repo https://github.com/zed0/tomb-helper on toolchain beta-2020-07-24
[INFO] running `Command { std: "/workspace/cargo-home/bin/cargo" "+beta-2020-07-24" "read-manifest" "--manifest-path" "Cargo.toml", kill_on_drop: false }`
[INFO] removed /workspace/builds/worker-2/source/.cargo/config
[INFO] started tweaking git repo https://github.com/zed0/tomb-helper
[INFO] finished tweaking git repo https://github.com/zed0/tomb-helper
[INFO] tweaked toml for git repo https://github.com/zed0/tomb-helper written to /workspace/builds/worker-2/source/Cargo.toml
[INFO] crate git repo https://github.com/zed0/tomb-helper already has a lockfile, it will not be regenerated
[INFO] running `Command { std: "/workspace/cargo-home/bin/cargo" "+beta-2020-07-24" "fetch" "--locked" "--manifest-path" "Cargo.toml", kill_on_drop: false }`
[INFO] [stderr]     Blocking waiting for file lock on package cache
[INFO] [stderr]     Blocking waiting for file lock on package cache
[INFO] running `Command { std: "docker" "create" "-v" "/var/lib/crater-agent-workspace/builds/worker-2/target:/opt/rustwide/target:rw,Z" "-v" "/var/lib/crater-agent-workspace/builds/worker-2/source:/opt/rustwide/workdir:ro,Z" "-v" "/var/lib/crater-agent-workspace/cargo-home:/opt/rustwide/cargo-home:ro,Z" "-v" "/var/lib/crater-agent-workspace/rustup-home:/opt/rustwide/rustup-home:ro,Z" "-e" "SOURCE_DIR=/opt/rustwide/workdir" "-e" "CARGO_TARGET_DIR=/opt/rustwide/target" "-e" "CARGO_HOME=/opt/rustwide/cargo-home" "-e" "RUSTUP_HOME=/opt/rustwide/rustup-home" "-w" "/opt/rustwide/workdir" "-m" "1610612736" "--user" "0:0" "--network" "none" "rustops/crates-build-env@sha256:a636fd89d022f18117e1dc8fb37a0a009933cdbbe082814857f0e2024962d47c" "/opt/rustwide/cargo-home/bin/cargo" "+beta-2020-07-24" "metadata" "--no-deps" "--format-version=1", kill_on_drop: false }`
[INFO] [stdout] 7d64bf0327ffa18ba7e55cd82d814a2c80b5aeb3f0718a0f5d78609ffb7c8b39
[INFO] [stderr] WARNING: Your kernel does not support swap limit capabilities or the cgroup is not mounted. Memory limited without swap.
[INFO] running `Command { std: "docker" "start" "-a" "7d64bf0327ffa18ba7e55cd82d814a2c80b5aeb3f0718a0f5d78609ffb7c8b39", kill_on_drop: false }`
[INFO] running `Command { std: "docker" "inspect" "7d64bf0327ffa18ba7e55cd82d814a2c80b5aeb3f0718a0f5d78609ffb7c8b39", kill_on_drop: false }`
[INFO] running `Command { std: "docker" "rm" "-f" "7d64bf0327ffa18ba7e55cd82d814a2c80b5aeb3f0718a0f5d78609ffb7c8b39", kill_on_drop: false }`
[INFO] [stdout] 7d64bf0327ffa18ba7e55cd82d814a2c80b5aeb3f0718a0f5d78609ffb7c8b39
[INFO] running `Command { std: "docker" "create" "-v" "/var/lib/crater-agent-workspace/builds/worker-2/target:/opt/rustwide/target:rw,Z" "-v" "/var/lib/crater-agent-workspace/builds/worker-2/source:/opt/rustwide/workdir:ro,Z" "-v" "/var/lib/crater-agent-workspace/cargo-home:/opt/rustwide/cargo-home:ro,Z" "-v" "/var/lib/crater-agent-workspace/rustup-home:/opt/rustwide/rustup-home:ro,Z" "-e" "SOURCE_DIR=/opt/rustwide/workdir" "-e" "CARGO_TARGET_DIR=/opt/rustwide/target" "-e" "CARGO_INCREMENTAL=0" "-e" "RUST_BACKTRACE=full" "-e" "RUSTFLAGS=--cap-lints=forbid" "-e" "CARGO_HOME=/opt/rustwide/cargo-home" "-e" "RUSTUP_HOME=/opt/rustwide/rustup-home" "-w" "/opt/rustwide/workdir" "-m" "1610612736" "--user" "0:0" "--network" "none" "rustops/crates-build-env@sha256:a636fd89d022f18117e1dc8fb37a0a009933cdbbe082814857f0e2024962d47c" "/opt/rustwide/cargo-home/bin/cargo" "+beta-2020-07-24" "check" "--frozen" "--all" "--all-targets" "--message-format=json", kill_on_drop: false }`
[INFO] [stdout] e51083282589a038dec15ed9787a4f2174177c34e19d3a6e2f6f41c6577eed31
[INFO] [stderr] WARNING: Your kernel does not support swap limit capabilities or the cgroup is not mounted. Memory limited without swap.
[INFO] running `Command { std: "docker" "start" "-a" "e51083282589a038dec15ed9787a4f2174177c34e19d3a6e2f6f41c6577eed31", kill_on_drop: false }`
[INFO] [stderr]    Compiling syn v1.0.34
[INFO] [stderr]    Compiling memchr v2.3.3
[INFO] [stderr]    Compiling cc v1.0.58
[INFO] [stderr]     Checking bytes v0.5.6
[INFO] [stderr]     Checking futures-core v0.3.5
[INFO] [stderr]     Checking itoa v0.4.5
[INFO] [stderr]     Checking foreign-types-shared v0.1.1
[INFO] [stderr]    Compiling openssl v0.10.30
[INFO] [stderr]     Checking futures-sink v0.3.5
[INFO] [stderr]     Checking futures-io v0.3.5
[INFO] [stderr]    Compiling httparse v1.3.4
[INFO] [stderr]    Compiling native-tls v0.2.4
[INFO] [stderr]     Checking matches v0.1.8
[INFO] [stderr]     Checking try-lock v0.2.3
[INFO] [stderr]    Compiling ryu v1.0.3
[INFO] [stderr]    Compiling encoding_rs v0.8.23
[INFO] [stderr]     Checking tower-service v0.3.0
[INFO] [stderr]     Checking mime v0.3.16
[INFO] [stderr]     Checking dtoa v0.4.6
[INFO] [stderr]     Checking quick-error v1.2.3
[INFO] [stderr]     Checking either v1.5.3
[INFO] [stderr]     Checking base64 v0.12.3
[INFO] [stderr]    Compiling hashbrown v0.8.1
[INFO] [stderr]    Compiling indexmap v1.5.0
[INFO] [stderr]     Checking tracing-core v0.1.11
[INFO] [stderr]    Compiling unicase v2.6.0
[INFO] [stderr]     Checking foreign-types v0.3.2
[INFO] [stderr]     Checking unicode-bidi v0.3.4
[INFO] [stderr]     Checking futures-channel v0.3.5
[INFO] [stderr]     Checking log v0.4.8
[INFO] [stderr]     Checking itertools v0.9.0
[INFO] [stderr]     Checking net2 v0.2.33
[INFO] [stderr]     Checking socket2 v0.3.12
[INFO] [stderr]     Checking process-memory v0.3.0 (https://github.com/Tommoa/rs-process-memory.git?rev=7b9b263932f16fc5864c294efbf338edb0010f39#7b9b2639)
[INFO] [stderr]    Compiling quote v1.0.3
[INFO] [stderr]     Checking x11-dl v2.18.5
[INFO] [stderr]     Checking threadpool v1.7.1
[INFO] [stderr]     Checking http v0.2.1
[INFO] [stderr]     Checking want v0.3.0
[INFO] [stderr]     Checking tracing v0.1.16
[INFO] [stderr]     Checking promising-future v0.2.4
[INFO] [stderr]     Checking idna v0.2.0
[INFO] [stderr]     Checking mio v0.6.21
[INFO] [stderr]    Compiling mime_guess v2.0.3
[INFO] [stderr]    Compiling openssl-sys v0.9.58
[INFO] [stderr]     Checking url v2.1.1
[INFO] [stderr]     Checking tokio v0.2.21
[INFO] [stderr]     Checking http-body v0.3.1
[INFO] [stderr]     Checking tokio-util v0.3.1
[INFO] [stderr]     Checking tokio-tls v0.3.1
[INFO] [stderr]    Compiling pin-project-internal v0.4.22
[INFO] [stderr]    Compiling serde_derive v1.0.106
[INFO] [stderr]     Checking pin-project v0.4.22
[INFO] [stderr]     Checking futures-util v0.3.5
[INFO] [stderr]     Checking serde v1.0.106
[INFO] [stderr]     Checking h2 v0.2.6
[INFO] [stderr]     Checking serde_urlencoded v0.6.1
[INFO] [stderr]     Checking serde_json v1.0.51
[INFO] [stderr]     Checking livesplit-hotkey v0.5.0
[INFO] [stderr]     Checking hyper v0.13.7
[INFO] [stderr]     Checking hyper-tls v0.4.3
[INFO] [stderr]     Checking reqwest v0.10.6
[INFO] [stderr]     Checking tomb-helper v1.4.0 (/opt/rustwide/workdir)
[INFO] [stdout] error[E0425]: cannot find function `get_pid` in this scope
[INFO] [stdout]   --> src/main.rs:30:26
[INFO] [stdout]    |
[INFO] [stdout] 30 |             let result = get_pid(&details.executable_name);
[INFO] [stdout]    |                          ^^^^^^^ not found in this scope
[INFO] [stdout] 
[INFO] [stdout] 
[INFO] [stdout] error[E0425]: cannot find function `get_base_address` in this scope
[INFO] [stdout]   --> src/main.rs:38:21
[INFO] [stdout]    |
[INFO] [stdout] 38 |     let base_addr = get_base_address(pid) as *const _ as usize;
[INFO] [stdout]    |                     ^^^^^^^^^^^^^^^^ not found in this scope
[INFO] [stdout] 
[INFO] [stdout] 
[INFO] [stdout] warning: unused import: `Pid`
[INFO] [stdout]  --> src/main.rs:9:22
[INFO] [stdout]   |
[INFO] [stdout] 9 | use process_memory::{Pid, TryIntoProcessHandle};
[INFO] [stdout]   |                      ^^^
[INFO] [stdout]   |
[INFO] [stdout]   = note: `#[warn(unused_imports)]` on by default
[INFO] [stdout] 
[INFO] [stdout] 
[INFO] [stdout] warning: unused imports: `null_mut`, `null`
[INFO] [stdout]   --> src/main.rs:10:16
[INFO] [stdout]    |
[INFO] [stdout] 10 | use std::ptr::{null, null_mut};
[INFO] [stdout]    |                ^^^^  ^^^^^^^^
[INFO] [stdout] 
[INFO] [stdout] 
[INFO] [stdout] error[E0425]: cannot find function `get_pid` in this scope
[INFO] [stdout]   --> src/main.rs:30:26
[INFO] [stdout]    |
[INFO] [stdout] 30 |             let result = get_pid(&details.executable_name);
[INFO] [stdout]    |                          ^^^^^^^ not found in this scope
[INFO] [stdout] 
[INFO] [stdout] 
[INFO] [stdout] error[E0425]: cannot find function `get_base_address` in this scope
[INFO] [stdout]   --> src/main.rs:38:21
[INFO] [stdout]    |
[INFO] [stdout] 38 |     let base_addr = get_base_address(pid) as *const _ as usize;
[INFO] [stdout]    |                     ^^^^^^^^^^^^^^^^ not found in this scope
[INFO] [stdout] 
[INFO] [stdout] 
[INFO] [stdout] warning: unused import: `Pid`
[INFO] [stdout]  --> src/main.rs:9:22
[INFO] [stdout]   |
[INFO] [stdout] 9 | use process_memory::{Pid, TryIntoProcessHandle};
[INFO] [stdout]   |                      ^^^
[INFO] [stdout]   |
[INFO] [stdout]   = note: `#[warn(unused_imports)]` on by default
[INFO] [stdout] 
[INFO] [stdout] 
[INFO] [stdout] warning: unused imports: `null_mut`, `null`
[INFO] [stdout]   --> src/main.rs:10:16
[INFO] [stdout]    |
[INFO] [stdout] 10 | use std::ptr::{null, null_mut};
[INFO] [stdout]    |                ^^^^  ^^^^^^^^
[INFO] [stdout] 
[INFO] [stdout] 
[INFO] [stdout] warning: unused import: `TryIntoProcessHandle`
[INFO] [stdout]  --> src/main.rs:9:27
[INFO] [stdout]   |
[INFO] [stdout] 9 | use process_memory::{Pid, TryIntoProcessHandle};
[INFO] [stdout]   |                           ^^^^^^^^^^^^^^^^^^^^
[INFO] [stdout] 
[INFO] [stdout] 
[INFO] [stderr] error: could not compile `tomb-helper`.
[INFO] [stdout] warning: unused import: `TryIntoProcessHandle`
[INFO] [stdout]  --> src/main.rs:9:27
[INFO] [stdout]   |
[INFO] [stdout] 9 | use process_memory::{Pid, TryIntoProcessHandle};
[INFO] [stdout]   |                           ^^^^^^^^^^^^^^^^^^^^
[INFO] [stdout] 
[INFO] [stdout] 
[INFO] [stderr] 
[INFO] [stdout] error: aborting due to 2 previous errors; 3 warnings emitted
[INFO] [stdout] 
[INFO] [stdout] 
[INFO] [stderr] To learn more, run the command again with --verbose.
[INFO] [stdout] For more information about this error, try `rustc --explain E0425`.
[INFO] [stdout] 
[INFO] [stderr] warning: build failed, waiting for other jobs to finish...
[INFO] [stdout] error: aborting due to 2 previous errors; 3 warnings emitted
[INFO] [stdout] 
[INFO] [stdout] 
[INFO] [stdout] For more information about this error, try `rustc --explain E0425`.
[INFO] [stdout] 
[INFO] [stderr] error: build failed
[INFO] running `Command { std: "docker" "inspect" "e51083282589a038dec15ed9787a4f2174177c34e19d3a6e2f6f41c6577eed31", kill_on_drop: false }`
[INFO] running `Command { std: "docker" "rm" "-f" "e51083282589a038dec15ed9787a4f2174177c34e19d3a6e2f6f41c6577eed31", kill_on_drop: false }`
[INFO] [stdout] e51083282589a038dec15ed9787a4f2174177c34e19d3a6e2f6f41c6577eed31
