[INFO] cloning repository https://github.com/yuriks/advance-emu
[INFO] running `Command { std: "git" "-c" "credential.helper=" "-c" "credential.helper=/workspace/cargo-home/bin/git-credential-null" "clone" "--bare" "https://github.com/yuriks/advance-emu" "/workspace/cache/git-repos/https%3A%2F%2Fgithub.com%2Fyuriks%2Fadvance-emu", kill_on_drop: false }`
[INFO] [stderr] Cloning into bare repository '/workspace/cache/git-repos/https%3A%2F%2Fgithub.com%2Fyuriks%2Fadvance-emu'...
[INFO] running `Command { std: "git" "rev-parse" "HEAD", kill_on_drop: false }`
[INFO] [stdout] c8be83ee40c8d0f014bccb0d0351c652892b82f6
[INFO] checking yuriks/advance-emu against beta-2020-07-24 for pr-75494-beta
[INFO] running `Command { std: "git" "clone" "/workspace/cache/git-repos/https%3A%2F%2Fgithub.com%2Fyuriks%2Fadvance-emu" "/workspace/builds/worker-0/source", kill_on_drop: false }`
[INFO] [stderr] Cloning into '/workspace/builds/worker-0/source'...
[INFO] [stderr] done.
[INFO] validating manifest of git repo https://github.com/yuriks/advance-emu on toolchain beta-2020-07-24
[INFO] running `Command { std: "/workspace/cargo-home/bin/cargo" "+beta-2020-07-24" "read-manifest" "--manifest-path" "Cargo.toml", kill_on_drop: false }`
[INFO] started tweaking git repo https://github.com/yuriks/advance-emu
[INFO] finished tweaking git repo https://github.com/yuriks/advance-emu
[INFO] tweaked toml for git repo https://github.com/yuriks/advance-emu written to /workspace/builds/worker-0/source/Cargo.toml
[INFO] crate git repo https://github.com/yuriks/advance-emu already has a lockfile, it will not be regenerated
[INFO] running `Command { std: "/workspace/cargo-home/bin/cargo" "+beta-2020-07-24" "fetch" "--locked" "--manifest-path" "Cargo.toml", kill_on_drop: false }`
[INFO] [stderr]     Blocking waiting for file lock on package cache
[INFO] [stderr]  Downloading crates ...
[INFO] [stderr]   Downloaded sdl2-sys v0.31.0
[INFO] [stderr]   Downloaded num-bigint v0.2.0
[INFO] [stderr]   Downloaded sdl2 v0.31.0
[INFO] [stderr]   Downloaded num-complex v0.2.0
[INFO] running `Command { std: "docker" "create" "-v" "/var/lib/crater-agent-workspace/builds/worker-0/target:/opt/rustwide/target:rw,Z" "-v" "/var/lib/crater-agent-workspace/builds/worker-0/source:/opt/rustwide/workdir:ro,Z" "-v" "/var/lib/crater-agent-workspace/cargo-home:/opt/rustwide/cargo-home:ro,Z" "-v" "/var/lib/crater-agent-workspace/rustup-home:/opt/rustwide/rustup-home:ro,Z" "-e" "SOURCE_DIR=/opt/rustwide/workdir" "-e" "CARGO_TARGET_DIR=/opt/rustwide/target" "-e" "CARGO_HOME=/opt/rustwide/cargo-home" "-e" "RUSTUP_HOME=/opt/rustwide/rustup-home" "-w" "/opt/rustwide/workdir" "-m" "1610612736" "--user" "0:0" "--network" "none" "rustops/crates-build-env@sha256:a636fd89d022f18117e1dc8fb37a0a009933cdbbe082814857f0e2024962d47c" "/opt/rustwide/cargo-home/bin/cargo" "+beta-2020-07-24" "metadata" "--no-deps" "--format-version=1", kill_on_drop: false }`
[INFO] [stdout] b808ac717e6869f6ac91347322accbff8404fb3bea8f281019735215c4acb976
[INFO] [stderr] WARNING: Your kernel does not support swap limit capabilities or the cgroup is not mounted. Memory limited without swap.
[INFO] running `Command { std: "docker" "start" "-a" "b808ac717e6869f6ac91347322accbff8404fb3bea8f281019735215c4acb976", kill_on_drop: false }`
[INFO] running `Command { std: "docker" "inspect" "b808ac717e6869f6ac91347322accbff8404fb3bea8f281019735215c4acb976", kill_on_drop: false }`
[INFO] running `Command { std: "docker" "rm" "-f" "b808ac717e6869f6ac91347322accbff8404fb3bea8f281019735215c4acb976", kill_on_drop: false }`
[INFO] [stdout] b808ac717e6869f6ac91347322accbff8404fb3bea8f281019735215c4acb976
[INFO] running `Command { std: "docker" "create" "-v" "/var/lib/crater-agent-workspace/builds/worker-0/target:/opt/rustwide/target:rw,Z" "-v" "/var/lib/crater-agent-workspace/builds/worker-0/source:/opt/rustwide/workdir:ro,Z" "-v" "/var/lib/crater-agent-workspace/cargo-home:/opt/rustwide/cargo-home:ro,Z" "-v" "/var/lib/crater-agent-workspace/rustup-home:/opt/rustwide/rustup-home:ro,Z" "-e" "SOURCE_DIR=/opt/rustwide/workdir" "-e" "CARGO_TARGET_DIR=/opt/rustwide/target" "-e" "CARGO_INCREMENTAL=0" "-e" "RUST_BACKTRACE=full" "-e" "RUSTFLAGS=--cap-lints=forbid" "-e" "CARGO_HOME=/opt/rustwide/cargo-home" "-e" "RUSTUP_HOME=/opt/rustwide/rustup-home" "-w" "/opt/rustwide/workdir" "-m" "1610612736" "--user" "0:0" "--network" "none" "rustops/crates-build-env@sha256:a636fd89d022f18117e1dc8fb37a0a009933cdbbe082814857f0e2024962d47c" "/opt/rustwide/cargo-home/bin/cargo" "+beta-2020-07-24" "check" "--frozen" "--all" "--all-targets" "--message-format=json", kill_on_drop: false }`
[INFO] [stdout] e1797b8cde00b7cdede2d34429e7cbc90072b217942134570022e3d71e0a53e4
[INFO] [stderr] WARNING: Your kernel does not support swap limit capabilities or the cgroup is not mounted. Memory limited without swap.
[INFO] running `Command { std: "docker" "start" "-a" "e1797b8cde00b7cdede2d34429e7cbc90072b217942134570022e3d71e0a53e4", kill_on_drop: false }`
[INFO] [stderr]    Compiling cfg-if v0.1.5
[INFO] [stderr]    Compiling num-bigint v0.2.0
[INFO] [stderr]    Compiling num-complex v0.2.0
[INFO] [stderr]     Checking num-integer v0.1.39
[INFO] [stderr]    Compiling sdl2-sys v0.31.0
[INFO] [stderr]     Checking num-iter v0.1.37
[INFO] [stderr]     Checking num v0.1.42
[INFO] [stderr]     Checking num-rational v0.2.1
[INFO] [stderr]     Checking sdl2 v0.31.0
[INFO] [stderr]     Checking num v0.2.0
[INFO] [stderr]     Checking advance v0.1.0 (/opt/rustwide/workdir)
[INFO] [stdout] error[E0554]: `#![feature]` may not be used on the beta release channel
[INFO] [stdout]  --> src/main.rs:1:1
[INFO] [stdout]   |
[INFO] [stdout] 1 | / #![feature(
[INFO] [stdout] 2 | |     arbitrary_self_types,
[INFO] [stdout] 3 | |     generator_trait,
[INFO] [stdout] 4 | |     generators,
[INFO] [stdout] 5 | |     pin,
[INFO] [stdout] 6 | |     test
[INFO] [stdout] 7 | | )]
[INFO] [stdout]   | |__^
[INFO] [stdout] 
[INFO] [stdout] 
[INFO] [stdout] warning: trait objects without an explicit `dyn` are deprecated
[INFO] [stdout]   --> src/main.rs:38:75
[INFO] [stdout]    |
[INFO] [stdout] 38 | fn load_file(filename: &str, expected_size: usize) -> Result<Vec<u8>, Box<Error>> {
[INFO] [stdout]    |                                                                           ^^^^^ help: use `dyn`: `dyn Error`
[INFO] [stdout]    |
[INFO] [stdout]    = note: `#[warn(bare_trait_objects)]` on by default
[INFO] [stdout] 
[INFO] [stdout] 
[INFO] [stdout] warning: trait objects without an explicit `dyn` are deprecated
[INFO] [stdout]    --> src/main.rs:101:29
[INFO] [stdout]     |
[INFO] [stdout] 101 | fn main() -> Result<(), Box<Error>> {
[INFO] [stdout]     |                             ^^^^^ help: use `dyn`: `dyn Error`
[INFO] [stdout] 
[INFO] [stdout] 
[INFO] [stdout] error[E0554]: `#![feature]` may not be used on the beta release channel
[INFO] [stdout]  --> src/main.rs:1:1
[INFO] [stdout]   |
[INFO] [stdout] 1 | / #![feature(
[INFO] [stdout] 2 | |     arbitrary_self_types,
[INFO] [stdout] 3 | |     generator_trait,
[INFO] [stdout] 4 | |     generators,
[INFO] [stdout] 5 | |     pin,
[INFO] [stdout] 6 | |     test
[INFO] [stdout] 7 | | )]
[INFO] [stdout]   | |__^
[INFO] [stdout] 
[INFO] [stdout] 
[INFO] [stdout] warning: trait objects without an explicit `dyn` are deprecated
[INFO] [stdout]   --> src/main.rs:38:75
[INFO] [stdout]    |
[INFO] [stdout] 38 | fn load_file(filename: &str, expected_size: usize) -> Result<Vec<u8>, Box<Error>> {
[INFO] [stdout]    |                                                                           ^^^^^ help: use `dyn`: `dyn Error`
[INFO] [stdout]    |
[INFO] [stdout]    = note: `#[warn(bare_trait_objects)]` on by default
[INFO] [stdout] 
[INFO] [stdout] 
[INFO] [stdout] warning: trait objects without an explicit `dyn` are deprecated
[INFO] [stdout]    --> src/main.rs:101:29
[INFO] [stdout]     |
[INFO] [stdout] 101 | fn main() -> Result<(), Box<Error>> {
[INFO] [stdout]     |                             ^^^^^ help: use `dyn`: `dyn Error`
[INFO] [stdout] 
[INFO] [stdout] 
[INFO] [stdout] error[E0599]: no function or associated item named `get_mut_unchecked` found for struct `std::pin::Pin<_>` in the current scope
[INFO] [stdout]   --> src/scheduler.rs:55:23
[INFO] [stdout]    |
[INFO] [stdout] 55 |         unsafe { Pin::get_mut_unchecked(self).generator.resume() }
[INFO] [stdout]    |                       ^^^^^^^^^^^^^^^^^ function or associated item not found in `std::pin::Pin<_>`
[INFO] [stdout] 
[INFO] [stdout] 
[INFO] [stdout] error[E0599]: no function or associated item named `get_mut_unchecked` found for struct `std::pin::Pin<_>` in the current scope
[INFO] [stdout]   --> src/scheduler.rs:55:23
[INFO] [stdout]    |
[INFO] [stdout] 55 |         unsafe { Pin::get_mut_unchecked(self).generator.resume() }
[INFO] [stdout]    |                       ^^^^^^^^^^^^^^^^^ function or associated item not found in `std::pin::Pin<_>`
[INFO] [stdout] 
[INFO] [stdout] 
[INFO] [stdout] error[E0599]: no function or associated item named `pinned` found for struct `std::boxed::Box<_>` in the current scope
[INFO] [stdout]    --> src/scheduler.rs:195:29
[INFO] [stdout]     |
[INFO] [stdout] 195 |             tasks.push(Box::pinned(big_task1(1 + i / 6)));
[INFO] [stdout]     |                             ^^^^^^ function or associated item not found in `std::boxed::Box<_>`
[INFO] [stdout] 
[INFO] [stdout] 
[INFO] [stdout] error[E0599]: no function or associated item named `pinned` found for struct `std::boxed::Box<_>` in the current scope
[INFO] [stdout]    --> src/scheduler.rs:213:29
[INFO] [stdout]     |
[INFO] [stdout] 213 |             tasks.push(Box::pinned(big_task1(1 + i / 6)));
[INFO] [stdout]     |                             ^^^^^^ function or associated item not found in `std::boxed::Box<_>`
[INFO] [stdout] 
[INFO] [stdout] 
[INFO] [stdout] error[E0599]: no function or associated item named `pinned` found for struct `std::boxed::Box<_>` in the current scope
[INFO] [stdout]    --> src/scheduler.rs:228:41
[INFO] [stdout]     |
[INFO] [stdout] 228 |             scheduler.add_new_task(Box::pinned(big_task1(1 + i / 6)));
[INFO] [stdout]     |                                         ^^^^^^ function or associated item not found in `std::boxed::Box<_>`
[INFO] [stdout] 
[INFO] [stdout] 
[INFO] [stdout] error: aborting due to 2 previous errors; 2 warnings emitted
[INFO] [stdout] 
[INFO] [stdout] 
[INFO] [stdout] Some errors have detailed explanations: E0554, E0599.
[INFO] [stdout] 
[INFO] [stdout] For more information about an error, try `rustc --explain E0554`.
[INFO] [stdout] 
[INFO] [stderr] error: could not compile `advance`.
[INFO] [stderr] 
[INFO] [stderr] To learn more, run the command again with --verbose.
[INFO] [stderr] warning: build failed, waiting for other jobs to finish...
[INFO] [stdout] error: aborting due to 5 previous errors; 2 warnings emitted
[INFO] [stdout] 
[INFO] [stdout] 
[INFO] [stdout] Some errors have detailed explanations: E0554, E0599.
[INFO] [stdout] 
[INFO] [stdout] For more information about an error, try `rustc --explain E0554`.
[INFO] [stdout] 
[INFO] [stderr] error: build failed
[INFO] running `Command { std: "docker" "inspect" "e1797b8cde00b7cdede2d34429e7cbc90072b217942134570022e3d71e0a53e4", kill_on_drop: false }`
[INFO] running `Command { std: "docker" "rm" "-f" "e1797b8cde00b7cdede2d34429e7cbc90072b217942134570022e3d71e0a53e4", kill_on_drop: false }`
[INFO] [stdout] e1797b8cde00b7cdede2d34429e7cbc90072b217942134570022e3d71e0a53e4
