[INFO] cloning repository https://github.com/yerlikovboy/sudoku_generator
[INFO] running `Command { std: "git" "-c" "credential.helper=" "-c" "credential.helper=/workspace/cargo-home/bin/git-credential-null" "clone" "--bare" "https://github.com/yerlikovboy/sudoku_generator" "/workspace/cache/git-repos/https%3A%2F%2Fgithub.com%2Fyerlikovboy%2Fsudoku_generator", kill_on_drop: false }`
[INFO] [stderr] Cloning into bare repository '/workspace/cache/git-repos/https%3A%2F%2Fgithub.com%2Fyerlikovboy%2Fsudoku_generator'...
[INFO] running `Command { std: "git" "rev-parse" "HEAD", kill_on_drop: false }`
[INFO] [stdout] 5796b7c26ab430d464e76a8d313a29c5d6c66a4b
[INFO] checking yerlikovboy/sudoku_generator against beta-2020-07-24 for pr-75494-beta
[INFO] running `Command { std: "git" "clone" "/workspace/cache/git-repos/https%3A%2F%2Fgithub.com%2Fyerlikovboy%2Fsudoku_generator" "/workspace/builds/worker-1/source", kill_on_drop: false }`
[INFO] [stderr] Cloning into '/workspace/builds/worker-1/source'...
[INFO] [stderr] done.
[INFO] validating manifest of git repo https://github.com/yerlikovboy/sudoku_generator on toolchain beta-2020-07-24
[INFO] running `Command { std: "/workspace/cargo-home/bin/cargo" "+beta-2020-07-24" "read-manifest" "--manifest-path" "Cargo.toml", kill_on_drop: false }`
[INFO] started tweaking git repo https://github.com/yerlikovboy/sudoku_generator
[INFO] finished tweaking git repo https://github.com/yerlikovboy/sudoku_generator
[INFO] tweaked toml for git repo https://github.com/yerlikovboy/sudoku_generator written to /workspace/builds/worker-1/source/Cargo.toml
[INFO] crate git repo https://github.com/yerlikovboy/sudoku_generator already has a lockfile, it will not be regenerated
[INFO] running `Command { std: "/workspace/cargo-home/bin/cargo" "+beta-2020-07-24" "fetch" "--locked" "--manifest-path" "Cargo.toml", kill_on_drop: false }`
[INFO] [stderr]     Blocking waiting for file lock on package cache
[INFO] running `Command { std: "docker" "create" "-v" "/var/lib/crater-agent-workspace/builds/worker-1/target:/opt/rustwide/target:rw,Z" "-v" "/var/lib/crater-agent-workspace/builds/worker-1/source:/opt/rustwide/workdir:ro,Z" "-v" "/var/lib/crater-agent-workspace/cargo-home:/opt/rustwide/cargo-home:ro,Z" "-v" "/var/lib/crater-agent-workspace/rustup-home:/opt/rustwide/rustup-home:ro,Z" "-e" "SOURCE_DIR=/opt/rustwide/workdir" "-e" "CARGO_TARGET_DIR=/opt/rustwide/target" "-e" "CARGO_HOME=/opt/rustwide/cargo-home" "-e" "RUSTUP_HOME=/opt/rustwide/rustup-home" "-w" "/opt/rustwide/workdir" "-m" "1610612736" "--user" "0:0" "--network" "none" "rustops/crates-build-env@sha256:a636fd89d022f18117e1dc8fb37a0a009933cdbbe082814857f0e2024962d47c" "/opt/rustwide/cargo-home/bin/cargo" "+beta-2020-07-24" "metadata" "--no-deps" "--format-version=1", kill_on_drop: false }`
[INFO] [stdout] 37edbdcaffa9c1a6298e246cf04290df41b90d84d5d83f2463f5081a89790651
[INFO] [stderr] WARNING: Your kernel does not support swap limit capabilities or the cgroup is not mounted. Memory limited without swap.
[INFO] running `Command { std: "docker" "start" "-a" "37edbdcaffa9c1a6298e246cf04290df41b90d84d5d83f2463f5081a89790651", kill_on_drop: false }`
[INFO] running `Command { std: "docker" "inspect" "37edbdcaffa9c1a6298e246cf04290df41b90d84d5d83f2463f5081a89790651", kill_on_drop: false }`
[INFO] running `Command { std: "docker" "rm" "-f" "37edbdcaffa9c1a6298e246cf04290df41b90d84d5d83f2463f5081a89790651", kill_on_drop: false }`
[INFO] [stdout] 37edbdcaffa9c1a6298e246cf04290df41b90d84d5d83f2463f5081a89790651
[INFO] running `Command { std: "docker" "create" "-v" "/var/lib/crater-agent-workspace/builds/worker-1/target:/opt/rustwide/target:rw,Z" "-v" "/var/lib/crater-agent-workspace/builds/worker-1/source:/opt/rustwide/workdir:ro,Z" "-v" "/var/lib/crater-agent-workspace/cargo-home:/opt/rustwide/cargo-home:ro,Z" "-v" "/var/lib/crater-agent-workspace/rustup-home:/opt/rustwide/rustup-home:ro,Z" "-e" "SOURCE_DIR=/opt/rustwide/workdir" "-e" "CARGO_TARGET_DIR=/opt/rustwide/target" "-e" "CARGO_INCREMENTAL=0" "-e" "RUST_BACKTRACE=full" "-e" "RUSTFLAGS=--cap-lints=forbid" "-e" "CARGO_HOME=/opt/rustwide/cargo-home" "-e" "RUSTUP_HOME=/opt/rustwide/rustup-home" "-w" "/opt/rustwide/workdir" "-m" "1610612736" "--user" "0:0" "--network" "none" "rustops/crates-build-env@sha256:a636fd89d022f18117e1dc8fb37a0a009933cdbbe082814857f0e2024962d47c" "/opt/rustwide/cargo-home/bin/cargo" "+beta-2020-07-24" "check" "--frozen" "--all" "--all-targets" "--message-format=json", kill_on_drop: false }`
[INFO] [stdout] fe7b951eceff18869b4a1098adde14d0925e10867461227d9eee864cb4f66e4f
[INFO] [stderr] WARNING: Your kernel does not support swap limit capabilities or the cgroup is not mounted. Memory limited without swap.
[INFO] running `Command { std: "docker" "start" "-a" "fe7b951eceff18869b4a1098adde14d0925e10867461227d9eee864cb4f66e4f", kill_on_drop: false }`
[INFO] [stderr]    Compiling proc-macro2 v1.0.18
[INFO] [stderr]    Compiling libc v0.2.69
[INFO] [stderr]    Compiling syn v1.0.30
[INFO] [stderr]    Compiling ryu v1.0.5
[INFO] [stderr]    Compiling serde v1.0.111
[INFO] [stderr]     Checking itoa v0.4.5
[INFO] [stderr]     Checking sudoku v0.1.0 (https://github.com/yerlikovboy/sudoku#21fa9b13)
[INFO] [stderr]    Compiling quote v1.0.6
[INFO] [stderr]     Checking getrandom v0.1.14
[INFO] [stderr]     Checking rand_core v0.5.1
[INFO] [stderr]     Checking rand_chacha v0.2.2
[INFO] [stderr]     Checking rand v0.7.3
[INFO] [stderr]    Compiling serde_derive v1.0.111
[INFO] [stderr]     Checking serde_json v1.0.53
[INFO] [stderr]     Checking sudoku_generator v0.1.0 (/opt/rustwide/workdir)
[INFO] [stdout] error[E0599]: no function or associated item named `new` found for struct `cmd::Config` in the current scope
[INFO] [stdout]    --> src/cmd.rs:117:22
[INFO] [stdout]     |
[INFO] [stdout] 9   | pub struct Config {
[INFO] [stdout]     | ----------------- function or associated item `new` not found for this
[INFO] [stdout] ...
[INFO] [stdout] 117 |             (Config::new(20, Algorithm::Brute), (20, Algorithm::Brute)),
[INFO] [stdout]     |                      ^^^ function or associated item not found in `cmd::Config`
[INFO] [stdout]     |
[INFO] [stdout]     = help: items from traits can only be used if the trait is implemented and in scope
[INFO] [stdout]     = note: the following trait defines an item `new`, perhaps you need to implement it:
[INFO] [stdout]             candidate #1: `rand::distributions::uniform::UniformSampler`
[INFO] [stdout] 
[INFO] [stdout] 
[INFO] [stdout] error[E0599]: no function or associated item named `new` found for struct `cmd::Config` in the current scope
[INFO] [stdout]    --> src/cmd.rs:119:25
[INFO] [stdout]     |
[INFO] [stdout] 9   | pub struct Config {
[INFO] [stdout]     | ----------------- function or associated item `new` not found for this
[INFO] [stdout] ...
[INFO] [stdout] 119 |                 Config::new(10, Algorithm::Diagonal),
[INFO] [stdout]     |                         ^^^ function or associated item not found in `cmd::Config`
[INFO] [stdout]     |
[INFO] [stdout]     = help: items from traits can only be used if the trait is implemented and in scope
[INFO] [stdout]     = note: the following trait defines an item `new`, perhaps you need to implement it:
[INFO] [stdout]             candidate #1: `rand::distributions::uniform::UniformSampler`
[INFO] [stdout] 
[INFO] [stdout] 
[INFO] [stdout] error[E0308]: mismatched types
[INFO] [stdout]   --> src/gen/diag.rs:47:18
[INFO] [stdout]    |
[INFO] [stdout] 47 |         generate(1000);
[INFO] [stdout]    |                  ^^^^ expected `&cmd::Config`, found integer
[INFO] [stdout] 
[INFO] [stdout] 
[INFO] [stdout] error: aborting due to 3 previous errors
[INFO] [stdout] 
[INFO] [stdout] 
[INFO] [stdout] Some errors have detailed explanations: E0308, E0599.
[INFO] [stdout] 
[INFO] [stdout] For more information about an error, try `rustc --explain E0308`.
[INFO] [stdout] 
[INFO] [stderr] error: could not compile `sudoku_generator`.
[INFO] [stderr] 
[INFO] [stderr] To learn more, run the command again with --verbose.
[INFO] [stderr] warning: build failed, waiting for other jobs to finish...
[INFO] [stderr] error: build failed
[INFO] running `Command { std: "docker" "inspect" "fe7b951eceff18869b4a1098adde14d0925e10867461227d9eee864cb4f66e4f", kill_on_drop: false }`
[INFO] running `Command { std: "docker" "rm" "-f" "fe7b951eceff18869b4a1098adde14d0925e10867461227d9eee864cb4f66e4f", kill_on_drop: false }`
[INFO] [stdout] fe7b951eceff18869b4a1098adde14d0925e10867461227d9eee864cb4f66e4f
