[INFO] cloning repository https://github.com/y-usuzumi/naive-structures-rs
[INFO] running `Command { std: "git" "-c" "credential.helper=" "-c" "credential.helper=/workspace/cargo-home/bin/git-credential-null" "clone" "--bare" "https://github.com/y-usuzumi/naive-structures-rs" "/workspace/cache/git-repos/https%3A%2F%2Fgithub.com%2Fy-usuzumi%2Fnaive-structures-rs", kill_on_drop: false }`
[INFO] [stderr] Cloning into bare repository '/workspace/cache/git-repos/https%3A%2F%2Fgithub.com%2Fy-usuzumi%2Fnaive-structures-rs'...
[INFO] running `Command { std: "git" "rev-parse" "HEAD", kill_on_drop: false }`
[INFO] [stdout] 64ff0eedbb130f5f27b9b59e282a3cfab13d386a
[INFO] checking y-usuzumi/naive-structures-rs against beta-2020-07-24 for pr-75494-beta
[INFO] running `Command { std: "git" "clone" "/workspace/cache/git-repos/https%3A%2F%2Fgithub.com%2Fy-usuzumi%2Fnaive-structures-rs" "/workspace/builds/worker-6/source", kill_on_drop: false }`
[INFO] [stderr] Cloning into '/workspace/builds/worker-6/source'...
[INFO] [stderr] done.
[INFO] validating manifest of git repo https://github.com/y-usuzumi/naive-structures-rs on toolchain beta-2020-07-24
[INFO] running `Command { std: "/workspace/cargo-home/bin/cargo" "+beta-2020-07-24" "read-manifest" "--manifest-path" "Cargo.toml", kill_on_drop: false }`
[INFO] started tweaking git repo https://github.com/y-usuzumi/naive-structures-rs
[INFO] finished tweaking git repo https://github.com/y-usuzumi/naive-structures-rs
[INFO] tweaked toml for git repo https://github.com/y-usuzumi/naive-structures-rs written to /workspace/builds/worker-6/source/Cargo.toml
[INFO] crate git repo https://github.com/y-usuzumi/naive-structures-rs already has a lockfile, it will not be regenerated
[INFO] running `Command { std: "/workspace/cargo-home/bin/cargo" "+beta-2020-07-24" "fetch" "--locked" "--manifest-path" "Cargo.toml", kill_on_drop: false }`
[INFO] [stderr]     Blocking waiting for file lock on package cache
[INFO] running `Command { std: "docker" "create" "-v" "/var/lib/crater-agent-workspace/builds/worker-6/target:/opt/rustwide/target:rw,Z" "-v" "/var/lib/crater-agent-workspace/builds/worker-6/source:/opt/rustwide/workdir:ro,Z" "-v" "/var/lib/crater-agent-workspace/cargo-home:/opt/rustwide/cargo-home:ro,Z" "-v" "/var/lib/crater-agent-workspace/rustup-home:/opt/rustwide/rustup-home:ro,Z" "-e" "SOURCE_DIR=/opt/rustwide/workdir" "-e" "CARGO_TARGET_DIR=/opt/rustwide/target" "-e" "CARGO_HOME=/opt/rustwide/cargo-home" "-e" "RUSTUP_HOME=/opt/rustwide/rustup-home" "-w" "/opt/rustwide/workdir" "-m" "1610612736" "--user" "0:0" "--network" "none" "rustops/crates-build-env@sha256:a636fd89d022f18117e1dc8fb37a0a009933cdbbe082814857f0e2024962d47c" "/opt/rustwide/cargo-home/bin/cargo" "+beta-2020-07-24" "metadata" "--no-deps" "--format-version=1", kill_on_drop: false }`
[INFO] [stderr] WARNING: Your kernel does not support swap limit capabilities or the cgroup is not mounted. Memory limited without swap.
[INFO] [stdout] a260d873a81f4ba98d20118d841a4ba9eaa63a70fdf75957ad004f341e59c6d4
[INFO] running `Command { std: "docker" "start" "-a" "a260d873a81f4ba98d20118d841a4ba9eaa63a70fdf75957ad004f341e59c6d4", kill_on_drop: false }`
[INFO] running `Command { std: "docker" "inspect" "a260d873a81f4ba98d20118d841a4ba9eaa63a70fdf75957ad004f341e59c6d4", kill_on_drop: false }`
[INFO] running `Command { std: "docker" "rm" "-f" "a260d873a81f4ba98d20118d841a4ba9eaa63a70fdf75957ad004f341e59c6d4", kill_on_drop: false }`
[INFO] [stdout] a260d873a81f4ba98d20118d841a4ba9eaa63a70fdf75957ad004f341e59c6d4
[INFO] running `Command { std: "docker" "create" "-v" "/var/lib/crater-agent-workspace/builds/worker-6/target:/opt/rustwide/target:rw,Z" "-v" "/var/lib/crater-agent-workspace/builds/worker-6/source:/opt/rustwide/workdir:ro,Z" "-v" "/var/lib/crater-agent-workspace/cargo-home:/opt/rustwide/cargo-home:ro,Z" "-v" "/var/lib/crater-agent-workspace/rustup-home:/opt/rustwide/rustup-home:ro,Z" "-e" "SOURCE_DIR=/opt/rustwide/workdir" "-e" "CARGO_TARGET_DIR=/opt/rustwide/target" "-e" "CARGO_INCREMENTAL=0" "-e" "RUST_BACKTRACE=full" "-e" "RUSTFLAGS=--cap-lints=forbid" "-e" "CARGO_HOME=/opt/rustwide/cargo-home" "-e" "RUSTUP_HOME=/opt/rustwide/rustup-home" "-w" "/opt/rustwide/workdir" "-m" "1610612736" "--user" "0:0" "--network" "none" "rustops/crates-build-env@sha256:a636fd89d022f18117e1dc8fb37a0a009933cdbbe082814857f0e2024962d47c" "/opt/rustwide/cargo-home/bin/cargo" "+beta-2020-07-24" "check" "--frozen" "--all" "--all-targets" "--message-format=json", kill_on_drop: false }`
[INFO] [stdout] 402d0950ce29f2000644255d7faafa2a7b745ba667fa966b4e8f521d49a663ec
[INFO] [stderr] WARNING: Your kernel does not support swap limit capabilities or the cgroup is not mounted. Memory limited without swap.
[INFO] running `Command { std: "docker" "start" "-a" "402d0950ce29f2000644255d7faafa2a7b745ba667fa966b4e8f521d49a663ec", kill_on_drop: false }`
[INFO] [stderr]    Compiling debug_stub_derive v0.3.0
[INFO] [stderr]     Checking naive-structures v0.1.0 (/opt/rustwide/workdir)
[INFO] [stdout] error[E0557]: feature has been removed
[INFO] [stdout]  --> src/lib.rs:1:27
[INFO] [stdout]   |
[INFO] [stdout] 1 | #![feature(uniform_paths, custom_attribute)]
[INFO] [stdout]   |                           ^^^^^^^^^^^^^^^^ feature has been removed
[INFO] [stdout]   |
[INFO] [stdout]   = note: removed in favor of `#![register_tool]` and `#![register_attr]`
[INFO] [stdout] 
[INFO] [stdout] 
[INFO] [stdout] error[E0557]: feature has been removed
[INFO] [stdout]  --> src/lib.rs:1:27
[INFO] [stdout]   |
[INFO] [stdout] 1 | #![feature(uniform_paths, custom_attribute)]
[INFO] [stdout]   |                           ^^^^^^^^^^^^^^^^ feature has been removed
[INFO] [stdout]   |
[INFO] [stdout]   = note: removed in favor of `#![register_tool]` and `#![register_attr]`
[INFO] [stdout] 
[INFO] [stdout] 
[INFO] [stdout] error[E0554]: `#![feature]` may not be used on the beta release channel
[INFO] [stdout]  --> src/lib.rs:1:1
[INFO] [stdout]   |
[INFO] [stdout] 1 | #![feature(uniform_paths, custom_attribute)]
[INFO] [stdout]   | ^^^^^^^^^^^^^^^^^^^^^^^^^^^^^^^^^^^^^^^^^^^^
[INFO] [stdout] 
[INFO] [stdout] 
[INFO] [stdout] error[E0554]: `#![feature]` may not be used on the beta release channel
[INFO] [stdout]  --> src/lib.rs:1:1
[INFO] [stdout]   |
[INFO] [stdout] 1 | #![feature(uniform_paths, custom_attribute)]
[INFO] [stdout]   | ^^^^^^^^^^^^^^^^^^^^^^^^^^^^^^^^^^^^^^^^^^^^
[INFO] [stdout] 
[INFO] [stdout] 
[INFO] [stdout] error: aborting due to 2 previous errors
[INFO] [stdout] 
[INFO] [stdout] 
[INFO] [stdout] Some errors have detailed explanations: E0554, E0557.
[INFO] [stdout] 
[INFO] [stdout] For more information about an error, try `rustc --explain E0554`.
[INFO] [stdout] 
[INFO] [stderr] error: could not compile `naive-structures`.
[INFO] [stderr] 
[INFO] [stderr] To learn more, run the command again with --verbose.
[INFO] [stderr] warning: build failed, waiting for other jobs to finish...
[INFO] [stdout] error: aborting due to 2 previous errors
[INFO] [stdout] 
[INFO] [stdout] 
[INFO] [stdout] Some errors have detailed explanations: E0554, E0557.
[INFO] [stdout] 
[INFO] [stdout] For more information about an error, try `rustc --explain E0554`.
[INFO] [stdout] 
[INFO] [stderr] error: build failed
[INFO] running `Command { std: "docker" "inspect" "402d0950ce29f2000644255d7faafa2a7b745ba667fa966b4e8f521d49a663ec", kill_on_drop: false }`
[INFO] running `Command { std: "docker" "rm" "-f" "402d0950ce29f2000644255d7faafa2a7b745ba667fa966b4e8f521d49a663ec", kill_on_drop: false }`
[INFO] [stdout] 402d0950ce29f2000644255d7faafa2a7b745ba667fa966b4e8f521d49a663ec
