[INFO] cloning repository https://github.com/xTibor/rust-on-c64
[INFO] running `Command { std: "git" "-c" "credential.helper=" "-c" "credential.helper=/workspace/cargo-home/bin/git-credential-null" "clone" "--bare" "https://github.com/xTibor/rust-on-c64" "/workspace/cache/git-repos/https%3A%2F%2Fgithub.com%2FxTibor%2Frust-on-c64", kill_on_drop: false }`
[INFO] [stderr] Cloning into bare repository '/workspace/cache/git-repos/https%3A%2F%2Fgithub.com%2FxTibor%2Frust-on-c64'...
[INFO] running `Command { std: "git" "rev-parse" "HEAD", kill_on_drop: false }`
[INFO] [stdout] 73c1b06cd44cc32b2e3ea2dc9763bbe81b9e678a
[INFO] checking xTibor/rust-on-c64 against beta-2020-07-24 for pr-75494-beta
[INFO] running `Command { std: "git" "clone" "/workspace/cache/git-repos/https%3A%2F%2Fgithub.com%2FxTibor%2Frust-on-c64" "/workspace/builds/worker-9/source", kill_on_drop: false }`
[INFO] [stderr] Cloning into '/workspace/builds/worker-9/source'...
[INFO] [stderr] done.
[INFO] validating manifest of git repo https://github.com/xTibor/rust-on-c64 on toolchain beta-2020-07-24
[INFO] running `Command { std: "/workspace/cargo-home/bin/cargo" "+beta-2020-07-24" "read-manifest" "--manifest-path" "Cargo.toml", kill_on_drop: false }`
[INFO] started tweaking git repo https://github.com/xTibor/rust-on-c64
[INFO] finished tweaking git repo https://github.com/xTibor/rust-on-c64
[INFO] tweaked toml for git repo https://github.com/xTibor/rust-on-c64 written to /workspace/builds/worker-9/source/Cargo.toml
[INFO] crate git repo https://github.com/xTibor/rust-on-c64 already has a lockfile, it will not be regenerated
[INFO] running `Command { std: "/workspace/cargo-home/bin/cargo" "+beta-2020-07-24" "fetch" "--locked" "--manifest-path" "Cargo.toml", kill_on_drop: false }`
[INFO] [stderr] error: the lock file /workspace/builds/worker-9/source/Cargo.lock needs to be updated but --locked was passed to prevent this
[INFO] [stderr] If you want to try to generate the lock file without accessing the network, use the --offline flag.
[INFO] the lockfile is outdated, regenerating it
[INFO] running `Command { std: "/workspace/cargo-home/bin/cargo" "+beta-2020-07-24" "generate-lockfile" "--manifest-path" "Cargo.toml" "-Zno-index-update", kill_on_drop: false }`
[INFO] running `Command { std: "/workspace/cargo-home/bin/cargo" "+beta-2020-07-24" "fetch" "--locked" "--manifest-path" "Cargo.toml", kill_on_drop: false }`
[INFO] running `Command { std: "docker" "create" "-v" "/var/lib/crater-agent-workspace/builds/worker-9/target:/opt/rustwide/target:rw,Z" "-v" "/var/lib/crater-agent-workspace/builds/worker-9/source:/opt/rustwide/workdir:ro,Z" "-v" "/var/lib/crater-agent-workspace/cargo-home:/opt/rustwide/cargo-home:ro,Z" "-v" "/var/lib/crater-agent-workspace/rustup-home:/opt/rustwide/rustup-home:ro,Z" "-e" "SOURCE_DIR=/opt/rustwide/workdir" "-e" "CARGO_TARGET_DIR=/opt/rustwide/target" "-e" "CARGO_HOME=/opt/rustwide/cargo-home" "-e" "RUSTUP_HOME=/opt/rustwide/rustup-home" "-w" "/opt/rustwide/workdir" "-m" "1610612736" "--user" "0:0" "--network" "none" "rustops/crates-build-env@sha256:a636fd89d022f18117e1dc8fb37a0a009933cdbbe082814857f0e2024962d47c" "/opt/rustwide/cargo-home/bin/cargo" "+beta-2020-07-24" "metadata" "--no-deps" "--format-version=1", kill_on_drop: false }`
[INFO] [stderr] WARNING: Your kernel does not support swap limit capabilities or the cgroup is not mounted. Memory limited without swap.
[INFO] [stdout] 733b13a88324dada8072007966b9a17d2370931a0a93e0fecd4deebf00d84bfa
[INFO] running `Command { std: "docker" "start" "-a" "733b13a88324dada8072007966b9a17d2370931a0a93e0fecd4deebf00d84bfa", kill_on_drop: false }`
[INFO] running `Command { std: "docker" "inspect" "733b13a88324dada8072007966b9a17d2370931a0a93e0fecd4deebf00d84bfa", kill_on_drop: false }`
[INFO] running `Command { std: "docker" "rm" "-f" "733b13a88324dada8072007966b9a17d2370931a0a93e0fecd4deebf00d84bfa", kill_on_drop: false }`
[INFO] [stdout] 733b13a88324dada8072007966b9a17d2370931a0a93e0fecd4deebf00d84bfa
[INFO] running `Command { std: "docker" "create" "-v" "/var/lib/crater-agent-workspace/builds/worker-9/target:/opt/rustwide/target:rw,Z" "-v" "/var/lib/crater-agent-workspace/builds/worker-9/source:/opt/rustwide/workdir:ro,Z" "-v" "/var/lib/crater-agent-workspace/cargo-home:/opt/rustwide/cargo-home:ro,Z" "-v" "/var/lib/crater-agent-workspace/rustup-home:/opt/rustwide/rustup-home:ro,Z" "-e" "SOURCE_DIR=/opt/rustwide/workdir" "-e" "CARGO_TARGET_DIR=/opt/rustwide/target" "-e" "CARGO_INCREMENTAL=0" "-e" "RUST_BACKTRACE=full" "-e" "RUSTFLAGS=--cap-lints=forbid" "-e" "CARGO_HOME=/opt/rustwide/cargo-home" "-e" "RUSTUP_HOME=/opt/rustwide/rustup-home" "-w" "/opt/rustwide/workdir" "-m" "1610612736" "--user" "0:0" "--network" "none" "rustops/crates-build-env@sha256:a636fd89d022f18117e1dc8fb37a0a009933cdbbe082814857f0e2024962d47c" "/opt/rustwide/cargo-home/bin/cargo" "+beta-2020-07-24" "check" "--frozen" "--all" "--all-targets" "--message-format=json", kill_on_drop: false }`
[INFO] [stdout] 5cbf9aba78e029d054e35597e63063699fe086fe0ac083edb64dcf0c0e83de14
[INFO] [stderr] WARNING: Your kernel does not support swap limit capabilities or the cgroup is not mounted. Memory limited without swap.
[INFO] running `Command { std: "docker" "start" "-a" "5cbf9aba78e029d054e35597e63063699fe086fe0ac083edb64dcf0c0e83de14", kill_on_drop: false }`
[INFO] [stderr]    Compiling libc v0.2.76
[INFO] [stderr]     Checking rust-on-c64 v0.1.0 (/opt/rustwide/workdir)
[INFO] [stdout] error[E0554]: `#![feature]` may not be used on the beta release channel
[INFO] [stdout]  --> src/main.rs:1:1
[INFO] [stdout]   |
[INFO] [stdout] 1 | #![feature(lang_items, core_intrinsics)]
[INFO] [stdout]   | ^^^^^^^^^^^^^^^^^^^^^^^^^^^^^^^^^^^^^^^^
[INFO] [stdout] 
[INFO] [stdout] 
[INFO] [stdout] error[E0554]: `#![feature]` may not be used on the beta release channel
[INFO] [stdout]  --> src/main.rs:2:1
[INFO] [stdout]   |
[INFO] [stdout] 2 | #![feature(start)]
[INFO] [stdout]   | ^^^^^^^^^^^^^^^^^^
[INFO] [stdout] 
[INFO] [stdout] 
[INFO] [stdout] error[E0522]: definition of an unknown language item: `panic_fmt`
[INFO] [stdout]   --> src/main.rs:48:1
[INFO] [stdout]    |
[INFO] [stdout] 48 | #[lang = "panic_fmt"]
[INFO] [stdout]    | ^^^^^^^^^^^^^^^^^^^^^ definition of unknown language item `panic_fmt`
[INFO] [stdout] 
[INFO] [stdout] 
[INFO] [stdout] error: `#[panic_handler]` function required, but not found
[INFO] [stdout] 
[INFO] [stdout] 
[INFO] [stdout] warning: unreachable expression
[INFO] [stdout]   --> src/main.rs:40:5
[INFO] [stdout]    |
[INFO] [stdout] 25 | /         loop {
[INFO] [stdout] 26 | |             let position = n * 40 + n;
[INFO] [stdout] 27 | |
[INFO] [stdout] 28 | |             core::intrinsics::copy(text.as_ptr(), screen_ptr.offset(position), text.len());
[INFO] [stdout] ...  |
[INFO] [stdout] 37 | |             }
[INFO] [stdout] 38 | |         }
[INFO] [stdout]    | |_________- any code following this expression is unreachable
[INFO] [stdout] 39 |       }
[INFO] [stdout] 40 |       0
[INFO] [stdout]    |       ^ unreachable expression
[INFO] [stdout]    |
[INFO] [stdout]    = note: `#[warn(unreachable_code)]` on by default
[INFO] [stdout] 
[INFO] [stdout] 
[INFO] [stdout] error: aborting due to 4 previous errors; 1 warning emitted
[INFO] [stdout] 
[INFO] [stdout] 
[INFO] [stderr] error: could not compile `rust-on-c64`.
[INFO] [stdout] Some errors have detailed explanations: E0522, E0554.
[INFO] [stdout] 
[INFO] [stderr] 
[INFO] [stdout] For more information about an error, try `rustc --explain E0522`.
[INFO] [stdout] 
[INFO] [stderr] To learn more, run the command again with --verbose.
[INFO] [stderr] warning: build failed, waiting for other jobs to finish...
[INFO] [stdout] error[E0554]: `#![feature]` may not be used on the beta release channel
[INFO] [stdout]  --> src/main.rs:1:1
[INFO] [stdout]   |
[INFO] [stdout] 1 | #![feature(lang_items, core_intrinsics)]
[INFO] [stdout]   | ^^^^^^^^^^^^^^^^^^^^^^^^^^^^^^^^^^^^^^^^
[INFO] [stdout] 
[INFO] [stdout] 
[INFO] [stdout] error[E0554]: `#![feature]` may not be used on the beta release channel
[INFO] [stdout]  --> src/main.rs:2:1
[INFO] [stdout]   |
[INFO] [stdout] 2 | #![feature(start)]
[INFO] [stdout]   | ^^^^^^^^^^^^^^^^^^
[INFO] [stdout] 
[INFO] [stdout] 
[INFO] [stdout] error[E0152]: found duplicate lang item `eh_personality`
[INFO] [stdout]   --> src/main.rs:45:1
[INFO] [stdout]    |
[INFO] [stdout] 45 | / pub extern fn rust_eh_personality() {
[INFO] [stdout] 46 | | }
[INFO] [stdout]    | |_^
[INFO] [stdout]    |
[INFO] [stdout]    = note: the lang item is first defined in crate `panic_unwind` (which `std` depends on)
[INFO] [stdout]    = note: first definition in `panic_unwind` loaded from /opt/rustwide/rustup-home/toolchains/beta-2020-07-24-x86_64-unknown-linux-gnu/lib/rustlib/x86_64-unknown-linux-gnu/lib/libpanic_unwind-9717ec0599b569a0.rlib
[INFO] [stdout]    = note: second definition in the local crate (`rust_on_c64`)
[INFO] [stdout] 
[INFO] [stdout] 
[INFO] [stdout] error[E0522]: definition of an unknown language item: `panic_fmt`
[INFO] [stdout]   --> src/main.rs:48:1
[INFO] [stdout]    |
[INFO] [stdout] 48 | #[lang = "panic_fmt"]
[INFO] [stdout]    | ^^^^^^^^^^^^^^^^^^^^^ definition of unknown language item `panic_fmt`
[INFO] [stdout] 
[INFO] [stdout] 
[INFO] [stdout] warning: unreachable expression
[INFO] [stdout]   --> src/main.rs:40:5
[INFO] [stdout]    |
[INFO] [stdout] 25 | /         loop {
[INFO] [stdout] 26 | |             let position = n * 40 + n;
[INFO] [stdout] 27 | |
[INFO] [stdout] 28 | |             core::intrinsics::copy(text.as_ptr(), screen_ptr.offset(position), text.len());
[INFO] [stdout] ...  |
[INFO] [stdout] 37 | |             }
[INFO] [stdout] 38 | |         }
[INFO] [stdout]    | |_________- any code following this expression is unreachable
[INFO] [stdout] 39 |       }
[INFO] [stdout] 40 |       0
[INFO] [stdout]    |       ^ unreachable expression
[INFO] [stdout]    |
[INFO] [stdout]    = note: `#[warn(unreachable_code)]` on by default
[INFO] [stdout] 
[INFO] [stdout] 
[INFO] [stdout] error: aborting due to 4 previous errors; 1 warning emitted
[INFO] [stdout] 
[INFO] [stdout] 
[INFO] [stdout] Some errors have detailed explanations: E0152, E0522, E0554.
[INFO] [stdout] 
[INFO] [stdout] For more information about an error, try `rustc --explain E0152`.
[INFO] [stdout] 
[INFO] [stderr] error: build failed
[INFO] running `Command { std: "docker" "inspect" "5cbf9aba78e029d054e35597e63063699fe086fe0ac083edb64dcf0c0e83de14", kill_on_drop: false }`
[INFO] running `Command { std: "docker" "rm" "-f" "5cbf9aba78e029d054e35597e63063699fe086fe0ac083edb64dcf0c0e83de14", kill_on_drop: false }`
[INFO] [stdout] 5cbf9aba78e029d054e35597e63063699fe086fe0ac083edb64dcf0c0e83de14
