[INFO] cloning repository https://github.com/wmoczulsky/ram_jit
[INFO] running `Command { std: "git" "-c" "credential.helper=" "-c" "credential.helper=/workspace/cargo-home/bin/git-credential-null" "clone" "--bare" "https://github.com/wmoczulsky/ram_jit" "/workspace/cache/git-repos/https%3A%2F%2Fgithub.com%2Fwmoczulsky%2Fram_jit", kill_on_drop: false }`
[INFO] [stderr] Cloning into bare repository '/workspace/cache/git-repos/https%3A%2F%2Fgithub.com%2Fwmoczulsky%2Fram_jit'...
[INFO] running `Command { std: "git" "rev-parse" "HEAD", kill_on_drop: false }`
[INFO] [stdout] b0385b46f5a176e4b60243bd8f2196dbcaaab027
[INFO] checking wmoczulsky/ram_jit against beta-2020-07-24 for pr-75494-beta
[INFO] running `Command { std: "git" "clone" "/workspace/cache/git-repos/https%3A%2F%2Fgithub.com%2Fwmoczulsky%2Fram_jit" "/workspace/builds/worker-4/source", kill_on_drop: false }`
[INFO] [stderr] Cloning into '/workspace/builds/worker-4/source'...
[INFO] [stderr] done.
[INFO] validating manifest of git repo https://github.com/wmoczulsky/ram_jit on toolchain beta-2020-07-24
[INFO] running `Command { std: "/workspace/cargo-home/bin/cargo" "+beta-2020-07-24" "read-manifest" "--manifest-path" "Cargo.toml", kill_on_drop: false }`
[INFO] started tweaking git repo https://github.com/wmoczulsky/ram_jit
[INFO] finished tweaking git repo https://github.com/wmoczulsky/ram_jit
[INFO] tweaked toml for git repo https://github.com/wmoczulsky/ram_jit written to /workspace/builds/worker-4/source/Cargo.toml
[INFO] crate git repo https://github.com/wmoczulsky/ram_jit already has a lockfile, it will not be regenerated
[INFO] running `Command { std: "/workspace/cargo-home/bin/cargo" "+beta-2020-07-24" "fetch" "--locked" "--manifest-path" "Cargo.toml", kill_on_drop: false }`
[INFO] running `Command { std: "docker" "create" "-v" "/var/lib/crater-agent-workspace/builds/worker-4/target:/opt/rustwide/target:rw,Z" "-v" "/var/lib/crater-agent-workspace/builds/worker-4/source:/opt/rustwide/workdir:ro,Z" "-v" "/var/lib/crater-agent-workspace/cargo-home:/opt/rustwide/cargo-home:ro,Z" "-v" "/var/lib/crater-agent-workspace/rustup-home:/opt/rustwide/rustup-home:ro,Z" "-e" "SOURCE_DIR=/opt/rustwide/workdir" "-e" "CARGO_TARGET_DIR=/opt/rustwide/target" "-e" "CARGO_HOME=/opt/rustwide/cargo-home" "-e" "RUSTUP_HOME=/opt/rustwide/rustup-home" "-w" "/opt/rustwide/workdir" "-m" "1610612736" "--user" "0:0" "--network" "none" "rustops/crates-build-env@sha256:a636fd89d022f18117e1dc8fb37a0a009933cdbbe082814857f0e2024962d47c" "/opt/rustwide/cargo-home/bin/cargo" "+beta-2020-07-24" "metadata" "--no-deps" "--format-version=1", kill_on_drop: false }`
[INFO] [stdout] 7c4a9e286b828f83d1826f3cb6551e7b8ab212f45ac1e3c988c6cb1a992294f9
[INFO] [stderr] WARNING: Your kernel does not support swap limit capabilities or the cgroup is not mounted. Memory limited without swap.
[INFO] running `Command { std: "docker" "start" "-a" "7c4a9e286b828f83d1826f3cb6551e7b8ab212f45ac1e3c988c6cb1a992294f9", kill_on_drop: false }`
[INFO] running `Command { std: "docker" "inspect" "7c4a9e286b828f83d1826f3cb6551e7b8ab212f45ac1e3c988c6cb1a992294f9", kill_on_drop: false }`
[INFO] running `Command { std: "docker" "rm" "-f" "7c4a9e286b828f83d1826f3cb6551e7b8ab212f45ac1e3c988c6cb1a992294f9", kill_on_drop: false }`
[INFO] [stdout] 7c4a9e286b828f83d1826f3cb6551e7b8ab212f45ac1e3c988c6cb1a992294f9
[INFO] running `Command { std: "docker" "create" "-v" "/var/lib/crater-agent-workspace/builds/worker-4/target:/opt/rustwide/target:rw,Z" "-v" "/var/lib/crater-agent-workspace/builds/worker-4/source:/opt/rustwide/workdir:ro,Z" "-v" "/var/lib/crater-agent-workspace/cargo-home:/opt/rustwide/cargo-home:ro,Z" "-v" "/var/lib/crater-agent-workspace/rustup-home:/opt/rustwide/rustup-home:ro,Z" "-e" "SOURCE_DIR=/opt/rustwide/workdir" "-e" "CARGO_TARGET_DIR=/opt/rustwide/target" "-e" "CARGO_INCREMENTAL=0" "-e" "RUST_BACKTRACE=full" "-e" "RUSTFLAGS=--cap-lints=forbid" "-e" "CARGO_HOME=/opt/rustwide/cargo-home" "-e" "RUSTUP_HOME=/opt/rustwide/rustup-home" "-w" "/opt/rustwide/workdir" "-m" "1610612736" "--user" "0:0" "--network" "none" "rustops/crates-build-env@sha256:a636fd89d022f18117e1dc8fb37a0a009933cdbbe082814857f0e2024962d47c" "/opt/rustwide/cargo-home/bin/cargo" "+beta-2020-07-24" "check" "--frozen" "--all" "--all-targets" "--message-format=json", kill_on_drop: false }`
[INFO] [stdout] 15519e1dfe4f89fb819ff80a15dde62d6ab4f3a16604999af8ca196058e3267b
[INFO] [stderr] WARNING: Your kernel does not support swap limit capabilities or the cgroup is not mounted. Memory limited without swap.
[INFO] running `Command { std: "docker" "start" "-a" "15519e1dfe4f89fb819ff80a15dde62d6ab4f3a16604999af8ca196058e3267b", kill_on_drop: false }`
[INFO] [stderr]     Checking ram_jit v0.1.0 (/opt/rustwide/workdir)
[INFO] [stdout] error[E0583]: file not found for module `vm`
[INFO] [stdout]  --> src/main.rs:4:1
[INFO] [stdout]   |
[INFO] [stdout] 4 | mod vm;
[INFO] [stdout]   | ^^^^^^^
[INFO] [stdout]   |
[INFO] [stdout]   = help: to create the module `vm`, create file "src/vm.rs"
[INFO] [stdout] 
[INFO] [stdout] 
[INFO] [stdout] error[E0583]: file not found for module `vm`
[INFO] [stdout]  --> src/main.rs:4:1
[INFO] [stdout]   |
[INFO] [stdout] 4 | mod vm;
[INFO] [stdout]   | ^^^^^^^
[INFO] [stdout]   |
[INFO] [stdout]   = help: to create the module `vm`, create file "src/vm.rs"
[INFO] [stdout] 
[INFO] [stdout] 
[INFO] [stdout] error[E0425]: cannot find function `execute` in module `vm`
[INFO] [stdout]    --> src/main.rs:102:9
[INFO] [stdout]     |
[INFO] [stdout] 102 |     vm::execute(program, get_input())?;
[INFO] [stdout]     |         ^^^^^^^ not found in `vm`
[INFO] [stdout] 
[INFO] [stdout] 
[INFO] [stdout] error[E0425]: cannot find function `execute` in module `vm`
[INFO] [stdout]    --> src/main.rs:102:9
[INFO] [stdout]     |
[INFO] [stdout] 102 |     vm::execute(program, get_input())?;
[INFO] [stdout]     |         ^^^^^^^ not found in `vm`
[INFO] [stdout] 
[INFO] [stdout] 
[INFO] [stdout] error: aborting due to 2 previous errors
[INFO] [stdout] 
[INFO] [stdout] 
[INFO] [stdout] Some errors have detailed explanations: E0425, E0583.
[INFO] [stdout] 
[INFO] [stdout] For more information about an error, try `rustc --explain E0425`.
[INFO] [stdout] 
[INFO] [stderr] error: could not compile `ram_jit`.
[INFO] [stderr] 
[INFO] [stderr] To learn more, run the command again with --verbose.
[INFO] [stderr] warning: build failed, waiting for other jobs to finish...
[INFO] [stdout] error: aborting due to 2 previous errors
[INFO] [stdout] 
[INFO] [stdout] 
[INFO] [stdout] Some errors have detailed explanations: E0425, E0583.
[INFO] [stdout] 
[INFO] [stdout] For more information about an error, try `rustc --explain E0425`.
[INFO] [stdout] 
[INFO] [stderr] error: build failed
[INFO] running `Command { std: "docker" "inspect" "15519e1dfe4f89fb819ff80a15dde62d6ab4f3a16604999af8ca196058e3267b", kill_on_drop: false }`
[INFO] running `Command { std: "docker" "rm" "-f" "15519e1dfe4f89fb819ff80a15dde62d6ab4f3a16604999af8ca196058e3267b", kill_on_drop: false }`
[INFO] [stdout] 15519e1dfe4f89fb819ff80a15dde62d6ab4f3a16604999af8ca196058e3267b
