[INFO] cloning repository https://github.com/weston-boldt/stuff
[INFO] running `Command { std: "git" "-c" "credential.helper=" "-c" "credential.helper=/workspace/cargo-home/bin/git-credential-null" "clone" "--bare" "https://github.com/weston-boldt/stuff" "/workspace/cache/git-repos/https%3A%2F%2Fgithub.com%2Fweston-boldt%2Fstuff", kill_on_drop: false }`
[INFO] [stderr] Cloning into bare repository '/workspace/cache/git-repos/https%3A%2F%2Fgithub.com%2Fweston-boldt%2Fstuff'...
[INFO] running `Command { std: "git" "rev-parse" "HEAD", kill_on_drop: false }`
[INFO] [stdout] 7fd668cfbd0cbde7750828025ce2c757f15b3177
[INFO] checking weston-boldt/stuff against beta-2020-07-24 for pr-75494-beta
[INFO] running `Command { std: "git" "clone" "/workspace/cache/git-repos/https%3A%2F%2Fgithub.com%2Fweston-boldt%2Fstuff" "/workspace/builds/worker-4/source", kill_on_drop: false }`
[INFO] [stderr] Cloning into '/workspace/builds/worker-4/source'...
[INFO] [stderr] done.
[INFO] validating manifest of git repo https://github.com/weston-boldt/stuff on toolchain beta-2020-07-24
[INFO] running `Command { std: "/workspace/cargo-home/bin/cargo" "+beta-2020-07-24" "read-manifest" "--manifest-path" "Cargo.toml", kill_on_drop: false }`
[INFO] started tweaking git repo https://github.com/weston-boldt/stuff
[INFO] finished tweaking git repo https://github.com/weston-boldt/stuff
[INFO] tweaked toml for git repo https://github.com/weston-boldt/stuff written to /workspace/builds/worker-4/source/Cargo.toml
[INFO] crate git repo https://github.com/weston-boldt/stuff already has a lockfile, it will not be regenerated
[INFO] running `Command { std: "/workspace/cargo-home/bin/cargo" "+beta-2020-07-24" "fetch" "--locked" "--manifest-path" "Cargo.toml", kill_on_drop: false }`
[INFO] running `Command { std: "docker" "create" "-v" "/var/lib/crater-agent-workspace/builds/worker-4/target:/opt/rustwide/target:rw,Z" "-v" "/var/lib/crater-agent-workspace/builds/worker-4/source:/opt/rustwide/workdir:ro,Z" "-v" "/var/lib/crater-agent-workspace/cargo-home:/opt/rustwide/cargo-home:ro,Z" "-v" "/var/lib/crater-agent-workspace/rustup-home:/opt/rustwide/rustup-home:ro,Z" "-e" "SOURCE_DIR=/opt/rustwide/workdir" "-e" "CARGO_TARGET_DIR=/opt/rustwide/target" "-e" "CARGO_HOME=/opt/rustwide/cargo-home" "-e" "RUSTUP_HOME=/opt/rustwide/rustup-home" "-w" "/opt/rustwide/workdir" "-m" "1610612736" "--user" "0:0" "--network" "none" "rustops/crates-build-env@sha256:a636fd89d022f18117e1dc8fb37a0a009933cdbbe082814857f0e2024962d47c" "/opt/rustwide/cargo-home/bin/cargo" "+beta-2020-07-24" "metadata" "--no-deps" "--format-version=1", kill_on_drop: false }`
[INFO] [stdout] 87567ce62b96df3666154f38fc7a834d058c30b7ad323621a0ea178f5c93502c
[INFO] [stderr] WARNING: Your kernel does not support swap limit capabilities or the cgroup is not mounted. Memory limited without swap.
[INFO] running `Command { std: "docker" "start" "-a" "87567ce62b96df3666154f38fc7a834d058c30b7ad323621a0ea178f5c93502c", kill_on_drop: false }`
[INFO] running `Command { std: "docker" "inspect" "87567ce62b96df3666154f38fc7a834d058c30b7ad323621a0ea178f5c93502c", kill_on_drop: false }`
[INFO] running `Command { std: "docker" "rm" "-f" "87567ce62b96df3666154f38fc7a834d058c30b7ad323621a0ea178f5c93502c", kill_on_drop: false }`
[INFO] [stdout] 87567ce62b96df3666154f38fc7a834d058c30b7ad323621a0ea178f5c93502c
[INFO] running `Command { std: "docker" "create" "-v" "/var/lib/crater-agent-workspace/builds/worker-4/target:/opt/rustwide/target:rw,Z" "-v" "/var/lib/crater-agent-workspace/builds/worker-4/source:/opt/rustwide/workdir:ro,Z" "-v" "/var/lib/crater-agent-workspace/cargo-home:/opt/rustwide/cargo-home:ro,Z" "-v" "/var/lib/crater-agent-workspace/rustup-home:/opt/rustwide/rustup-home:ro,Z" "-e" "SOURCE_DIR=/opt/rustwide/workdir" "-e" "CARGO_TARGET_DIR=/opt/rustwide/target" "-e" "CARGO_INCREMENTAL=0" "-e" "RUST_BACKTRACE=full" "-e" "RUSTFLAGS=--cap-lints=forbid" "-e" "CARGO_HOME=/opt/rustwide/cargo-home" "-e" "RUSTUP_HOME=/opt/rustwide/rustup-home" "-w" "/opt/rustwide/workdir" "-m" "1610612736" "--user" "0:0" "--network" "none" "rustops/crates-build-env@sha256:a636fd89d022f18117e1dc8fb37a0a009933cdbbe082814857f0e2024962d47c" "/opt/rustwide/cargo-home/bin/cargo" "+beta-2020-07-24" "check" "--frozen" "--all" "--all-targets" "--message-format=json", kill_on_drop: false }`
[INFO] [stdout] bdfe7ee8485bd710ed969a740603a9bae2fc2ba65aecedd256bf77c3d76cb7dd
[INFO] [stderr] WARNING: Your kernel does not support swap limit capabilities or the cgroup is not mounted. Memory limited without swap.
[INFO] running `Command { std: "docker" "start" "-a" "bdfe7ee8485bd710ed969a740603a9bae2fc2ba65aecedd256bf77c3d76cb7dd", kill_on_drop: false }`
[INFO] [stderr]     Checking stuff v0.1.0 (/opt/rustwide/workdir)
[INFO] [stdout] error[E0583]: file not found for module `lib`
[INFO] [stdout]  --> src/main.rs:1:1
[INFO] [stdout]   |
[INFO] [stdout] 1 | mod lib;
[INFO] [stdout]   | ^^^^^^^^
[INFO] [stdout]   |
[INFO] [stdout]   = help: to create the module `lib`, create file "src/lib.rs"
[INFO] [stdout] 
[INFO] [stdout] 
[INFO] [stdout] error[E0583]: file not found for module `lib`
[INFO] [stdout]  --> src/main.rs:1:1
[INFO] [stdout]   |
[INFO] [stdout] 1 | mod lib;
[INFO] [stdout]   | ^^^^^^^^
[INFO] [stdout]   |
[INFO] [stdout]   = help: to create the module `lib`, create file "src/lib.rs"
[INFO] [stdout] 
[INFO] [stdout] 
[INFO] [stdout] error[E0432]: unresolved import `lib::queue`
[INFO] [stdout]  --> src/main.rs:2:10
[INFO] [stdout]   |
[INFO] [stdout] 2 | use lib::queue::*;
[INFO] [stdout]   |          ^^^^^ could not find `queue` in `lib`
[INFO] [stdout] 
[INFO] [stdout] 
[INFO] [stdout] error[E0433]: failed to resolve: use of undeclared type or module `Queue`
[INFO] [stdout]  --> src/main.rs:4:21
[INFO] [stdout]   |
[INFO] [stdout] 4 |     let mut queue = Queue::<i32>::new(16);
[INFO] [stdout]   |                     ^^^^^ use of undeclared type or module `Queue`
[INFO] [stdout] 
[INFO] [stdout] 
[INFO] [stdout] error[E0432]: unresolved import `lib::queue`
[INFO] [stdout]  --> src/main.rs:2:10
[INFO] [stdout]   |
[INFO] [stdout] 2 | use lib::queue::*;
[INFO] [stdout]   |          ^^^^^ could not find `queue` in `lib`
[INFO] [stdout] 
[INFO] [stdout] 
[INFO] [stdout] error: aborting due to 3 previous errors
[INFO] [stdout] 
[INFO] [stdout] 
[INFO] [stdout] Some errors have detailed explanations: E0432, E0433, E0583.
[INFO] [stdout] 
[INFO] [stdout] For more information about an error, try `rustc --explain E0432`.
[INFO] [stdout] 
[INFO] [stdout] error[E0433]: failed to resolve: use of undeclared type or module `Queue`
[INFO] [stdout]  --> src/main.rs:4:21
[INFO] [stdout]   |
[INFO] [stdout] 4 |     let mut queue = Queue::<i32>::new(16);
[INFO] [stdout]   |                     ^^^^^ use of undeclared type or module `Queue`
[INFO] [stdout] 
[INFO] [stdout] 
[INFO] [stderr] error: could not compile `stuff`.
[INFO] [stderr] 
[INFO] [stderr] To learn more, run the command again with --verbose.
[INFO] [stderr] warning: build failed, waiting for other jobs to finish...
[INFO] [stdout] error: aborting due to 3 previous errors
[INFO] [stdout] 
[INFO] [stdout] 
[INFO] [stdout] Some errors have detailed explanations: E0432, E0433, E0583.
[INFO] [stdout] 
[INFO] [stdout] For more information about an error, try `rustc --explain E0432`.
[INFO] [stdout] 
[INFO] [stderr] error: build failed
[INFO] running `Command { std: "docker" "inspect" "bdfe7ee8485bd710ed969a740603a9bae2fc2ba65aecedd256bf77c3d76cb7dd", kill_on_drop: false }`
[INFO] running `Command { std: "docker" "rm" "-f" "bdfe7ee8485bd710ed969a740603a9bae2fc2ba65aecedd256bf77c3d76cb7dd", kill_on_drop: false }`
[INFO] [stdout] bdfe7ee8485bd710ed969a740603a9bae2fc2ba65aecedd256bf77c3d76cb7dd
