[INFO] cloning repository https://github.com/w4tson/advent-of-code-2017-rust
[INFO] running `Command { std: "git" "-c" "credential.helper=" "-c" "credential.helper=/workspace/cargo-home/bin/git-credential-null" "clone" "--bare" "https://github.com/w4tson/advent-of-code-2017-rust" "/workspace/cache/git-repos/https%3A%2F%2Fgithub.com%2Fw4tson%2Fadvent-of-code-2017-rust", kill_on_drop: false }`
[INFO] [stderr] Cloning into bare repository '/workspace/cache/git-repos/https%3A%2F%2Fgithub.com%2Fw4tson%2Fadvent-of-code-2017-rust'...
[INFO] running `Command { std: "git" "rev-parse" "HEAD", kill_on_drop: false }`
[INFO] [stdout] ac8ad2f06312bdf2192741bd10ac71eb5e29b197
[INFO] checking w4tson/advent-of-code-2017-rust against beta-2020-07-24 for pr-75494-beta
[INFO] running `Command { std: "git" "clone" "/workspace/cache/git-repos/https%3A%2F%2Fgithub.com%2Fw4tson%2Fadvent-of-code-2017-rust" "/workspace/builds/worker-13/source", kill_on_drop: false }`
[INFO] [stderr] Cloning into '/workspace/builds/worker-13/source'...
[INFO] [stderr] done.
[INFO] validating manifest of git repo https://github.com/w4tson/advent-of-code-2017-rust on toolchain beta-2020-07-24
[INFO] running `Command { std: "/workspace/cargo-home/bin/cargo" "+beta-2020-07-24" "read-manifest" "--manifest-path" "Cargo.toml", kill_on_drop: false }`
[INFO] started tweaking git repo https://github.com/w4tson/advent-of-code-2017-rust
[INFO] finished tweaking git repo https://github.com/w4tson/advent-of-code-2017-rust
[INFO] tweaked toml for git repo https://github.com/w4tson/advent-of-code-2017-rust written to /workspace/builds/worker-13/source/Cargo.toml
[INFO] crate git repo https://github.com/w4tson/advent-of-code-2017-rust already has a lockfile, it will not be regenerated
[INFO] running `Command { std: "/workspace/cargo-home/bin/cargo" "+beta-2020-07-24" "fetch" "--locked" "--manifest-path" "Cargo.toml", kill_on_drop: false }`
[INFO] running `Command { std: "docker" "create" "-v" "/var/lib/crater-agent-workspace/builds/worker-13/target:/opt/rustwide/target:rw,Z" "-v" "/var/lib/crater-agent-workspace/builds/worker-13/source:/opt/rustwide/workdir:ro,Z" "-v" "/var/lib/crater-agent-workspace/cargo-home:/opt/rustwide/cargo-home:ro,Z" "-v" "/var/lib/crater-agent-workspace/rustup-home:/opt/rustwide/rustup-home:ro,Z" "-e" "SOURCE_DIR=/opt/rustwide/workdir" "-e" "CARGO_TARGET_DIR=/opt/rustwide/target" "-e" "CARGO_HOME=/opt/rustwide/cargo-home" "-e" "RUSTUP_HOME=/opt/rustwide/rustup-home" "-w" "/opt/rustwide/workdir" "-m" "1610612736" "--user" "0:0" "--network" "none" "rustops/crates-build-env@sha256:a636fd89d022f18117e1dc8fb37a0a009933cdbbe082814857f0e2024962d47c" "/opt/rustwide/cargo-home/bin/cargo" "+beta-2020-07-24" "metadata" "--no-deps" "--format-version=1", kill_on_drop: false }`
[INFO] [stdout] c76795a77f33add2bfb15572682cfcea304776c632e13e1bb15b2aa621ef2168
[INFO] [stderr] WARNING: Your kernel does not support swap limit capabilities or the cgroup is not mounted. Memory limited without swap.
[INFO] running `Command { std: "docker" "start" "-a" "c76795a77f33add2bfb15572682cfcea304776c632e13e1bb15b2aa621ef2168", kill_on_drop: false }`
[INFO] running `Command { std: "docker" "inspect" "c76795a77f33add2bfb15572682cfcea304776c632e13e1bb15b2aa621ef2168", kill_on_drop: false }`
[INFO] running `Command { std: "docker" "rm" "-f" "c76795a77f33add2bfb15572682cfcea304776c632e13e1bb15b2aa621ef2168", kill_on_drop: false }`
[INFO] [stdout] c76795a77f33add2bfb15572682cfcea304776c632e13e1bb15b2aa621ef2168
[INFO] running `Command { std: "docker" "create" "-v" "/var/lib/crater-agent-workspace/builds/worker-13/target:/opt/rustwide/target:rw,Z" "-v" "/var/lib/crater-agent-workspace/builds/worker-13/source:/opt/rustwide/workdir:ro,Z" "-v" "/var/lib/crater-agent-workspace/cargo-home:/opt/rustwide/cargo-home:ro,Z" "-v" "/var/lib/crater-agent-workspace/rustup-home:/opt/rustwide/rustup-home:ro,Z" "-e" "SOURCE_DIR=/opt/rustwide/workdir" "-e" "CARGO_TARGET_DIR=/opt/rustwide/target" "-e" "CARGO_INCREMENTAL=0" "-e" "RUST_BACKTRACE=full" "-e" "RUSTFLAGS=--cap-lints=forbid" "-e" "CARGO_HOME=/opt/rustwide/cargo-home" "-e" "RUSTUP_HOME=/opt/rustwide/rustup-home" "-w" "/opt/rustwide/workdir" "-m" "1610612736" "--user" "0:0" "--network" "none" "rustops/crates-build-env@sha256:a636fd89d022f18117e1dc8fb37a0a009933cdbbe082814857f0e2024962d47c" "/opt/rustwide/cargo-home/bin/cargo" "+beta-2020-07-24" "check" "--frozen" "--all" "--all-targets" "--message-format=json", kill_on_drop: false }`
[INFO] [stdout] fda60bc154dcd9a1d9a02777ba5fb4330c333e2c54623a34ecb964a9de681fc7
[INFO] [stderr] WARNING: Your kernel does not support swap limit capabilities or the cgroup is not mounted. Memory limited without swap.
[INFO] running `Command { std: "docker" "start" "-a" "fda60bc154dcd9a1d9a02777ba5fb4330c333e2c54623a34ecb964a9de681fc7", kill_on_drop: false }`
[INFO] [stderr]     Blocking waiting for file lock on package cache
[INFO] [stderr]     Checking either v1.5.0
[INFO] [stderr]     Checking utf8-ranges v1.0.0
[INFO] [stderr]     Checking num-complex v0.1.43
[INFO] [stderr]     Checking regex-syntax v0.5.5
[INFO] [stderr]     Checking num-bigint v0.1.43
[INFO] [stderr]     Checking thread_local v0.3.5
[INFO] [stderr]     Checking itertools v0.7.8
[INFO] [stderr]     Checking num-rational v0.1.42
[INFO] [stderr]     Checking num v0.1.42
[INFO] [stderr]     Checking spectral v0.6.0
[INFO] [stderr]     Checking regex v0.2.10
[INFO] [stderr]     Checking aoc2017 v0.1.0 (/opt/rustwide/workdir)
[INFO] [stdout] error: expected one of `,`, `@`, `]`, or `|`, found `..`
[INFO] [stdout]   --> src/day13/tests.rs:26:35
[INFO] [stdout]    |
[INFO] [stdout] 26 |         &[first, second, ref _tail..] => (first, second),
[INFO] [stdout]    |                                   ^^ expected one of `,`, `@`, `]`, or `|`
[INFO] [stdout]    |
[INFO] [stdout] help: if you meant to bind the contents of the rest of the array pattern into `_tail`, use `@`
[INFO] [stdout]    |
[INFO] [stdout] 26 |         &[first, second, ref _tail @ ..] => (first, second),
[INFO] [stdout]    |                                    ^
[INFO] [stdout] 
[INFO] [stdout] 
[INFO] [stdout] error: aborting due to previous error
[INFO] [stdout] 
[INFO] [stdout] 
[INFO] [stderr] error: could not compile `aoc2017`.
[INFO] [stderr] 
[INFO] [stderr] To learn more, run the command again with --verbose.
[INFO] [stderr] warning: build failed, waiting for other jobs to finish...
[INFO] [stdout] error[E0554]: `#![feature]` may not be used on the beta release channel
[INFO] [stdout]  --> src/lib.rs:1:1
[INFO] [stdout]   |
[INFO] [stdout] 1 | #![feature(swap_with_slice)]
[INFO] [stdout]   | ^^^^^^^^^^^^^^^^^^^^^^^^^^^^
[INFO] [stdout] 
[INFO] [stdout] 
[INFO] [stdout] error[E0554]: `#![feature]` may not be used on the beta release channel
[INFO] [stdout]  --> src/lib.rs:2:1
[INFO] [stdout]   |
[INFO] [stdout] 2 | #![feature(iterator_flatten)]
[INFO] [stdout]   | ^^^^^^^^^^^^^^^^^^^^^^^^^^^^^
[INFO] [stdout] 
[INFO] [stdout] 
[INFO] [stdout] error[E0554]: `#![feature]` may not be used on the beta release channel
[INFO] [stdout]  --> src/lib.rs:3:1
[INFO] [stdout]   |
[INFO] [stdout] 3 | #![feature(slice_patterns)]
[INFO] [stdout]   | ^^^^^^^^^^^^^^^^^^^^^^^^^^^
[INFO] [stdout] 
[INFO] [stdout] 
[INFO] [stdout] error[E0554]: `#![feature]` may not be used on the beta release channel
[INFO] [stdout]  --> src/lib.rs:4:1
[INFO] [stdout]   |
[INFO] [stdout] 4 | #![feature(generators, generator_trait)]
[INFO] [stdout]   | ^^^^^^^^^^^^^^^^^^^^^^^^^^^^^^^^^^^^^^^^
[INFO] [stdout] 
[INFO] [stdout] 
[INFO] [stdout] warning: use of deprecated item 'std::sync::ONCE_INIT': the `new` function is now preferred
[INFO] [stdout]   --> src/day7/mod.rs:27:5
[INFO] [stdout]    |
[INFO] [stdout] 27 | /     lazy_static! {
[INFO] [stdout] 28 | |         static ref NODE_REGEX: Regex = Regex::new(r"^(\w+)\s+\((\d+)\)(\s+->\s+(\w+)(,\s*\w+)*)?").unwrap();
[INFO] [stdout] 29 | |     }
[INFO] [stdout]    | |_____^
[INFO] [stdout]    |
[INFO] [stdout]    = note: `#[warn(deprecated)]` on by default
[INFO] [stdout]    = note: this warning originates in a macro (in Nightly builds, run with -Z macro-backtrace for more info)
[INFO] [stdout] 
[INFO] [stdout] 
[INFO] [stdout] warning: use of deprecated item 'std::sync::ONCE_INIT': the `new` function is now preferred
[INFO] [stdout]   --> src/day8/mod.rs:85:5
[INFO] [stdout]    |
[INFO] [stdout] 85 | /     lazy_static! {
[INFO] [stdout] 86 | |         static ref NODE_REGEX: Regex = Regex::new(r"^(\w+) (inc|dec) ([-0-9]+) if (\w+) ([<>=!]{1,2}) ([-0-9]+)$").unwrap();
[INFO] [stdout] 87 | |     }
[INFO] [stdout]    | |_____^
[INFO] [stdout]    |
[INFO] [stdout]    = note: this warning originates in a macro (in Nightly builds, run with -Z macro-backtrace for more info)
[INFO] [stdout] 
[INFO] [stdout] 
[INFO] [stdout] warning: use of deprecated item 'std::error::Error::description': use the Display impl or to_string()
[INFO] [stdout]   --> src/utils/file/mod.rs:24:32
[INFO] [stdout]    |
[INFO] [stdout] 24 | ...                   why.description()),
[INFO] [stdout]    |                           ^^^^^^^^^^^
[INFO] [stdout] 
[INFO] [stdout] 
[INFO] [stdout] warning: use of deprecated item 'std::error::Error::description': use the Display impl or to_string()
[INFO] [stdout]   --> src/utils/file/mod.rs:32:32
[INFO] [stdout]    |
[INFO] [stdout] 32 | ...                   why.description()),
[INFO] [stdout]    |                           ^^^^^^^^^^^
[INFO] [stdout] 
[INFO] [stdout] 
[INFO] [stdout] error[E0599]: no method named `resume` found for generator `[generator@src/day15/mod.rs:10:25: 13:6 _]` in the current scope
[INFO] [stdout]   --> src/day15/mod.rs:15:21
[INFO] [stdout]    |
[INFO] [stdout] 15 |     match generator.resume() {
[INFO] [stdout]    |                     ^^^^^^ method not found in `[generator@src/day15/mod.rs:10:25: 13:6 _]`
[INFO] [stdout] 
[INFO] [stdout] 
[INFO] [stdout] error[E0599]: no method named `resume` found for generator `[generator@src/day15/mod.rs:10:25: 13:6 _]` in the current scope
[INFO] [stdout]   --> src/day15/mod.rs:20:21
[INFO] [stdout]    |
[INFO] [stdout] 20 |     match generator.resume() {
[INFO] [stdout]    |                     ^^^^^^ method not found in `[generator@src/day15/mod.rs:10:25: 13:6 _]`
[INFO] [stdout] 
[INFO] [stdout] 
[INFO] [stdout] error[E0698]: type inside generator must be known in this context
[INFO] [stdout]   --> src/day15/mod.rs:11:15
[INFO] [stdout]    |
[INFO] [stdout] 11 |         yield 1;
[INFO] [stdout]    |               ^ cannot infer type for type `{integer}`
[INFO] [stdout]    |
[INFO] [stdout] note: the type is part of the generator because of this `yield`
[INFO] [stdout]   --> src/day15/mod.rs:11:9
[INFO] [stdout]    |
[INFO] [stdout] 11 |         yield 1;
[INFO] [stdout]    |         ^^^^^^^
[INFO] [stdout] 
[INFO] [stdout] 
[INFO] [stdout] warning: unused import: `Generator`
[INFO] [stdout]  --> src/day15/mod.rs:1:16
[INFO] [stdout]   |
[INFO] [stdout] 1 | use std::ops::{Generator, GeneratorState};
[INFO] [stdout]   |                ^^^^^^^^^
[INFO] [stdout]   |
[INFO] [stdout]   = note: `#[warn(unused_imports)]` on by default
[INFO] [stdout] 
[INFO] [stdout] 
[INFO] [stdout] error: aborting due to 7 previous errors; 5 warnings emitted
[INFO] [stdout] 
[INFO] [stdout] 
[INFO] [stdout] Some errors have detailed explanations: E0554, E0599, E0698.
[INFO] [stdout] 
[INFO] [stdout] For more information about an error, try `rustc --explain E0554`.
[INFO] [stdout] 
[INFO] [stderr] error: build failed
[INFO] running `Command { std: "docker" "inspect" "fda60bc154dcd9a1d9a02777ba5fb4330c333e2c54623a34ecb964a9de681fc7", kill_on_drop: false }`
[INFO] running `Command { std: "docker" "rm" "-f" "fda60bc154dcd9a1d9a02777ba5fb4330c333e2c54623a34ecb964a9de681fc7", kill_on_drop: false }`
[INFO] [stdout] fda60bc154dcd9a1d9a02777ba5fb4330c333e2c54623a34ecb964a9de681fc7
