[INFO] cloning repository https://github.com/velvetops/ray_tracer
[INFO] running `Command { std: "git" "-c" "credential.helper=" "-c" "credential.helper=/workspace/cargo-home/bin/git-credential-null" "clone" "--bare" "https://github.com/velvetops/ray_tracer" "/workspace/cache/git-repos/https%3A%2F%2Fgithub.com%2Fvelvetops%2Fray_tracer", kill_on_drop: false }`
[INFO] [stderr] Cloning into bare repository '/workspace/cache/git-repos/https%3A%2F%2Fgithub.com%2Fvelvetops%2Fray_tracer'...
[INFO] running `Command { std: "git" "rev-parse" "HEAD", kill_on_drop: false }`
[INFO] [stdout] 1b52bb6aa6e333971ff8f12b66a43bbb78b65f25
[INFO] checking velvetops/ray_tracer against beta-2020-07-24 for pr-75494-beta
[INFO] running `Command { std: "git" "clone" "/workspace/cache/git-repos/https%3A%2F%2Fgithub.com%2Fvelvetops%2Fray_tracer" "/workspace/builds/worker-12/source", kill_on_drop: false }`
[INFO] [stderr] Cloning into '/workspace/builds/worker-12/source'...
[INFO] [stderr] done.
[INFO] validating manifest of git repo https://github.com/velvetops/ray_tracer on toolchain beta-2020-07-24
[INFO] running `Command { std: "/workspace/cargo-home/bin/cargo" "+beta-2020-07-24" "read-manifest" "--manifest-path" "Cargo.toml", kill_on_drop: false }`
[INFO] started tweaking git repo https://github.com/velvetops/ray_tracer
[INFO] finished tweaking git repo https://github.com/velvetops/ray_tracer
[INFO] tweaked toml for git repo https://github.com/velvetops/ray_tracer written to /workspace/builds/worker-12/source/Cargo.toml
[INFO] crate git repo https://github.com/velvetops/ray_tracer already has a lockfile, it will not be regenerated
[INFO] running `Command { std: "/workspace/cargo-home/bin/cargo" "+beta-2020-07-24" "fetch" "--locked" "--manifest-path" "Cargo.toml", kill_on_drop: false }`
[INFO] running `Command { std: "docker" "create" "-v" "/var/lib/crater-agent-workspace/builds/worker-12/target:/opt/rustwide/target:rw,Z" "-v" "/var/lib/crater-agent-workspace/builds/worker-12/source:/opt/rustwide/workdir:ro,Z" "-v" "/var/lib/crater-agent-workspace/cargo-home:/opt/rustwide/cargo-home:ro,Z" "-v" "/var/lib/crater-agent-workspace/rustup-home:/opt/rustwide/rustup-home:ro,Z" "-e" "SOURCE_DIR=/opt/rustwide/workdir" "-e" "CARGO_TARGET_DIR=/opt/rustwide/target" "-e" "CARGO_HOME=/opt/rustwide/cargo-home" "-e" "RUSTUP_HOME=/opt/rustwide/rustup-home" "-w" "/opt/rustwide/workdir" "-m" "1610612736" "--user" "0:0" "--network" "none" "rustops/crates-build-env@sha256:a636fd89d022f18117e1dc8fb37a0a009933cdbbe082814857f0e2024962d47c" "/opt/rustwide/cargo-home/bin/cargo" "+beta-2020-07-24" "metadata" "--no-deps" "--format-version=1", kill_on_drop: false }`
[INFO] [stderr] WARNING: Your kernel does not support swap limit capabilities or the cgroup is not mounted. Memory limited without swap.
[INFO] [stdout] 52587b295c6aa66df227fe3c1d3ad8c2c41d70a341075a3deb6baafb53286fdd
[INFO] running `Command { std: "docker" "start" "-a" "52587b295c6aa66df227fe3c1d3ad8c2c41d70a341075a3deb6baafb53286fdd", kill_on_drop: false }`
[INFO] running `Command { std: "docker" "inspect" "52587b295c6aa66df227fe3c1d3ad8c2c41d70a341075a3deb6baafb53286fdd", kill_on_drop: false }`
[INFO] running `Command { std: "docker" "rm" "-f" "52587b295c6aa66df227fe3c1d3ad8c2c41d70a341075a3deb6baafb53286fdd", kill_on_drop: false }`
[INFO] [stdout] 52587b295c6aa66df227fe3c1d3ad8c2c41d70a341075a3deb6baafb53286fdd
[INFO] running `Command { std: "docker" "create" "-v" "/var/lib/crater-agent-workspace/builds/worker-12/target:/opt/rustwide/target:rw,Z" "-v" "/var/lib/crater-agent-workspace/builds/worker-12/source:/opt/rustwide/workdir:ro,Z" "-v" "/var/lib/crater-agent-workspace/cargo-home:/opt/rustwide/cargo-home:ro,Z" "-v" "/var/lib/crater-agent-workspace/rustup-home:/opt/rustwide/rustup-home:ro,Z" "-e" "SOURCE_DIR=/opt/rustwide/workdir" "-e" "CARGO_TARGET_DIR=/opt/rustwide/target" "-e" "CARGO_INCREMENTAL=0" "-e" "RUST_BACKTRACE=full" "-e" "RUSTFLAGS=--cap-lints=forbid" "-e" "CARGO_HOME=/opt/rustwide/cargo-home" "-e" "RUSTUP_HOME=/opt/rustwide/rustup-home" "-w" "/opt/rustwide/workdir" "-m" "1610612736" "--user" "0:0" "--network" "none" "rustops/crates-build-env@sha256:a636fd89d022f18117e1dc8fb37a0a009933cdbbe082814857f0e2024962d47c" "/opt/rustwide/cargo-home/bin/cargo" "+beta-2020-07-24" "check" "--frozen" "--all" "--all-targets" "--message-format=json", kill_on_drop: false }`
[INFO] [stdout] 763d02b0e49cdc90c42b040d4393ba6c3ba147014b3d64a9b6d243f01c9492b3
[INFO] [stderr] WARNING: Your kernel does not support swap limit capabilities or the cgroup is not mounted. Memory limited without swap.
[INFO] running `Command { std: "docker" "start" "-a" "763d02b0e49cdc90c42b040d4393ba6c3ba147014b3d64a9b6d243f01c9492b3", kill_on_drop: false }`
[INFO] [stderr]     Checking ray_tracer v0.1.0 (/opt/rustwide/workdir)
[INFO] [stdout] error: expected mut or const in raw pointer type
[INFO] [stdout]    --> src/main.rs:102:13
[INFO] [stdout]     |
[INFO] [stdout] 102 |     sphere: *
[INFO] [stdout]     |             ^ expected mut or const in raw pointer type
[INFO] [stdout]     |
[INFO] [stdout]     = help: use `*mut T` or `*const T` as appropriate
[INFO] [stdout] 
[INFO] [stdout] 
[INFO] [stdout] error: expected type, found `}`
[INFO] [stdout]    --> src/main.rs:103:1
[INFO] [stdout]     |
[INFO] [stdout] 103 | }
[INFO] [stdout]     | ^ expected type
[INFO] [stdout] 
[INFO] [stdout] 
[INFO] [stdout] error: expected mut or const in raw pointer type
[INFO] [stdout]    --> src/main.rs:102:13
[INFO] [stdout]     |
[INFO] [stdout] 102 |     sphere: *
[INFO] [stdout]     |             ^ expected mut or const in raw pointer type
[INFO] [stdout]     |
[INFO] [stdout]     = help: use `*mut T` or `*const T` as appropriate
[INFO] [stdout] 
[INFO] [stdout] 
[INFO] [stdout] error: expected type, found `}`
[INFO] [stdout]    --> src/main.rs:103:1
[INFO] [stdout]     |
[INFO] [stdout] 103 | }
[INFO] [stdout]     | ^ expected type
[INFO] [stdout] 
[INFO] [stdout] 
[INFO] [stdout] error[E0308]: mismatched types
[INFO] [stdout]   --> src/main.rs:87:9
[INFO] [stdout]    |
[INFO] [stdout] 87 |     v / dot(v, v).sqrt()
[INFO] [stdout]    |         ^^^^^^^^^^^^^^^^ expected struct `V`, found `f32`
[INFO] [stdout] 
[INFO] [stdout] 
[INFO] [stdout] error[E0277]: cannot divide `u32` by `f32`
[INFO] [stdout]    --> src/main.rs:122:28
[INFO] [stdout]     |
[INFO] [stdout] 122 |                 x: 2. * (x / WIDTH as f32) - 1.,
[INFO] [stdout]     |                            ^ no implementation for `u32 / f32`
[INFO] [stdout]     |
[INFO] [stdout]     = help: the trait `std::ops::Div<f32>` is not implemented for `u32`
[INFO] [stdout] 
[INFO] [stdout] 
[INFO] [stdout] error[E0277]: cannot divide `u32` by `f32`
[INFO] [stdout]    --> src/main.rs:123:28
[INFO] [stdout]     |
[INFO] [stdout] 123 |                 y: 2. * (y / HEIGHT as f32) - 1.,
[INFO] [stdout]     |                            ^ no implementation for `u32 / f32`
[INFO] [stdout]     |
[INFO] [stdout]     = help: the trait `std::ops::Div<f32>` is not implemented for `u32`
[INFO] [stdout] 
[INFO] [stdout] 
[INFO] [stdout] error: aborting due to 5 previous errors
[INFO] [stdout] 
[INFO] [stdout] 
[INFO] [stdout] Some errors have detailed explanations: E0277, E0308.
[INFO] [stdout] 
[INFO] [stdout] For more information about an error, try `rustc --explain E0277`.
[INFO] [stdout] 
[INFO] [stderr] error: could not compile `ray_tracer`.
[INFO] [stderr] 
[INFO] [stderr] To learn more, run the command again with --verbose.
[INFO] [stderr] warning: build failed, waiting for other jobs to finish...
[INFO] [stdout] error[E0308]: mismatched types
[INFO] [stdout]   --> src/main.rs:87:9
[INFO] [stdout]    |
[INFO] [stdout] 87 |     v / dot(v, v).sqrt()
[INFO] [stdout]    |         ^^^^^^^^^^^^^^^^ expected struct `V`, found `f32`
[INFO] [stdout] 
[INFO] [stdout] 
[INFO] [stdout] error[E0277]: cannot divide `u32` by `f32`
[INFO] [stdout]    --> src/main.rs:122:28
[INFO] [stdout]     |
[INFO] [stdout] 122 |                 x: 2. * (x / WIDTH as f32) - 1.,
[INFO] [stdout]     |                            ^ no implementation for `u32 / f32`
[INFO] [stdout]     |
[INFO] [stdout]     = help: the trait `std::ops::Div<f32>` is not implemented for `u32`
[INFO] [stdout] 
[INFO] [stdout] 
[INFO] [stdout] error[E0277]: cannot divide `u32` by `f32`
[INFO] [stdout]    --> src/main.rs:123:28
[INFO] [stdout]     |
[INFO] [stdout] 123 |                 y: 2. * (y / HEIGHT as f32) - 1.,
[INFO] [stdout]     |                            ^ no implementation for `u32 / f32`
[INFO] [stdout]     |
[INFO] [stdout]     = help: the trait `std::ops::Div<f32>` is not implemented for `u32`
[INFO] [stdout] 
[INFO] [stdout] 
[INFO] [stdout] error: aborting due to 5 previous errors
[INFO] [stdout] 
[INFO] [stdout] 
[INFO] [stdout] Some errors have detailed explanations: E0277, E0308.
[INFO] [stdout] 
[INFO] [stdout] For more information about an error, try `rustc --explain E0277`.
[INFO] [stdout] 
[INFO] [stderr] error: build failed
[INFO] running `Command { std: "docker" "inspect" "763d02b0e49cdc90c42b040d4393ba6c3ba147014b3d64a9b6d243f01c9492b3", kill_on_drop: false }`
[INFO] running `Command { std: "docker" "rm" "-f" "763d02b0e49cdc90c42b040d4393ba6c3ba147014b3d64a9b6d243f01c9492b3", kill_on_drop: false }`
[INFO] [stdout] 763d02b0e49cdc90c42b040d4393ba6c3ba147014b3d64a9b6d243f01c9492b3
