[INFO] cloning repository https://github.com/vasily-kirichenko/rayon_test
[INFO] running `Command { std: "git" "-c" "credential.helper=" "-c" "credential.helper=/workspace/cargo-home/bin/git-credential-null" "clone" "--bare" "https://github.com/vasily-kirichenko/rayon_test" "/workspace/cache/git-repos/https%3A%2F%2Fgithub.com%2Fvasily-kirichenko%2Frayon_test", kill_on_drop: false }`
[INFO] [stderr] Cloning into bare repository '/workspace/cache/git-repos/https%3A%2F%2Fgithub.com%2Fvasily-kirichenko%2Frayon_test'...
[INFO] running `Command { std: "git" "rev-parse" "HEAD", kill_on_drop: false }`
[INFO] [stdout] 1c7a76ee5e5e637201865be6a003d498aeaa41c8
[INFO] checking vasily-kirichenko/rayon_test against beta-2020-07-24 for pr-75494-beta
[INFO] running `Command { std: "git" "clone" "/workspace/cache/git-repos/https%3A%2F%2Fgithub.com%2Fvasily-kirichenko%2Frayon_test" "/workspace/builds/worker-14/source", kill_on_drop: false }`
[INFO] [stderr] Cloning into '/workspace/builds/worker-14/source'...
[INFO] [stderr] done.
[INFO] validating manifest of git repo https://github.com/vasily-kirichenko/rayon_test on toolchain beta-2020-07-24
[INFO] running `Command { std: "/workspace/cargo-home/bin/cargo" "+beta-2020-07-24" "read-manifest" "--manifest-path" "Cargo.toml", kill_on_drop: false }`
[INFO] started tweaking git repo https://github.com/vasily-kirichenko/rayon_test
[INFO] finished tweaking git repo https://github.com/vasily-kirichenko/rayon_test
[INFO] tweaked toml for git repo https://github.com/vasily-kirichenko/rayon_test written to /workspace/builds/worker-14/source/Cargo.toml
[INFO] crate git repo https://github.com/vasily-kirichenko/rayon_test already has a lockfile, it will not be regenerated
[INFO] running `Command { std: "/workspace/cargo-home/bin/cargo" "+beta-2020-07-24" "fetch" "--locked" "--manifest-path" "Cargo.toml", kill_on_drop: false }`
[INFO] [stderr] error: the lock file /workspace/builds/worker-14/source/Cargo.lock needs to be updated but --locked was passed to prevent this
[INFO] [stderr] If you want to try to generate the lock file without accessing the network, use the --offline flag.
[INFO] the lockfile is outdated, regenerating it
[INFO] running `Command { std: "/workspace/cargo-home/bin/cargo" "+beta-2020-07-24" "generate-lockfile" "--manifest-path" "Cargo.toml" "-Zno-index-update", kill_on_drop: false }`
[INFO] running `Command { std: "/workspace/cargo-home/bin/cargo" "+beta-2020-07-24" "fetch" "--locked" "--manifest-path" "Cargo.toml", kill_on_drop: false }`
[INFO] running `Command { std: "docker" "create" "-v" "/var/lib/crater-agent-workspace/builds/worker-14/target:/opt/rustwide/target:rw,Z" "-v" "/var/lib/crater-agent-workspace/builds/worker-14/source:/opt/rustwide/workdir:ro,Z" "-v" "/var/lib/crater-agent-workspace/cargo-home:/opt/rustwide/cargo-home:ro,Z" "-v" "/var/lib/crater-agent-workspace/rustup-home:/opt/rustwide/rustup-home:ro,Z" "-e" "SOURCE_DIR=/opt/rustwide/workdir" "-e" "CARGO_TARGET_DIR=/opt/rustwide/target" "-e" "CARGO_HOME=/opt/rustwide/cargo-home" "-e" "RUSTUP_HOME=/opt/rustwide/rustup-home" "-w" "/opt/rustwide/workdir" "-m" "1610612736" "--user" "0:0" "--network" "none" "rustops/crates-build-env@sha256:a636fd89d022f18117e1dc8fb37a0a009933cdbbe082814857f0e2024962d47c" "/opt/rustwide/cargo-home/bin/cargo" "+beta-2020-07-24" "metadata" "--no-deps" "--format-version=1", kill_on_drop: false }`
[INFO] [stdout] f3535f39f6d7640e915c701be9a75058620ba358a4023ee9e20e73ea4c5d9bc2
[INFO] [stderr] WARNING: Your kernel does not support swap limit capabilities or the cgroup is not mounted. Memory limited without swap.
[INFO] running `Command { std: "docker" "start" "-a" "f3535f39f6d7640e915c701be9a75058620ba358a4023ee9e20e73ea4c5d9bc2", kill_on_drop: false }`
[INFO] running `Command { std: "docker" "inspect" "f3535f39f6d7640e915c701be9a75058620ba358a4023ee9e20e73ea4c5d9bc2", kill_on_drop: false }`
[INFO] running `Command { std: "docker" "rm" "-f" "f3535f39f6d7640e915c701be9a75058620ba358a4023ee9e20e73ea4c5d9bc2", kill_on_drop: false }`
[INFO] [stdout] f3535f39f6d7640e915c701be9a75058620ba358a4023ee9e20e73ea4c5d9bc2
[INFO] running `Command { std: "docker" "create" "-v" "/var/lib/crater-agent-workspace/builds/worker-14/target:/opt/rustwide/target:rw,Z" "-v" "/var/lib/crater-agent-workspace/builds/worker-14/source:/opt/rustwide/workdir:ro,Z" "-v" "/var/lib/crater-agent-workspace/cargo-home:/opt/rustwide/cargo-home:ro,Z" "-v" "/var/lib/crater-agent-workspace/rustup-home:/opt/rustwide/rustup-home:ro,Z" "-e" "SOURCE_DIR=/opt/rustwide/workdir" "-e" "CARGO_TARGET_DIR=/opt/rustwide/target" "-e" "CARGO_INCREMENTAL=0" "-e" "RUST_BACKTRACE=full" "-e" "RUSTFLAGS=--cap-lints=forbid" "-e" "CARGO_HOME=/opt/rustwide/cargo-home" "-e" "RUSTUP_HOME=/opt/rustwide/rustup-home" "-w" "/opt/rustwide/workdir" "-m" "1610612736" "--user" "0:0" "--network" "none" "rustops/crates-build-env@sha256:a636fd89d022f18117e1dc8fb37a0a009933cdbbe082814857f0e2024962d47c" "/opt/rustwide/cargo-home/bin/cargo" "+beta-2020-07-24" "check" "--frozen" "--all" "--all-targets" "--message-format=json", kill_on_drop: false }`
[INFO] [stdout] c05a274e363696bdc23858b8e9df8ea596822d6f4f98fcc712ee00be98cd81cf
[INFO] [stderr] WARNING: Your kernel does not support swap limit capabilities or the cgroup is not mounted. Memory limited without swap.
[INFO] running `Command { std: "docker" "start" "-a" "c05a274e363696bdc23858b8e9df8ea596822d6f4f98fcc712ee00be98cd81cf", kill_on_drop: false }`
[INFO] [stderr]    Compiling proc-macro2 v1.0.19
[INFO] [stderr]     Checking lazy_static v1.4.0
[INFO] [stderr]    Compiling unicode-xid v0.2.1
[INFO] [stderr]    Compiling syn v1.0.39
[INFO] [stderr]     Checking scopeguard v1.1.0
[INFO] [stderr]    Compiling crossbeam-utils v0.7.2
[INFO] [stderr]    Compiling memoffset v0.5.5
[INFO] [stderr]    Compiling crossbeam-epoch v0.8.2
[INFO] [stderr]    Compiling rayon v1.3.1
[INFO] [stderr]    Compiling standback v0.2.10
[INFO] [stderr]    Compiling time v0.2.16
[INFO] [stderr]     Checking num_cpus v1.13.0
[INFO] [stderr]     Checking crossbeam-queue v0.2.3
[INFO] [stderr]    Compiling quote v1.0.7
[INFO] [stderr]     Checking crossbeam-deque v0.7.3
[INFO] [stderr]     Checking rayon-core v1.7.1
[INFO] [stderr]    Compiling time-macros-impl v0.1.1
[INFO] [stderr]     Checking time-macros v0.1.0
[INFO] [stderr]     Checking rayon_test v0.1.0 (/opt/rustwide/workdir)
[INFO] [stdout] warning: use of deprecated item 'macros::time::PreciseTime': Use `Instant`
[INFO] [stdout]   --> src/macros.rs:6:19
[INFO] [stdout]    |
[INFO] [stdout] 6  |       let start = time::PreciseTime::now();
[INFO] [stdout]    |                   ^^^^^^^^^^^^^^^^^^^^^^
[INFO] [stdout]    | 
[INFO] [stdout]   ::: src/fib.rs:20:9
[INFO] [stdout]    |
[INFO] [stdout] 20 |         time!("sfib", { print!("fib({}) = {}, ", i, sfib(i)) });
[INFO] [stdout]    |         -------------------------------------------------------- in this macro invocation
[INFO] [stdout]    |
[INFO] [stdout]    = note: `#[warn(deprecated)]` on by default
[INFO] [stdout]    = note: this warning originates in a macro (in Nightly builds, run with -Z macro-backtrace for more info)
[INFO] [stdout] 
[INFO] [stdout] 
[INFO] [stdout] warning: use of deprecated item 'macros::time::PreciseTime': Use `Instant`
[INFO] [stdout]   --> src/macros.rs:8:51
[INFO] [stdout]    |
[INFO] [stdout] 8  |       println!("{}: {} elapsed.", $name, start.to(time::PreciseTime::now()));
[INFO] [stdout]    |                                                   ^^^^^^^^^^^^^^^^^^^^^^
[INFO] [stdout]    | 
[INFO] [stdout]   ::: src/fib.rs:20:9
[INFO] [stdout]    |
[INFO] [stdout] 20 |         time!("sfib", { print!("fib({}) = {}, ", i, sfib(i)) });
[INFO] [stdout]    |         -------------------------------------------------------- in this macro invocation
[INFO] [stdout]    |
[INFO] [stdout]    = note: this warning originates in a macro (in Nightly builds, run with -Z macro-backtrace for more info)
[INFO] [stdout] 
[INFO] [stdout] 
[INFO] [stdout] warning: use of deprecated item 'macros::time::PreciseTime': Use `Instant`
[INFO] [stdout]   --> src/macros.rs:6:19
[INFO] [stdout]    |
[INFO] [stdout] 6  |       let start = time::PreciseTime::now();
[INFO] [stdout]    |                   ^^^^^^^^^^^^^^^^^^^^^^
[INFO] [stdout]    | 
[INFO] [stdout]   ::: src/fib.rs:21:9
[INFO] [stdout]    |
[INFO] [stdout] 21 |         time!("fib", { print!("fib({}) = {}, ", i, fib(i)) })
[INFO] [stdout]    |         ----------------------------------------------------- in this macro invocation
[INFO] [stdout]    |
[INFO] [stdout]    = note: this warning originates in a macro (in Nightly builds, run with -Z macro-backtrace for more info)
[INFO] [stdout] 
[INFO] [stdout] 
[INFO] [stdout] warning: use of deprecated item 'macros::time::PreciseTime': Use `Instant`
[INFO] [stdout]   --> src/macros.rs:8:51
[INFO] [stdout]    |
[INFO] [stdout] 8  |       println!("{}: {} elapsed.", $name, start.to(time::PreciseTime::now()));
[INFO] [stdout]    |                                                   ^^^^^^^^^^^^^^^^^^^^^^
[INFO] [stdout]    | 
[INFO] [stdout]   ::: src/fib.rs:21:9
[INFO] [stdout]    |
[INFO] [stdout] 21 |         time!("fib", { print!("fib({}) = {}, ", i, fib(i)) })
[INFO] [stdout]    |         ----------------------------------------------------- in this macro invocation
[INFO] [stdout]    |
[INFO] [stdout]    = note: this warning originates in a macro (in Nightly builds, run with -Z macro-backtrace for more info)
[INFO] [stdout] 
[INFO] [stdout] 
[INFO] [stdout] warning: use of deprecated item 'macros::time::PreciseTime': Use `Instant`
[INFO] [stdout]   --> src/macros.rs:6:19
[INFO] [stdout]    |
[INFO] [stdout] 6  |       let start = time::PreciseTime::now();
[INFO] [stdout]    |                   ^^^^^^^^^^^^^^^^^^^^^^
[INFO] [stdout]    | 
[INFO] [stdout]   ::: src/fib.rs:20:9
[INFO] [stdout]    |
[INFO] [stdout] 20 |         time!("sfib", { print!("fib({}) = {}, ", i, sfib(i)) });
[INFO] [stdout]    |         -------------------------------------------------------- in this macro invocation
[INFO] [stdout]    |
[INFO] [stdout]    = note: `#[warn(deprecated)]` on by default
[INFO] [stdout]    = note: this warning originates in a macro (in Nightly builds, run with -Z macro-backtrace for more info)
[INFO] [stdout] 
[INFO] [stdout] 
[INFO] [stdout] warning: use of deprecated item 'macros::time::PreciseTime': Use `Instant`
[INFO] [stdout]   --> src/macros.rs:8:51
[INFO] [stdout]    |
[INFO] [stdout] 8  |       println!("{}: {} elapsed.", $name, start.to(time::PreciseTime::now()));
[INFO] [stdout]    |                                                   ^^^^^^^^^^^^^^^^^^^^^^
[INFO] [stdout]    | 
[INFO] [stdout]   ::: src/fib.rs:20:9
[INFO] [stdout]    |
[INFO] [stdout] 20 |         time!("sfib", { print!("fib({}) = {}, ", i, sfib(i)) });
[INFO] [stdout]    |         -------------------------------------------------------- in this macro invocation
[INFO] [stdout]    |
[INFO] [stdout]    = note: this warning originates in a macro (in Nightly builds, run with -Z macro-backtrace for more info)
[INFO] [stdout] 
[INFO] [stdout] 
[INFO] [stdout] warning: use of deprecated item 'macros::time::PreciseTime': Use `Instant`
[INFO] [stdout]   --> src/macros.rs:6:19
[INFO] [stdout]    |
[INFO] [stdout] 6  |       let start = time::PreciseTime::now();
[INFO] [stdout]    |                   ^^^^^^^^^^^^^^^^^^^^^^
[INFO] [stdout]    | 
[INFO] [stdout]   ::: src/fib.rs:21:9
[INFO] [stdout]    |
[INFO] [stdout] 21 |         time!("fib", { print!("fib({}) = {}, ", i, fib(i)) })
[INFO] [stdout]    |         ----------------------------------------------------- in this macro invocation
[INFO] [stdout]    |
[INFO] [stdout]    = note: this warning originates in a macro (in Nightly builds, run with -Z macro-backtrace for more info)
[INFO] [stdout] 
[INFO] [stdout] 
[INFO] [stdout] warning: use of deprecated item 'macros::time::PreciseTime': Use `Instant`
[INFO] [stdout]   --> src/macros.rs:8:51
[INFO] [stdout]    |
[INFO] [stdout] 8  |       println!("{}: {} elapsed.", $name, start.to(time::PreciseTime::now()));
[INFO] [stdout]    |                                                   ^^^^^^^^^^^^^^^^^^^^^^
[INFO] [stdout]    | 
[INFO] [stdout]   ::: src/fib.rs:21:9
[INFO] [stdout]    |
[INFO] [stdout] 21 |         time!("fib", { print!("fib({}) = {}, ", i, fib(i)) })
[INFO] [stdout]    |         ----------------------------------------------------- in this macro invocation
[INFO] [stdout]    |
[INFO] [stdout]    = note: this warning originates in a macro (in Nightly builds, run with -Z macro-backtrace for more info)
[INFO] [stdout] 
[INFO] [stdout] 
[INFO] [stdout] warning: use of deprecated item 'macros::time::Instant::to': Use `rhs - lhs`
[INFO] [stdout]   --> src/macros.rs:8:48
[INFO] [stdout]    |
[INFO] [stdout] 8  |       println!("{}: {} elapsed.", $name, start.to(time::PreciseTime::now()));
[INFO] [stdout]    |                                                ^^
[INFO] [stdout]    | 
[INFO] [stdout]   ::: src/fib.rs:20:9
[INFO] [stdout]    |
[INFO] [stdout] 20 |         time!("sfib", { print!("fib({}) = {}, ", i, sfib(i)) });
[INFO] [stdout]    |         -------------------------------------------------------- in this macro invocation
[INFO] [stdout]    |
[INFO] [stdout]    = note: this warning originates in a macro (in Nightly builds, run with -Z macro-backtrace for more info)
[INFO] [stdout] 
[INFO] [stdout] 
[INFO] [stdout] warning: use of deprecated item 'macros::time::Instant::to': Use `rhs - lhs`
[INFO] [stdout]   --> src/macros.rs:8:48
[INFO] [stdout]    |
[INFO] [stdout] 8  |       println!("{}: {} elapsed.", $name, start.to(time::PreciseTime::now()));
[INFO] [stdout]    |                                                ^^
[INFO] [stdout]    | 
[INFO] [stdout]   ::: src/fib.rs:20:9
[INFO] [stdout]    |
[INFO] [stdout] 20 |         time!("sfib", { print!("fib({}) = {}, ", i, sfib(i)) });
[INFO] [stdout]    |         -------------------------------------------------------- in this macro invocation
[INFO] [stdout]    |
[INFO] [stdout]    = note: this warning originates in a macro (in Nightly builds, run with -Z macro-backtrace for more info)
[INFO] [stdout] 
[INFO] [stdout] 
[INFO] [stdout] error[E0277]: `macros::time::Duration` doesn't implement `std::fmt::Display`
[INFO] [stdout]   --> src/macros.rs:8:42
[INFO] [stdout]    |
[INFO] [stdout] 8  |       println!("{}: {} elapsed.", $name, start.to(time::PreciseTime::now()));
[INFO] [stdout]    |                                          ^^^^^^^^^^^^^^^^^^^^^^^^^^^^^^^^^^ `macros::time::Duration` cannot be formatted with the default formatter
[INFO] [stdout]    | 
[INFO] [stdout]   ::: src/fib.rs:20:9
[INFO] [stdout]    |
[INFO] [stdout] 20 |         time!("sfib", { print!("fib({}) = {}, ", i, sfib(i)) });
[INFO] [stdout]    |         -------------------------------------------------------- in this macro invocation
[INFO] [stdout]    |
[INFO] [stdout]    = help: the trait `std::fmt::Display` is not implemented for `macros::time::Duration`
[INFO] [stdout]    = note: in format strings you may be able to use `{:?}` (or {:#?} for pretty-print) instead
[INFO] [stdout]    = note: required by `std::fmt::Display::fmt`
[INFO] [stdout]    = note: this error originates in a macro (in Nightly builds, run with -Z macro-backtrace for more info)
[INFO] [stdout] 
[INFO] [stdout] 
[INFO] [stdout] error[E0277]: `macros::time::Duration` doesn't implement `std::fmt::Display`
[INFO] [stdout]   --> src/macros.rs:8:42
[INFO] [stdout]    |
[INFO] [stdout] 8  |       println!("{}: {} elapsed.", $name, start.to(time::PreciseTime::now()));
[INFO] [stdout]    |                                          ^^^^^^^^^^^^^^^^^^^^^^^^^^^^^^^^^^ `macros::time::Duration` cannot be formatted with the default formatter
[INFO] [stdout]    | 
[INFO] [stdout]   ::: src/fib.rs:20:9
[INFO] [stdout]    |
[INFO] [stdout] 20 |         time!("sfib", { print!("fib({}) = {}, ", i, sfib(i)) });
[INFO] [stdout]    |         -------------------------------------------------------- in this macro invocation
[INFO] [stdout]    |
[INFO] [stdout]    = help: the trait `std::fmt::Display` is not implemented for `macros::time::Duration`
[INFO] [stdout]    = note: in format strings you may be able to use `{:?}` (or {:#?} for pretty-print) instead
[INFO] [stdout]    = note: required by `std::fmt::Display::fmt`
[INFO] [stdout]    = note: this error originates in a macro (in Nightly builds, run with -Z macro-backtrace for more info)
[INFO] [stdout] 
[INFO] [stdout] 
[INFO] [stdout] warning: use of deprecated item 'macros::time::Instant::to': Use `rhs - lhs`
[INFO] [stdout]   --> src/macros.rs:8:48
[INFO] [stdout]    |
[INFO] [stdout] 8  |       println!("{}: {} elapsed.", $name, start.to(time::PreciseTime::now()));
[INFO] [stdout]    |                                                ^^
[INFO] [stdout]    | 
[INFO] [stdout]   ::: src/fib.rs:21:9
[INFO] [stdout]    |
[INFO] [stdout] 21 |         time!("fib", { print!("fib({}) = {}, ", i, fib(i)) })
[INFO] [stdout]    |         ----------------------------------------------------- in this macro invocation
[INFO] [stdout]    |
[INFO] [stdout]    = note: this warning originates in a macro (in Nightly builds, run with -Z macro-backtrace for more info)
[INFO] [stdout] 
[INFO] [stdout] 
[INFO] [stdout] warning: use of deprecated item 'macros::time::Instant::to': Use `rhs - lhs`
[INFO] [stdout]   --> src/macros.rs:8:48
[INFO] [stdout]    |
[INFO] [stdout] 8  |       println!("{}: {} elapsed.", $name, start.to(time::PreciseTime::now()));
[INFO] [stdout]    |                                                ^^
[INFO] [stdout]    | 
[INFO] [stdout]   ::: src/fib.rs:21:9
[INFO] [stdout]    |
[INFO] [stdout] 21 |         time!("fib", { print!("fib({}) = {}, ", i, fib(i)) })
[INFO] [stdout]    |         ----------------------------------------------------- in this macro invocation
[INFO] [stdout]    |
[INFO] [stdout]    = note: this warning originates in a macro (in Nightly builds, run with -Z macro-backtrace for more info)
[INFO] [stdout] 
[INFO] [stdout] 
[INFO] [stdout] error[E0277]: `macros::time::Duration` doesn't implement `std::fmt::Display`
[INFO] [stdout]   --> src/macros.rs:8:42
[INFO] [stdout]    |
[INFO] [stdout] 8  |       println!("{}: {} elapsed.", $name, start.to(time::PreciseTime::now()));
[INFO] [stdout]    |                                          ^^^^^^^^^^^^^^^^^^^^^^^^^^^^^^^^^^ `macros::time::Duration` cannot be formatted with the default formatter
[INFO] [stdout]    | 
[INFO] [stdout]   ::: src/fib.rs:21:9
[INFO] [stdout]    |
[INFO] [stdout] 21 |         time!("fib", { print!("fib({}) = {}, ", i, fib(i)) })
[INFO] [stdout]    |         ----------------------------------------------------- in this macro invocation
[INFO] [stdout]    |
[INFO] [stdout]    = help: the trait `std::fmt::Display` is not implemented for `macros::time::Duration`
[INFO] [stdout]    = note: in format strings you may be able to use `{:?}` (or {:#?} for pretty-print) instead
[INFO] [stdout]    = note: required by `std::fmt::Display::fmt`
[INFO] [stdout]    = note: this error originates in a macro (in Nightly builds, run with -Z macro-backtrace for more info)
[INFO] [stdout] 
[INFO] [stdout] 
[INFO] [stdout] error: aborting due to 2 previous errors; 6 warnings emitted
[INFO] [stdout] 
[INFO] [stdout] 
[INFO] [stdout] For more information about this error, try `rustc --explain E0277`.
[INFO] [stdout] 
[INFO] [stdout] error[E0277]: `macros::time::Duration` doesn't implement `std::fmt::Display`
[INFO] [stdout]   --> src/macros.rs:8:42
[INFO] [stdout]    |
[INFO] [stdout] 8  |       println!("{}: {} elapsed.", $name, start.to(time::PreciseTime::now()));
[INFO] [stdout]    |                                          ^^^^^^^^^^^^^^^^^^^^^^^^^^^^^^^^^^ `macros::time::Duration` cannot be formatted with the default formatter
[INFO] [stdout]    | 
[INFO] [stdout]   ::: src/fib.rs:21:9
[INFO] [stdout]    |
[INFO] [stdout] 21 |         time!("fib", { print!("fib({}) = {}, ", i, fib(i)) })
[INFO] [stdout]    |         ----------------------------------------------------- in this macro invocation
[INFO] [stdout]    |
[INFO] [stdout]    = help: the trait `std::fmt::Display` is not implemented for `macros::time::Duration`
[INFO] [stdout]    = note: in format strings you may be able to use `{:?}` (or {:#?} for pretty-print) instead
[INFO] [stdout]    = note: required by `std::fmt::Display::fmt`
[INFO] [stdout]    = note: this error originates in a macro (in Nightly builds, run with -Z macro-backtrace for more info)
[INFO] [stdout] 
[INFO] [stdout] 
[INFO] [stdout] error: aborting due to 2 previous errors; 6 warnings emitted
[INFO] [stdout] 
[INFO] [stdout] 
[INFO] [stdout] For more information about this error, try `rustc --explain E0277`.
[INFO] [stdout] 
[INFO] [stderr] error: could not compile `rayon_test`.
[INFO] [stderr] 
[INFO] [stderr] To learn more, run the command again with --verbose.
[INFO] [stderr] warning: build failed, waiting for other jobs to finish...
[INFO] [stderr] error: build failed
[INFO] running `Command { std: "docker" "inspect" "c05a274e363696bdc23858b8e9df8ea596822d6f4f98fcc712ee00be98cd81cf", kill_on_drop: false }`
[INFO] running `Command { std: "docker" "rm" "-f" "c05a274e363696bdc23858b8e9df8ea596822d6f4f98fcc712ee00be98cd81cf", kill_on_drop: false }`
[INFO] [stdout] c05a274e363696bdc23858b8e9df8ea596822d6f4f98fcc712ee00be98cd81cf
