[INFO] cloning repository https://github.com/varkor/metasub
[INFO] running `Command { std: "git" "-c" "credential.helper=" "-c" "credential.helper=/workspace/cargo-home/bin/git-credential-null" "clone" "--bare" "https://github.com/varkor/metasub" "/workspace/cache/git-repos/https%3A%2F%2Fgithub.com%2Fvarkor%2Fmetasub", kill_on_drop: false }`
[INFO] [stderr] Cloning into bare repository '/workspace/cache/git-repos/https%3A%2F%2Fgithub.com%2Fvarkor%2Fmetasub'...
[INFO] running `Command { std: "git" "rev-parse" "HEAD", kill_on_drop: false }`
[INFO] [stdout] 223fb77cb9866a58013d7eb7afab2d2711224d12
[INFO] checking varkor/metasub against beta-2020-07-24 for pr-75494-beta
[INFO] running `Command { std: "git" "clone" "/workspace/cache/git-repos/https%3A%2F%2Fgithub.com%2Fvarkor%2Fmetasub" "/workspace/builds/worker-8/source", kill_on_drop: false }`
[INFO] [stderr] Cloning into '/workspace/builds/worker-8/source'...
[INFO] [stderr] done.
[INFO] validating manifest of git repo https://github.com/varkor/metasub on toolchain beta-2020-07-24
[INFO] running `Command { std: "/workspace/cargo-home/bin/cargo" "+beta-2020-07-24" "read-manifest" "--manifest-path" "Cargo.toml", kill_on_drop: false }`
[INFO] started tweaking git repo https://github.com/varkor/metasub
[INFO] finished tweaking git repo https://github.com/varkor/metasub
[INFO] tweaked toml for git repo https://github.com/varkor/metasub written to /workspace/builds/worker-8/source/Cargo.toml
[INFO] crate git repo https://github.com/varkor/metasub already has a lockfile, it will not be regenerated
[INFO] running `Command { std: "/workspace/cargo-home/bin/cargo" "+beta-2020-07-24" "fetch" "--locked" "--manifest-path" "Cargo.toml", kill_on_drop: false }`
[INFO] running `Command { std: "docker" "create" "-v" "/var/lib/crater-agent-workspace/builds/worker-8/target:/opt/rustwide/target:rw,Z" "-v" "/var/lib/crater-agent-workspace/builds/worker-8/source:/opt/rustwide/workdir:ro,Z" "-v" "/var/lib/crater-agent-workspace/cargo-home:/opt/rustwide/cargo-home:ro,Z" "-v" "/var/lib/crater-agent-workspace/rustup-home:/opt/rustwide/rustup-home:ro,Z" "-e" "SOURCE_DIR=/opt/rustwide/workdir" "-e" "CARGO_TARGET_DIR=/opt/rustwide/target" "-e" "CARGO_HOME=/opt/rustwide/cargo-home" "-e" "RUSTUP_HOME=/opt/rustwide/rustup-home" "-w" "/opt/rustwide/workdir" "-m" "1610612736" "--user" "0:0" "--network" "none" "rustops/crates-build-env@sha256:a636fd89d022f18117e1dc8fb37a0a009933cdbbe082814857f0e2024962d47c" "/opt/rustwide/cargo-home/bin/cargo" "+beta-2020-07-24" "metadata" "--no-deps" "--format-version=1", kill_on_drop: false }`
[INFO] [stderr] WARNING: Your kernel does not support swap limit capabilities or the cgroup is not mounted. Memory limited without swap.
[INFO] [stdout] 3935d4bf514b688c816919dab30e43469be4c2e37954a3e7f5fda5bdb98f53e6
[INFO] running `Command { std: "docker" "start" "-a" "3935d4bf514b688c816919dab30e43469be4c2e37954a3e7f5fda5bdb98f53e6", kill_on_drop: false }`
[INFO] running `Command { std: "docker" "inspect" "3935d4bf514b688c816919dab30e43469be4c2e37954a3e7f5fda5bdb98f53e6", kill_on_drop: false }`
[INFO] running `Command { std: "docker" "rm" "-f" "3935d4bf514b688c816919dab30e43469be4c2e37954a3e7f5fda5bdb98f53e6", kill_on_drop: false }`
[INFO] [stdout] 3935d4bf514b688c816919dab30e43469be4c2e37954a3e7f5fda5bdb98f53e6
[INFO] running `Command { std: "docker" "create" "-v" "/var/lib/crater-agent-workspace/builds/worker-8/target:/opt/rustwide/target:rw,Z" "-v" "/var/lib/crater-agent-workspace/builds/worker-8/source:/opt/rustwide/workdir:ro,Z" "-v" "/var/lib/crater-agent-workspace/cargo-home:/opt/rustwide/cargo-home:ro,Z" "-v" "/var/lib/crater-agent-workspace/rustup-home:/opt/rustwide/rustup-home:ro,Z" "-e" "SOURCE_DIR=/opt/rustwide/workdir" "-e" "CARGO_TARGET_DIR=/opt/rustwide/target" "-e" "CARGO_INCREMENTAL=0" "-e" "RUST_BACKTRACE=full" "-e" "RUSTFLAGS=--cap-lints=forbid" "-e" "CARGO_HOME=/opt/rustwide/cargo-home" "-e" "RUSTUP_HOME=/opt/rustwide/rustup-home" "-w" "/opt/rustwide/workdir" "-m" "1610612736" "--user" "0:0" "--network" "none" "rustops/crates-build-env@sha256:a636fd89d022f18117e1dc8fb37a0a009933cdbbe082814857f0e2024962d47c" "/opt/rustwide/cargo-home/bin/cargo" "+beta-2020-07-24" "check" "--frozen" "--all" "--all-targets" "--message-format=json", kill_on_drop: false }`
[INFO] [stdout] 68d7d91bb2bbcf12f4e3eaa11848a76fe0a53674c60979622d84ee8874828e04
[INFO] [stderr] WARNING: Your kernel does not support swap limit capabilities or the cgroup is not mounted. Memory limited without swap.
[INFO] running `Command { std: "docker" "start" "-a" "68d7d91bb2bbcf12f4e3eaa11848a76fe0a53674c60979622d84ee8874828e04", kill_on_drop: false }`
[INFO] [stderr]     Checking void v1.0.2
[INFO] [stderr]     Checking utf8-ranges v1.0.0
[INFO] [stderr]     Checking memchr v2.0.1
[INFO] [stderr]     Checking regex-syntax v0.5.3
[INFO] [stderr]     Checking num-integer v0.1.36
[INFO] [stderr]     Checking unreachable v1.0.0
[INFO] [stderr]     Checking chrono v0.4.2
[INFO] [stderr]     Checking aho-corasick v0.6.4
[INFO] [stderr]     Checking thread_local v0.3.5
[INFO] [stderr]     Checking regex v0.2.10
[INFO] [stderr]     Checking metasub v0.1.0 (/opt/rustwide/workdir)
[INFO] [stdout] error[E0308]: mismatched types
[INFO] [stdout]    --> src/main.rs:186:30
[INFO] [stdout]     |
[INFO] [stdout] 186 | ...                   &format!("dependency={}", deps),
[INFO] [stdout]     |                        ^^^^^^^^^^^^^^^^^^^^^^^^^^^^^^ expected enum `std::borrow::Cow`, found struct `std::string::String`
[INFO] [stdout]     |
[INFO] [stdout]     = note: expected enum `std::borrow::Cow<'_, str>`
[INFO] [stdout]              found struct `std::string::String`
[INFO] [stdout]     = note: this error originates in a macro (in Nightly builds, run with -Z macro-backtrace for more info)
[INFO] [stdout] 
[INFO] [stdout] 
[INFO] [stdout] error[E0308]: mismatched types
[INFO] [stdout]    --> src/main.rs:188:30
[INFO] [stdout]     |
[INFO] [stdout] 188 | ...                   &format!("chrono={}/libchrono-a31d51bb8f8b101c.rlib", deps),
[INFO] [stdout]     |                        ^^^^^^^^^^^^^^^^^^^^^^^^^^^^^^^^^^^^^^^^^^^^^^^^^^^^^^^^^^ expected enum `std::borrow::Cow`, found struct `std::string::String`
[INFO] [stdout]     |
[INFO] [stdout]     = note: expected enum `std::borrow::Cow<'_, str>`
[INFO] [stdout]              found struct `std::string::String`
[INFO] [stdout]     = note: this error originates in a macro (in Nightly builds, run with -Z macro-backtrace for more info)
[INFO] [stdout] 
[INFO] [stdout] 
[INFO] [stdout] error[E0308]: mismatched types
[INFO] [stdout]    --> src/main.rs:190:30
[INFO] [stdout]     |
[INFO] [stdout] 190 | ...                   &format!("regex={}/libregex-44aa0d49f4a94993.rlib", deps),
[INFO] [stdout]     |                        ^^^^^^^^^^^^^^^^^^^^^^^^^^^^^^^^^^^^^^^^^^^^^^^^^^^^^^^^ expected enum `std::borrow::Cow`, found struct `std::string::String`
[INFO] [stdout]     |
[INFO] [stdout]     = note: expected enum `std::borrow::Cow<'_, str>`
[INFO] [stdout]              found struct `std::string::String`
[INFO] [stdout]     = note: this error originates in a macro (in Nightly builds, run with -Z macro-backtrace for more info)
[INFO] [stdout] 
[INFO] [stdout] 
[INFO] [stdout] error: aborting due to 3 previous errors
[INFO] [stdout] 
[INFO] [stdout] 
[INFO] [stdout] For more information about this error, try `rustc --explain E0308`.
[INFO] [stdout] 
[INFO] [stderr] error: could not compile `metasub`.
[INFO] [stderr] 
[INFO] [stderr] To learn more, run the command again with --verbose.
[INFO] [stderr] warning: build failed, waiting for other jobs to finish...
[INFO] [stdout] error[E0308]: mismatched types
[INFO] [stdout]    --> src/main.rs:186:30
[INFO] [stdout]     |
[INFO] [stdout] 186 | ...                   &format!("dependency={}", deps),
[INFO] [stdout]     |                        ^^^^^^^^^^^^^^^^^^^^^^^^^^^^^^ expected enum `std::borrow::Cow`, found struct `std::string::String`
[INFO] [stdout]     |
[INFO] [stdout]     = note: expected enum `std::borrow::Cow<'_, str>`
[INFO] [stdout]              found struct `std::string::String`
[INFO] [stdout]     = note: this error originates in a macro (in Nightly builds, run with -Z macro-backtrace for more info)
[INFO] [stdout] 
[INFO] [stdout] 
[INFO] [stdout] error[E0308]: mismatched types
[INFO] [stdout]    --> src/main.rs:188:30
[INFO] [stdout]     |
[INFO] [stdout] 188 | ...                   &format!("chrono={}/libchrono-a31d51bb8f8b101c.rlib", deps),
[INFO] [stdout]     |                        ^^^^^^^^^^^^^^^^^^^^^^^^^^^^^^^^^^^^^^^^^^^^^^^^^^^^^^^^^^ expected enum `std::borrow::Cow`, found struct `std::string::String`
[INFO] [stdout]     |
[INFO] [stdout]     = note: expected enum `std::borrow::Cow<'_, str>`
[INFO] [stdout]              found struct `std::string::String`
[INFO] [stdout]     = note: this error originates in a macro (in Nightly builds, run with -Z macro-backtrace for more info)
[INFO] [stdout] 
[INFO] [stdout] 
[INFO] [stdout] error[E0308]: mismatched types
[INFO] [stdout]    --> src/main.rs:190:30
[INFO] [stdout]     |
[INFO] [stdout] 190 | ...                   &format!("regex={}/libregex-44aa0d49f4a94993.rlib", deps),
[INFO] [stdout]     |                        ^^^^^^^^^^^^^^^^^^^^^^^^^^^^^^^^^^^^^^^^^^^^^^^^^^^^^^^^ expected enum `std::borrow::Cow`, found struct `std::string::String`
[INFO] [stdout]     |
[INFO] [stdout]     = note: expected enum `std::borrow::Cow<'_, str>`
[INFO] [stdout]              found struct `std::string::String`
[INFO] [stdout]     = note: this error originates in a macro (in Nightly builds, run with -Z macro-backtrace for more info)
[INFO] [stdout] 
[INFO] [stdout] 
[INFO] [stdout] error: aborting due to 3 previous errors
[INFO] [stdout] 
[INFO] [stdout] 
[INFO] [stdout] For more information about this error, try `rustc --explain E0308`.
[INFO] [stdout] 
[INFO] [stderr] error: build failed
[INFO] running `Command { std: "docker" "inspect" "68d7d91bb2bbcf12f4e3eaa11848a76fe0a53674c60979622d84ee8874828e04", kill_on_drop: false }`
[INFO] running `Command { std: "docker" "rm" "-f" "68d7d91bb2bbcf12f4e3eaa11848a76fe0a53674c60979622d84ee8874828e04", kill_on_drop: false }`
[INFO] [stdout] 68d7d91bb2bbcf12f4e3eaa11848a76fe0a53674c60979622d84ee8874828e04
