[INFO] cloning repository https://github.com/tylerreisinger/rust-noise
[INFO] running `Command { std: "git" "-c" "credential.helper=" "-c" "credential.helper=/workspace/cargo-home/bin/git-credential-null" "clone" "--bare" "https://github.com/tylerreisinger/rust-noise" "/workspace/cache/git-repos/https%3A%2F%2Fgithub.com%2Ftylerreisinger%2Frust-noise", kill_on_drop: false }`
[INFO] [stderr] Cloning into bare repository '/workspace/cache/git-repos/https%3A%2F%2Fgithub.com%2Ftylerreisinger%2Frust-noise'...
[INFO] running `Command { std: "git" "rev-parse" "HEAD", kill_on_drop: false }`
[INFO] [stdout] e040ef8b688ba401f82900a97ba003b74b8991e2
[INFO] checking tylerreisinger/rust-noise against beta-2020-07-24 for pr-75494-beta
[INFO] running `Command { std: "git" "clone" "/workspace/cache/git-repos/https%3A%2F%2Fgithub.com%2Ftylerreisinger%2Frust-noise" "/workspace/builds/worker-9/source", kill_on_drop: false }`
[INFO] [stderr] Cloning into '/workspace/builds/worker-9/source'...
[INFO] [stderr] done.
[INFO] validating manifest of git repo https://github.com/tylerreisinger/rust-noise on toolchain beta-2020-07-24
[INFO] running `Command { std: "/workspace/cargo-home/bin/cargo" "+beta-2020-07-24" "read-manifest" "--manifest-path" "Cargo.toml", kill_on_drop: false }`
[INFO] started tweaking git repo https://github.com/tylerreisinger/rust-noise
[INFO] finished tweaking git repo https://github.com/tylerreisinger/rust-noise
[INFO] tweaked toml for git repo https://github.com/tylerreisinger/rust-noise written to /workspace/builds/worker-9/source/Cargo.toml
[INFO] crate git repo https://github.com/tylerreisinger/rust-noise already has a lockfile, it will not be regenerated
[INFO] running `Command { std: "/workspace/cargo-home/bin/cargo" "+beta-2020-07-24" "fetch" "--locked" "--manifest-path" "Cargo.toml", kill_on_drop: false }`
[INFO] running `Command { std: "docker" "create" "-v" "/var/lib/crater-agent-workspace/builds/worker-9/target:/opt/rustwide/target:rw,Z" "-v" "/var/lib/crater-agent-workspace/builds/worker-9/source:/opt/rustwide/workdir:ro,Z" "-v" "/var/lib/crater-agent-workspace/cargo-home:/opt/rustwide/cargo-home:ro,Z" "-v" "/var/lib/crater-agent-workspace/rustup-home:/opt/rustwide/rustup-home:ro,Z" "-e" "SOURCE_DIR=/opt/rustwide/workdir" "-e" "CARGO_TARGET_DIR=/opt/rustwide/target" "-e" "CARGO_HOME=/opt/rustwide/cargo-home" "-e" "RUSTUP_HOME=/opt/rustwide/rustup-home" "-w" "/opt/rustwide/workdir" "-m" "1610612736" "--user" "0:0" "--network" "none" "rustops/crates-build-env@sha256:a636fd89d022f18117e1dc8fb37a0a009933cdbbe082814857f0e2024962d47c" "/opt/rustwide/cargo-home/bin/cargo" "+beta-2020-07-24" "metadata" "--no-deps" "--format-version=1", kill_on_drop: false }`
[INFO] [stdout] daddd7958b75d2792680ce247faa5f6141e5a5d5ae1fa5f04775e16956180404
[INFO] [stderr] WARNING: Your kernel does not support swap limit capabilities or the cgroup is not mounted. Memory limited without swap.
[INFO] running `Command { std: "docker" "start" "-a" "daddd7958b75d2792680ce247faa5f6141e5a5d5ae1fa5f04775e16956180404", kill_on_drop: false }`
[INFO] running `Command { std: "docker" "inspect" "daddd7958b75d2792680ce247faa5f6141e5a5d5ae1fa5f04775e16956180404", kill_on_drop: false }`
[INFO] running `Command { std: "docker" "rm" "-f" "daddd7958b75d2792680ce247faa5f6141e5a5d5ae1fa5f04775e16956180404", kill_on_drop: false }`
[INFO] [stdout] daddd7958b75d2792680ce247faa5f6141e5a5d5ae1fa5f04775e16956180404
[INFO] running `Command { std: "docker" "create" "-v" "/var/lib/crater-agent-workspace/builds/worker-9/target:/opt/rustwide/target:rw,Z" "-v" "/var/lib/crater-agent-workspace/builds/worker-9/source:/opt/rustwide/workdir:ro,Z" "-v" "/var/lib/crater-agent-workspace/cargo-home:/opt/rustwide/cargo-home:ro,Z" "-v" "/var/lib/crater-agent-workspace/rustup-home:/opt/rustwide/rustup-home:ro,Z" "-e" "SOURCE_DIR=/opt/rustwide/workdir" "-e" "CARGO_TARGET_DIR=/opt/rustwide/target" "-e" "CARGO_INCREMENTAL=0" "-e" "RUST_BACKTRACE=full" "-e" "RUSTFLAGS=--cap-lints=forbid" "-e" "CARGO_HOME=/opt/rustwide/cargo-home" "-e" "RUSTUP_HOME=/opt/rustwide/rustup-home" "-w" "/opt/rustwide/workdir" "-m" "1610612736" "--user" "0:0" "--network" "none" "rustops/crates-build-env@sha256:a636fd89d022f18117e1dc8fb37a0a009933cdbbe082814857f0e2024962d47c" "/opt/rustwide/cargo-home/bin/cargo" "+beta-2020-07-24" "check" "--frozen" "--all" "--all-targets" "--message-format=json", kill_on_drop: false }`
[INFO] [stdout] 72d59c1204cdd57905396df308f1fe41f906a75fa14e0c655b912e9ae11bb4d3
[INFO] [stderr] WARNING: Your kernel does not support swap limit capabilities or the cgroup is not mounted. Memory limited without swap.
[INFO] running `Command { std: "docker" "start" "-a" "72d59c1204cdd57905396df308f1fe41f906a75fa14e0c655b912e9ae11bb4d3", kill_on_drop: false }`
[INFO] [stderr]     Checking libc v0.2.40
[INFO] [stderr]     Checking lazy_static v1.0.0
[INFO] [stderr]    Compiling cgmath v0.16.1
[INFO] [stderr]     Checking crossbeam-utils v0.2.2
[INFO] [stderr]     Checking deflate v0.7.18
[INFO] [stderr]     Checking crossbeam-epoch v0.3.1
[INFO] [stderr]     Checking crossbeam-deque v0.2.0
[INFO] [stderr]     Checking png v0.11.0
[INFO] [stderr]     Checking rand v0.4.2
[INFO] [stderr]     Checking num_cpus v1.8.0
[INFO] [stderr]     Checking rayon-core v1.4.0
[INFO] [stderr]     Checking rayon v1.0.1
[INFO] [stderr]     Checking jpeg-decoder v0.1.14
[INFO] [stderr]     Checking image v0.18.0
[INFO] [stderr]     Checking noise_lib v0.1.0 (/opt/rustwide/workdir)
[INFO] [stdout] error[E0432]: unresolved import `noise::gradient`
[INFO] [stdout]    --> src/noise/perlin.rs:502:17
[INFO] [stdout]     |
[INFO] [stdout] 502 |     use noise::{gradient, Noise};
[INFO] [stdout]     |                 ^^^^^^^^ no `gradient` in `noise`
[INFO] [stdout] 
[INFO] [stdout] 
[INFO] [stdout] error[E0554]: `#![feature]` may not be used on the beta release channel
[INFO] [stdout]  --> src/lib.rs:1:1
[INFO] [stdout]   |
[INFO] [stdout] 1 | #![feature(test)]
[INFO] [stdout]   | ^^^^^^^^^^^^^^^^^
[INFO] [stdout] 
[INFO] [stdout] 
[INFO] [stdout] error[E0554]: `#![feature]` may not be used on the beta release channel
[INFO] [stdout]  --> src/lib.rs:1:1
[INFO] [stdout]   |
[INFO] [stdout] 1 | #![feature(test)]
[INFO] [stdout]   | ^^^^^^^^^^^^^^^^^
[INFO] [stdout] 
[INFO] [stdout] 
[INFO] [stdout] warning: unused import: `interpolate`
[INFO] [stdout]    --> src/noise/perlin.rs:501:9
[INFO] [stdout]     |
[INFO] [stdout] 501 |     use interpolate;
[INFO] [stdout]     |         ^^^^^^^^^^^
[INFO] [stdout]     |
[INFO] [stdout]     = note: `#[warn(unused_imports)]` on by default
[INFO] [stdout] 
[INFO] [stdout] 
[INFO] [stdout] error: aborting due to previous error
[INFO] [stdout] 
[INFO] [stdout] 
[INFO] [stdout] For more information about this error, try `rustc --explain E0554`.
[INFO] [stdout] 
[INFO] [stderr] error: could not compile `noise_lib`.
[INFO] [stderr] 
[INFO] [stderr] To learn more, run the command again with --verbose.
[INFO] [stderr] warning: build failed, waiting for other jobs to finish...
[INFO] [stdout] error[E0308]: mismatched types
[INFO] [stdout]    --> src/noise/perlin.rs:511:14
[INFO] [stdout]     |
[INFO] [stdout] 511 |             (10, 10),
[INFO] [stdout]     |              ^^
[INFO] [stdout]     |              |
[INFO] [stdout]     |              expected `f64`, found integer
[INFO] [stdout]     |              help: use a float literal: `10.0`
[INFO] [stdout] 
[INFO] [stdout] 
[INFO] [stdout] error[E0308]: mismatched types
[INFO] [stdout]    --> src/noise/perlin.rs:511:18
[INFO] [stdout]     |
[INFO] [stdout] 511 |             (10, 10),
[INFO] [stdout]     |                  ^^
[INFO] [stdout]     |                  |
[INFO] [stdout]     |                  expected `f64`, found integer
[INFO] [stdout]     |                  help: use a float literal: `10.0`
[INFO] [stdout] 
[INFO] [stdout] 
[INFO] [stdout] error: aborting due to 4 previous errors; 1 warning emitted
[INFO] [stdout] 
[INFO] [stdout] 
[INFO] [stdout] Some errors have detailed explanations: E0308, E0432, E0554.
[INFO] [stdout] 
[INFO] [stdout] For more information about an error, try `rustc --explain E0308`.
[INFO] [stdout] 
[INFO] [stderr] error: build failed
[INFO] running `Command { std: "docker" "inspect" "72d59c1204cdd57905396df308f1fe41f906a75fa14e0c655b912e9ae11bb4d3", kill_on_drop: false }`
[INFO] running `Command { std: "docker" "rm" "-f" "72d59c1204cdd57905396df308f1fe41f906a75fa14e0c655b912e9ae11bb4d3", kill_on_drop: false }`
[INFO] [stdout] 72d59c1204cdd57905396df308f1fe41f906a75fa14e0c655b912e9ae11bb4d3
