[INFO] cloning repository https://github.com/trishume/ratews_backend
[INFO] running `Command { std: "git" "-c" "credential.helper=" "-c" "credential.helper=/workspace/cargo-home/bin/git-credential-null" "clone" "--bare" "https://github.com/trishume/ratews_backend" "/workspace/cache/git-repos/https%3A%2F%2Fgithub.com%2Ftrishume%2Fratews_backend", kill_on_drop: false }`
[INFO] [stderr] Cloning into bare repository '/workspace/cache/git-repos/https%3A%2F%2Fgithub.com%2Ftrishume%2Fratews_backend'...
[INFO] running `Command { std: "git" "rev-parse" "HEAD", kill_on_drop: false }`
[INFO] [stdout] 823310a8b009968209f4b911a0e0e8ba7d90a0fb
[INFO] checking trishume/ratews_backend against beta-2020-07-24 for pr-75494-beta
[INFO] running `Command { std: "git" "clone" "/workspace/cache/git-repos/https%3A%2F%2Fgithub.com%2Ftrishume%2Fratews_backend" "/workspace/builds/worker-4/source", kill_on_drop: false }`
[INFO] [stderr] Cloning into '/workspace/builds/worker-4/source'...
[INFO] [stderr] done.
[INFO] validating manifest of git repo https://github.com/trishume/ratews_backend on toolchain beta-2020-07-24
[INFO] running `Command { std: "/workspace/cargo-home/bin/cargo" "+beta-2020-07-24" "read-manifest" "--manifest-path" "Cargo.toml", kill_on_drop: false }`
[INFO] started tweaking git repo https://github.com/trishume/ratews_backend
[INFO] finished tweaking git repo https://github.com/trishume/ratews_backend
[INFO] tweaked toml for git repo https://github.com/trishume/ratews_backend written to /workspace/builds/worker-4/source/Cargo.toml
[INFO] crate git repo https://github.com/trishume/ratews_backend already has a lockfile, it will not be regenerated
[INFO] running `Command { std: "/workspace/cargo-home/bin/cargo" "+beta-2020-07-24" "fetch" "--locked" "--manifest-path" "Cargo.toml", kill_on_drop: false }`
[INFO] [stderr] error: the lock file /workspace/builds/worker-4/source/Cargo.lock needs to be updated but --locked was passed to prevent this
[INFO] [stderr] If you want to try to generate the lock file without accessing the network, use the --offline flag.
[INFO] the lockfile is outdated, regenerating it
[INFO] running `Command { std: "/workspace/cargo-home/bin/cargo" "+beta-2020-07-24" "generate-lockfile" "--manifest-path" "Cargo.toml" "-Zno-index-update", kill_on_drop: false }`
[INFO] running `Command { std: "/workspace/cargo-home/bin/cargo" "+beta-2020-07-24" "fetch" "--locked" "--manifest-path" "Cargo.toml", kill_on_drop: false }`
[INFO] [stderr]     Blocking waiting for file lock on package cache
[INFO] running `Command { std: "docker" "create" "-v" "/var/lib/crater-agent-workspace/builds/worker-4/target:/opt/rustwide/target:rw,Z" "-v" "/var/lib/crater-agent-workspace/builds/worker-4/source:/opt/rustwide/workdir:ro,Z" "-v" "/var/lib/crater-agent-workspace/cargo-home:/opt/rustwide/cargo-home:ro,Z" "-v" "/var/lib/crater-agent-workspace/rustup-home:/opt/rustwide/rustup-home:ro,Z" "-e" "SOURCE_DIR=/opt/rustwide/workdir" "-e" "CARGO_TARGET_DIR=/opt/rustwide/target" "-e" "CARGO_HOME=/opt/rustwide/cargo-home" "-e" "RUSTUP_HOME=/opt/rustwide/rustup-home" "-w" "/opt/rustwide/workdir" "-m" "1610612736" "--user" "0:0" "--network" "none" "rustops/crates-build-env@sha256:a636fd89d022f18117e1dc8fb37a0a009933cdbbe082814857f0e2024962d47c" "/opt/rustwide/cargo-home/bin/cargo" "+beta-2020-07-24" "metadata" "--no-deps" "--format-version=1", kill_on_drop: false }`
[INFO] [stderr] WARNING: Your kernel does not support swap limit capabilities or the cgroup is not mounted. Memory limited without swap.
[INFO] [stdout] 1e42cb83582e688096e48430275daaa116a9be40674f1807f1d3188bcc0ed5fc
[INFO] running `Command { std: "docker" "start" "-a" "1e42cb83582e688096e48430275daaa116a9be40674f1807f1d3188bcc0ed5fc", kill_on_drop: false }`
[INFO] running `Command { std: "docker" "inspect" "1e42cb83582e688096e48430275daaa116a9be40674f1807f1d3188bcc0ed5fc", kill_on_drop: false }`
[INFO] running `Command { std: "docker" "rm" "-f" "1e42cb83582e688096e48430275daaa116a9be40674f1807f1d3188bcc0ed5fc", kill_on_drop: false }`
[INFO] [stdout] 1e42cb83582e688096e48430275daaa116a9be40674f1807f1d3188bcc0ed5fc
[INFO] running `Command { std: "docker" "create" "-v" "/var/lib/crater-agent-workspace/builds/worker-4/target:/opt/rustwide/target:rw,Z" "-v" "/var/lib/crater-agent-workspace/builds/worker-4/source:/opt/rustwide/workdir:ro,Z" "-v" "/var/lib/crater-agent-workspace/cargo-home:/opt/rustwide/cargo-home:ro,Z" "-v" "/var/lib/crater-agent-workspace/rustup-home:/opt/rustwide/rustup-home:ro,Z" "-e" "SOURCE_DIR=/opt/rustwide/workdir" "-e" "CARGO_TARGET_DIR=/opt/rustwide/target" "-e" "CARGO_INCREMENTAL=0" "-e" "RUST_BACKTRACE=full" "-e" "RUSTFLAGS=--cap-lints=forbid" "-e" "CARGO_HOME=/opt/rustwide/cargo-home" "-e" "RUSTUP_HOME=/opt/rustwide/rustup-home" "-w" "/opt/rustwide/workdir" "-m" "1610612736" "--user" "0:0" "--network" "none" "rustops/crates-build-env@sha256:a636fd89d022f18117e1dc8fb37a0a009933cdbbe082814857f0e2024962d47c" "/opt/rustwide/cargo-home/bin/cargo" "+beta-2020-07-24" "check" "--frozen" "--all" "--all-targets" "--message-format=json", kill_on_drop: false }`
[INFO] [stderr] WARNING: Your kernel does not support swap limit capabilities or the cgroup is not mounted. Memory limited without swap.
[INFO] [stdout] 3c12f1d951067490b187b75865000fbfc1c4347e1126d78142c8f84d8ef09867
[INFO] running `Command { std: "docker" "start" "-a" "3c12f1d951067490b187b75865000fbfc1c4347e1126d78142c8f84d8ef09867", kill_on_drop: false }`
[INFO] [stderr]    Compiling libc v0.2.76
[INFO] [stderr]    Compiling rusqlite v0.0.11
[INFO] [stderr]     Checking bitflags v0.1.1
[INFO] [stderr]     Checking gcc v0.3.1
[INFO] [stderr]    Compiling libsqlite3-sys v0.0.10
[INFO] [stdout] error: expected identifier, found `"pkg-config"`
[INFO] [stdout]  --> /opt/rustwide/cargo-home/registry/src/github.com-1ecc6299db9ec823/rusqlite-0.0.11/build.rs:1:14
[INFO] [stdout]   |
[INFO] [stdout] 1 | extern crate "pkg-config" as pkg_config;
[INFO] [stdout]   |              ^^^^^^^^^^^^ expected identifier
[INFO] [stdout] 
[INFO] [stdout] 
[INFO] [stdout] error: aborting due to previous error
[INFO] [stdout] 
[INFO] [stdout] 
[INFO] [stdout] error: expected identifier, found `"pkg-config"`
[INFO] [stdout]  --> /opt/rustwide/cargo-home/registry/src/github.com-1ecc6299db9ec823/libsqlite3-sys-0.0.10/build.rs:1:14
[INFO] [stdout]   |
[INFO] [stdout] 1 | extern crate "pkg-config" as pkg_config;
[INFO] [stdout]   |              ^^^^^^^^^^^^ expected identifier
[INFO] [stdout] 
[INFO] [stdout] 
[INFO] [stdout] error: aborting due to previous error
[INFO] [stdout] 
[INFO] [stdout] 
[INFO] [stderr] error: could not compile `rusqlite`.
[INFO] [stderr] 
[INFO] [stderr] To learn more, run the command again with --verbose.
[INFO] [stderr] warning: build failed, waiting for other jobs to finish...
[INFO] [stdout] error[E0432]: unresolved import `std::path::AsPath`
[INFO] [stdout]   --> /opt/rustwide/cargo-home/registry/src/github.com-1ecc6299db9ec823/gcc-0.3.1/src/lib.rs:50:26
[INFO] [stdout]    |
[INFO] [stdout] 50 | use std::path::{PathBuf, AsPath};
[INFO] [stdout]    |                          ^^^^^^
[INFO] [stdout]    |                          |
[INFO] [stdout]    |                          no `AsPath` in `path`
[INFO] [stdout]    |                          help: a similar name exists in the module: `Path`
[INFO] [stdout] 
[INFO] [stdout] 
[INFO] [stdout] error[E0433]: failed to resolve: could not find `old_io` in `std`
[INFO] [stdout]    --> /opt/rustwide/cargo-home/registry/src/github.com-1ecc6299db9ec823/gcc-0.3.1/src/lib.rs:329:10
[INFO] [stdout]     |
[INFO] [stdout] 329 |     std::old_io::stdio::set_stderr(Box::new(std::old_io::util::NullWriter));
[INFO] [stdout]     |          ^^^^^^ could not find `old_io` in `std`
[INFO] [stdout] 
[INFO] [stdout] 
[INFO] [stdout] error[E0433]: failed to resolve: could not find `old_io` in `std`
[INFO] [stdout]    --> /opt/rustwide/cargo-home/registry/src/github.com-1ecc6299db9ec823/gcc-0.3.1/src/lib.rs:329:50
[INFO] [stdout]     |
[INFO] [stdout] 329 |     std::old_io::stdio::set_stderr(Box::new(std::old_io::util::NullWriter));
[INFO] [stdout]     |                                                  ^^^^^^ could not find `old_io` in `std`
[INFO] [stdout] 
[INFO] [stdout] 
[INFO] [stdout] error[E0425]: cannot find function `set_exit_status` in module `env`
[INFO] [stdout]    --> /opt/rustwide/cargo-home/registry/src/github.com-1ecc6299db9ec823/gcc-0.3.1/src/lib.rs:328:10
[INFO] [stdout]     |
[INFO] [stdout] 328 |     env::set_exit_status(1);
[INFO] [stdout]     |          ^^^^^^^^^^^^^^^ not found in `env`
[INFO] [stdout] 
[INFO] [stdout] 
[INFO] [stdout] error[E0554]: `#![feature]` may not be used on the beta release channel
[INFO] [stdout]   --> /opt/rustwide/cargo-home/registry/src/github.com-1ecc6299db9ec823/gcc-0.3.1/src/lib.rs:45:1
[INFO] [stdout]    |
[INFO] [stdout] 45 | #![feature(old_io, io, path, env, collections, process, fs)]
[INFO] [stdout]    | ^^^^^^^^^^^^^^^^^^^^^^^^^^^^^^^^^^^^^^^^^^^^^^^^^^^^^^^^^^^^
[INFO] [stdout] 
[INFO] [stdout] 
[INFO] [stdout] error: aborting due to 5 previous errors
[INFO] [stdout] 
[INFO] [stdout] 
[INFO] [stdout] Some errors have detailed explanations: E0425, E0432, E0433, E0554.
[INFO] [stdout] 
[INFO] [stdout] For more information about an error, try `rustc --explain E0425`.
[INFO] [stdout] 
[INFO] [stderr] error: build failed
[INFO] running `Command { std: "docker" "inspect" "3c12f1d951067490b187b75865000fbfc1c4347e1126d78142c8f84d8ef09867", kill_on_drop: false }`
[INFO] running `Command { std: "docker" "rm" "-f" "3c12f1d951067490b187b75865000fbfc1c4347e1126d78142c8f84d8ef09867", kill_on_drop: false }`
[INFO] [stdout] 3c12f1d951067490b187b75865000fbfc1c4347e1126d78142c8f84d8ef09867
