[INFO] cloning repository https://github.com/trishume/FusionMouse
[INFO] running `Command { std: "git" "-c" "credential.helper=" "-c" "credential.helper=/workspace/cargo-home/bin/git-credential-null" "clone" "--bare" "https://github.com/trishume/FusionMouse" "/workspace/cache/git-repos/https%3A%2F%2Fgithub.com%2Ftrishume%2FFusionMouse", kill_on_drop: false }`
[INFO] [stderr] Cloning into bare repository '/workspace/cache/git-repos/https%3A%2F%2Fgithub.com%2Ftrishume%2FFusionMouse'...
[INFO] running `Command { std: "git" "rev-parse" "HEAD", kill_on_drop: false }`
[INFO] [stdout] 46e9f052f368573cf2d4f106c3eeb252355ea3ad
[INFO] checking trishume/FusionMouse against beta-2020-07-24 for pr-75494-beta
[INFO] running `Command { std: "git" "clone" "/workspace/cache/git-repos/https%3A%2F%2Fgithub.com%2Ftrishume%2FFusionMouse" "/workspace/builds/worker-3/source", kill_on_drop: false }`
[INFO] [stderr] Cloning into '/workspace/builds/worker-3/source'...
[INFO] [stderr] done.
[INFO] validating manifest of git repo https://github.com/trishume/FusionMouse on toolchain beta-2020-07-24
[INFO] running `Command { std: "/workspace/cargo-home/bin/cargo" "+beta-2020-07-24" "read-manifest" "--manifest-path" "Cargo.toml", kill_on_drop: false }`
[INFO] removed /workspace/builds/worker-3/source/.cargo/config
[INFO] started tweaking git repo https://github.com/trishume/FusionMouse
[INFO] finished tweaking git repo https://github.com/trishume/FusionMouse
[INFO] tweaked toml for git repo https://github.com/trishume/FusionMouse written to /workspace/builds/worker-3/source/Cargo.toml
[INFO] crate git repo https://github.com/trishume/FusionMouse already has a lockfile, it will not be regenerated
[INFO] running `Command { std: "/workspace/cargo-home/bin/cargo" "+beta-2020-07-24" "fetch" "--locked" "--manifest-path" "Cargo.toml", kill_on_drop: false }`
[INFO] running `Command { std: "docker" "create" "-v" "/var/lib/crater-agent-workspace/builds/worker-3/target:/opt/rustwide/target:rw,Z" "-v" "/var/lib/crater-agent-workspace/builds/worker-3/source:/opt/rustwide/workdir:ro,Z" "-v" "/var/lib/crater-agent-workspace/cargo-home:/opt/rustwide/cargo-home:ro,Z" "-v" "/var/lib/crater-agent-workspace/rustup-home:/opt/rustwide/rustup-home:ro,Z" "-e" "SOURCE_DIR=/opt/rustwide/workdir" "-e" "CARGO_TARGET_DIR=/opt/rustwide/target" "-e" "CARGO_HOME=/opt/rustwide/cargo-home" "-e" "RUSTUP_HOME=/opt/rustwide/rustup-home" "-w" "/opt/rustwide/workdir" "-m" "1610612736" "--user" "0:0" "--network" "none" "rustops/crates-build-env@sha256:a636fd89d022f18117e1dc8fb37a0a009933cdbbe082814857f0e2024962d47c" "/opt/rustwide/cargo-home/bin/cargo" "+beta-2020-07-24" "metadata" "--no-deps" "--format-version=1", kill_on_drop: false }`
[INFO] [stderr] WARNING: Your kernel does not support swap limit capabilities or the cgroup is not mounted. Memory limited without swap.
[INFO] [stdout] f8deb357b94dd0c78387be724aade772e87d523780f81d1e66e2be6bffcff094
[INFO] running `Command { std: "docker" "start" "-a" "f8deb357b94dd0c78387be724aade772e87d523780f81d1e66e2be6bffcff094", kill_on_drop: false }`
[INFO] running `Command { std: "docker" "inspect" "f8deb357b94dd0c78387be724aade772e87d523780f81d1e66e2be6bffcff094", kill_on_drop: false }`
[INFO] running `Command { std: "docker" "rm" "-f" "f8deb357b94dd0c78387be724aade772e87d523780f81d1e66e2be6bffcff094", kill_on_drop: false }`
[INFO] [stdout] f8deb357b94dd0c78387be724aade772e87d523780f81d1e66e2be6bffcff094
[INFO] running `Command { std: "docker" "create" "-v" "/var/lib/crater-agent-workspace/builds/worker-3/target:/opt/rustwide/target:rw,Z" "-v" "/var/lib/crater-agent-workspace/builds/worker-3/source:/opt/rustwide/workdir:ro,Z" "-v" "/var/lib/crater-agent-workspace/cargo-home:/opt/rustwide/cargo-home:ro,Z" "-v" "/var/lib/crater-agent-workspace/rustup-home:/opt/rustwide/rustup-home:ro,Z" "-e" "SOURCE_DIR=/opt/rustwide/workdir" "-e" "CARGO_TARGET_DIR=/opt/rustwide/target" "-e" "CARGO_INCREMENTAL=0" "-e" "RUST_BACKTRACE=full" "-e" "RUSTFLAGS=--cap-lints=forbid" "-e" "CARGO_HOME=/opt/rustwide/cargo-home" "-e" "RUSTUP_HOME=/opt/rustwide/rustup-home" "-w" "/opt/rustwide/workdir" "-m" "1610612736" "--user" "0:0" "--network" "none" "rustops/crates-build-env@sha256:a636fd89d022f18117e1dc8fb37a0a009933cdbbe082814857f0e2024962d47c" "/opt/rustwide/cargo-home/bin/cargo" "+beta-2020-07-24" "check" "--frozen" "--all" "--all-targets" "--message-format=json", kill_on_drop: false }`
[INFO] [stdout] 13ffeadf863b809a3d1eb9b1657e4e6e77ecfc49c0b931d5127f540b2c844dbd
[INFO] [stderr] WARNING: Your kernel does not support swap limit capabilities or the cgroup is not mounted. Memory limited without swap.
[INFO] running `Command { std: "docker" "start" "-a" "13ffeadf863b809a3d1eb9b1657e4e6e77ecfc49c0b931d5127f540b2c844dbd", kill_on_drop: false }`
[INFO] [stderr]    Compiling cc v1.0.3
[INFO] [stderr]    Compiling pkg-config v0.3.9
[INFO] [stderr]     Checking libc v0.2.34
[INFO] [stderr]     Checking num-traits v0.1.41
[INFO] [stderr]     Checking signpost v0.1.0 (https://github.com/pcwalton/signpost#7ed71250)
[INFO] [stderr]    Compiling enigo v0.0.11 (https://github.com/trishume/enigo#563fbb6d)
[INFO] [stderr]     Checking rand v0.3.18
[INFO] [stderr]    Compiling linuxtrack-sys v1.0.1
[INFO] [stderr]     Checking cgmath v0.15.0
[INFO] [stderr]     Checking fusion_mouse v0.1.0 (/opt/rustwide/workdir)
[INFO] [stdout] error[E0433]: failed to resolve: could not find `Color` in `signpost`
[INFO] [stdout]   --> src/ltr_input.rs:19:45
[INFO] [stdout]    |
[INFO] [stdout] 19 |     signpost::start(3, &[0, 0, 0, signpost::Color::Green as usize]);
[INFO] [stdout]    |                                             ^^^^^ could not find `Color` in `signpost`
[INFO] [stdout] 
[INFO] [stdout] 
[INFO] [stdout] error[E0433]: failed to resolve: could not find `Color` in `signpost`
[INFO] [stdout]   --> src/ltr_input.rs:58:47
[INFO] [stdout]    |
[INFO] [stdout] 58 |         signpost::end(3, &[0, 0, 0, signpost::Color::Green as usize]);
[INFO] [stdout]    |                                               ^^^^^ could not find `Color` in `signpost`
[INFO] [stdout] 
[INFO] [stdout] 
[INFO] [stdout] error[E0433]: failed to resolve: could not find `Color` in `signpost`
[INFO] [stdout]    --> src/main.rs:103:74
[INFO] [stdout]     |
[INFO] [stdout] 103 |         let _signpost = signpost::AutoTrace::new(1, &[0, 0, 0, signpost::Color::Blue as usize]);
[INFO] [stdout]     |                                                                          ^^^^^ could not find `Color` in `signpost`
[INFO] [stdout] 
[INFO] [stdout] 
[INFO] [stdout] error[E0433]: failed to resolve: could not find `Color` in `signpost`
[INFO] [stdout]   --> src/ltr_input.rs:19:45
[INFO] [stdout]    |
[INFO] [stdout] 19 |     signpost::start(3, &[0, 0, 0, signpost::Color::Green as usize]);
[INFO] [stdout]    |                                             ^^^^^ could not find `Color` in `signpost`
[INFO] [stdout] 
[INFO] [stdout] 
[INFO] [stdout] error[E0433]: failed to resolve: could not find `Color` in `signpost`
[INFO] [stdout]   --> src/ltr_input.rs:58:47
[INFO] [stdout]    |
[INFO] [stdout] 58 |         signpost::end(3, &[0, 0, 0, signpost::Color::Green as usize]);
[INFO] [stdout]    |                                               ^^^^^ could not find `Color` in `signpost`
[INFO] [stdout] 
[INFO] [stdout] 
[INFO] [stdout] error[E0433]: failed to resolve: could not find `Color` in `signpost`
[INFO] [stdout]    --> src/main.rs:103:74
[INFO] [stdout]     |
[INFO] [stdout] 103 |         let _signpost = signpost::AutoTrace::new(1, &[0, 0, 0, signpost::Color::Blue as usize]);
[INFO] [stdout]     |                                                                          ^^^^^ could not find `Color` in `signpost`
[INFO] [stdout] 
[INFO] [stdout] 
[INFO] [stdout] error[E0599]: no function or associated item named `main_display_size` found for struct `enigo::Enigo` in the current scope
[INFO] [stdout]    --> src/main.rs:106:54
[INFO] [stdout]     |
[INFO] [stdout] 106 |         let (display_width, display_height) = Enigo::main_display_size();
[INFO] [stdout]     |                                                      ^^^^^^^^^^^^^^^^^ function or associated item not found in `enigo::Enigo`
[INFO] [stdout] 
[INFO] [stdout] 
[INFO] [stdout] error[E0599]: no function or associated item named `mouse_location` found for struct `enigo::Enigo` in the current scope
[INFO] [stdout]    --> src/main.rs:123:45
[INFO] [stdout]     |
[INFO] [stdout] 123 |             let (mouse_x, mouse_y) = Enigo::mouse_location();
[INFO] [stdout]     |                                             ^^^^^^^^^^^^^^ function or associated item not found in `enigo::Enigo`
[INFO] [stdout] 
[INFO] [stdout] 
[INFO] [stdout] error[E0599]: no function or associated item named `pressed_buttons` found for struct `enigo::Enigo` in the current scope
[INFO] [stdout]    --> src/main.rs:128:37
[INFO] [stdout]     |
[INFO] [stdout] 128 |             let mouse_down = Enigo::pressed_buttons() != 0;
[INFO] [stdout]     |                                     ^^^^^^^^^^^^^^^ function or associated item not found in `enigo::Enigo`
[INFO] [stdout] 
[INFO] [stdout] 
[INFO] [stdout] error[E0599]: no function or associated item named `main_display_size` found for struct `enigo::Enigo` in the current scope
[INFO] [stdout]    --> src/main.rs:106:54
[INFO] [stdout]     |
[INFO] [stdout] 106 |         let (display_width, display_height) = Enigo::main_display_size();
[INFO] [stdout]     |                                                      ^^^^^^^^^^^^^^^^^ function or associated item not found in `enigo::Enigo`
[INFO] [stdout] 
[INFO] [stdout] 
[INFO] [stdout] error: aborting due to 6 previous errors
[INFO] [stdout] 
[INFO] [stdout] 
[INFO] [stdout] error[E0599]: no function or associated item named `mouse_location` found for struct `enigo::Enigo` in the current scope
[INFO] [stdout]    --> src/main.rs:123:45
[INFO] [stdout]     |
[INFO] [stdout] 123 |             let (mouse_x, mouse_y) = Enigo::mouse_location();
[INFO] [stdout]     |                                             ^^^^^^^^^^^^^^ function or associated item not found in `enigo::Enigo`
[INFO] [stdout] 
[INFO] [stdout] 
[INFO] [stdout] Some errors have detailed explanations: E0433, E0599.
[INFO] [stdout] 
[INFO] [stdout] error[E0599]: no function or associated item named `pressed_buttons` found for struct `enigo::Enigo` in the current scope
[INFO] [stdout]    --> src/main.rs:128:37
[INFO] [stdout]     |
[INFO] [stdout] 128 |             let mouse_down = Enigo::pressed_buttons() != 0;
[INFO] [stdout]     |                                     ^^^^^^^^^^^^^^^ function or associated item not found in `enigo::Enigo`
[INFO] [stdout] 
[INFO] [stdout] 
[INFO] [stdout] For more information about an error, try `rustc --explain E0433`.
[INFO] [stdout] 
[INFO] [stderr] error: could not compile `fusion_mouse`.
[INFO] [stderr] 
[INFO] [stderr] To learn more, run the command again with --verbose.
[INFO] [stderr] warning: build failed, waiting for other jobs to finish...
[INFO] [stdout] error: aborting due to 6 previous errors
[INFO] [stdout] 
[INFO] [stdout] 
[INFO] [stdout] Some errors have detailed explanations: E0433, E0599.
[INFO] [stdout] 
[INFO] [stdout] For more information about an error, try `rustc --explain E0433`.
[INFO] [stdout] 
[INFO] [stderr] error: build failed
[INFO] running `Command { std: "docker" "inspect" "13ffeadf863b809a3d1eb9b1657e4e6e77ecfc49c0b931d5127f540b2c844dbd", kill_on_drop: false }`
[INFO] running `Command { std: "docker" "rm" "-f" "13ffeadf863b809a3d1eb9b1657e4e6e77ecfc49c0b931d5127f540b2c844dbd", kill_on_drop: false }`
[INFO] [stdout] 13ffeadf863b809a3d1eb9b1657e4e6e77ecfc49c0b931d5127f540b2c844dbd
