[INFO] cloning repository https://github.com/tomoyuki-nakabayashi/rvos-rs
[INFO] running `Command { std: "git" "-c" "credential.helper=" "-c" "credential.helper=/workspace/cargo-home/bin/git-credential-null" "clone" "--bare" "https://github.com/tomoyuki-nakabayashi/rvos-rs" "/workspace/cache/git-repos/https%3A%2F%2Fgithub.com%2Ftomoyuki-nakabayashi%2Frvos-rs", kill_on_drop: false }`
[INFO] [stderr] Cloning into bare repository '/workspace/cache/git-repos/https%3A%2F%2Fgithub.com%2Ftomoyuki-nakabayashi%2Frvos-rs'...
[INFO] running `Command { std: "git" "rev-parse" "HEAD", kill_on_drop: false }`
[INFO] [stdout] 9a03e8364d4ea193b2260deaefbbe6005e1c29de
[INFO] checking tomoyuki-nakabayashi/rvos-rs against beta-2020-07-24 for pr-75494-beta
[INFO] running `Command { std: "git" "clone" "/workspace/cache/git-repos/https%3A%2F%2Fgithub.com%2Ftomoyuki-nakabayashi%2Frvos-rs" "/workspace/builds/worker-5/source", kill_on_drop: false }`
[INFO] [stderr] Cloning into '/workspace/builds/worker-5/source'...
[INFO] [stderr] done.
[INFO] validating manifest of git repo https://github.com/tomoyuki-nakabayashi/rvos-rs on toolchain beta-2020-07-24
[INFO] running `Command { std: "/workspace/cargo-home/bin/cargo" "+beta-2020-07-24" "read-manifest" "--manifest-path" "Cargo.toml", kill_on_drop: false }`
[INFO] removed /workspace/builds/worker-5/source/.cargo/config
[INFO] started tweaking git repo https://github.com/tomoyuki-nakabayashi/rvos-rs
[INFO] finished tweaking git repo https://github.com/tomoyuki-nakabayashi/rvos-rs
[INFO] tweaked toml for git repo https://github.com/tomoyuki-nakabayashi/rvos-rs written to /workspace/builds/worker-5/source/Cargo.toml
[INFO] crate git repo https://github.com/tomoyuki-nakabayashi/rvos-rs already has a lockfile, it will not be regenerated
[INFO] running `Command { std: "/workspace/cargo-home/bin/cargo" "+beta-2020-07-24" "fetch" "--locked" "--manifest-path" "Cargo.toml", kill_on_drop: false }`
[INFO] running `Command { std: "docker" "create" "-v" "/var/lib/crater-agent-workspace/builds/worker-5/target:/opt/rustwide/target:rw,Z" "-v" "/var/lib/crater-agent-workspace/builds/worker-5/source:/opt/rustwide/workdir:ro,Z" "-v" "/var/lib/crater-agent-workspace/cargo-home:/opt/rustwide/cargo-home:ro,Z" "-v" "/var/lib/crater-agent-workspace/rustup-home:/opt/rustwide/rustup-home:ro,Z" "-e" "SOURCE_DIR=/opt/rustwide/workdir" "-e" "CARGO_TARGET_DIR=/opt/rustwide/target" "-e" "CARGO_HOME=/opt/rustwide/cargo-home" "-e" "RUSTUP_HOME=/opt/rustwide/rustup-home" "-w" "/opt/rustwide/workdir" "-m" "1610612736" "--user" "0:0" "--network" "none" "rustops/crates-build-env@sha256:a636fd89d022f18117e1dc8fb37a0a009933cdbbe082814857f0e2024962d47c" "/opt/rustwide/cargo-home/bin/cargo" "+beta-2020-07-24" "metadata" "--no-deps" "--format-version=1", kill_on_drop: false }`
[INFO] [stdout] f6a62ec39768d83b1f40eae7cfb863d948d992ccbec1512468b395db9444d0c2
[INFO] [stderr] WARNING: Your kernel does not support swap limit capabilities or the cgroup is not mounted. Memory limited without swap.
[INFO] running `Command { std: "docker" "start" "-a" "f6a62ec39768d83b1f40eae7cfb863d948d992ccbec1512468b395db9444d0c2", kill_on_drop: false }`
[INFO] running `Command { std: "docker" "inspect" "f6a62ec39768d83b1f40eae7cfb863d948d992ccbec1512468b395db9444d0c2", kill_on_drop: false }`
[INFO] running `Command { std: "docker" "rm" "-f" "f6a62ec39768d83b1f40eae7cfb863d948d992ccbec1512468b395db9444d0c2", kill_on_drop: false }`
[INFO] [stdout] f6a62ec39768d83b1f40eae7cfb863d948d992ccbec1512468b395db9444d0c2
[INFO] running `Command { std: "docker" "create" "-v" "/var/lib/crater-agent-workspace/builds/worker-5/target:/opt/rustwide/target:rw,Z" "-v" "/var/lib/crater-agent-workspace/builds/worker-5/source:/opt/rustwide/workdir:ro,Z" "-v" "/var/lib/crater-agent-workspace/cargo-home:/opt/rustwide/cargo-home:ro,Z" "-v" "/var/lib/crater-agent-workspace/rustup-home:/opt/rustwide/rustup-home:ro,Z" "-e" "SOURCE_DIR=/opt/rustwide/workdir" "-e" "CARGO_TARGET_DIR=/opt/rustwide/target" "-e" "CARGO_INCREMENTAL=0" "-e" "RUST_BACKTRACE=full" "-e" "RUSTFLAGS=--cap-lints=forbid" "-e" "CARGO_HOME=/opt/rustwide/cargo-home" "-e" "RUSTUP_HOME=/opt/rustwide/rustup-home" "-w" "/opt/rustwide/workdir" "-m" "1610612736" "--user" "0:0" "--network" "none" "rustops/crates-build-env@sha256:a636fd89d022f18117e1dc8fb37a0a009933cdbbe082814857f0e2024962d47c" "/opt/rustwide/cargo-home/bin/cargo" "+beta-2020-07-24" "check" "--frozen" "--all" "--all-targets" "--message-format=json", kill_on_drop: false }`
[INFO] [stdout] cae7dcfcd0a306c588c013f1026415d25868f614e7a2b4d7a3c57f14a9e6aef8
[INFO] [stderr] WARNING: Your kernel does not support swap limit capabilities or the cgroup is not mounted. Memory limited without swap.
[INFO] running `Command { std: "docker" "start" "-a" "cae7dcfcd0a306c588c013f1026415d25868f614e7a2b4d7a3c57f14a9e6aef8", kill_on_drop: false }`
[INFO] [stderr]     Blocking waiting for file lock on package cache
[INFO] [stderr]     Blocking waiting for file lock on package cache
[INFO] [stderr]     Checking rvos-rs v0.1.0 (/opt/rustwide/workdir)
[INFO] [stdout] error[E0554]: `#![feature]` may not be used on the beta release channel
[INFO] [stdout]  --> src/main.rs:2:1
[INFO] [stdout]   |
[INFO] [stdout] 2 | #![feature(global_asm)]
[INFO] [stdout]   | ^^^^^^^^^^^^^^^^^^^^^^^
[INFO] [stdout] 
[INFO] [stdout] 
[INFO] [stdout] error[E0554]: `#![feature]` may not be used on the beta release channel
[INFO] [stdout]  --> src/main.rs:3:1
[INFO] [stdout]   |
[INFO] [stdout] 3 | #![feature(asm)]
[INFO] [stdout]   | ^^^^^^^^^^^^^^^^
[INFO] [stdout] 
[INFO] [stdout] 
[INFO] [stdout] warning: unused doc comment
[INFO] [stdout]   --> src/asm.rs:15:1
[INFO] [stdout]    |
[INFO] [stdout] 15 | /// Priviledged ISA Instructions
[INFO] [stdout]    | ^^^^^^^^^^^^^^^^^^^^^^^^^^^^^^^^ rustdoc does not generate documentation for macro invocations
[INFO] [stdout]    |
[INFO] [stdout]    = note: `#[warn(unused_doc_comments)]` on by default
[INFO] [stdout]    = help: to document an item produced by a macro, the macro must produce the documentation as part of its expansion
[INFO] [stdout] 
[INFO] [stdout] 
[INFO] [stdout] error: language item required, but not found: `eh_personality`
[INFO] [stdout] 
[INFO] [stdout] 
[INFO] [stdout] error: aborting due to 3 previous errors; 1 warning emitted
[INFO] [stdout] 
[INFO] [stdout] 
[INFO] [stdout] For more information about this error, try `rustc --explain E0554`.
[INFO] [stdout] 
[INFO] [stderr] error: could not compile `rvos-rs`.
[INFO] [stderr] 
[INFO] [stderr] To learn more, run the command again with --verbose.
[INFO] [stderr] warning: build failed, waiting for other jobs to finish...
[INFO] [stdout] error[E0554]: `#![feature]` may not be used on the beta release channel
[INFO] [stdout]  --> src/main.rs:2:1
[INFO] [stdout]   |
[INFO] [stdout] 2 | #![feature(global_asm)]
[INFO] [stdout]   | ^^^^^^^^^^^^^^^^^^^^^^^
[INFO] [stdout] 
[INFO] [stdout] 
[INFO] [stdout] error[E0554]: `#![feature]` may not be used on the beta release channel
[INFO] [stdout]  --> src/main.rs:3:1
[INFO] [stdout]   |
[INFO] [stdout] 3 | #![feature(asm)]
[INFO] [stdout]   | ^^^^^^^^^^^^^^^^
[INFO] [stdout] 
[INFO] [stdout] 
[INFO] [stdout] warning: unused doc comment
[INFO] [stdout]   --> src/asm.rs:15:1
[INFO] [stdout]    |
[INFO] [stdout] 15 | /// Priviledged ISA Instructions
[INFO] [stdout]    | ^^^^^^^^^^^^^^^^^^^^^^^^^^^^^^^^ rustdoc does not generate documentation for macro invocations
[INFO] [stdout]    |
[INFO] [stdout]    = note: `#[warn(unused_doc_comments)]` on by default
[INFO] [stdout]    = help: to document an item produced by a macro, the macro must produce the documentation as part of its expansion
[INFO] [stdout] 
[INFO] [stdout] 
[INFO] [stdout] error[E0152]: found duplicate lang item `panic_impl`
[INFO] [stdout]   --> src/main.rs:28:1
[INFO] [stdout]    |
[INFO] [stdout] 28 | / pub fn panic(_info: &PanicInfo) -> ! {
[INFO] [stdout] 29 | |     loop {}
[INFO] [stdout] 30 | | }
[INFO] [stdout]    | |_^
[INFO] [stdout]    |
[INFO] [stdout]    = note: the lang item is first defined in crate `std` (which `test` depends on)
[INFO] [stdout]    = note: first definition in `std` loaded from /opt/rustwide/rustup-home/toolchains/beta-2020-07-24-x86_64-unknown-linux-gnu/lib/rustlib/x86_64-unknown-linux-gnu/lib/libstd-d66e0ceb8eaec9b8.rlib
[INFO] [stdout]    = note: second definition in the local crate (`rvos_rs`)
[INFO] [stdout] 
[INFO] [stdout] 
[INFO] [stdout] error: aborting due to 3 previous errors; 1 warning emitted
[INFO] [stdout] 
[INFO] [stdout] 
[INFO] [stdout] Some errors have detailed explanations: E0152, E0554.
[INFO] [stdout] 
[INFO] [stdout] For more information about an error, try `rustc --explain E0152`.
[INFO] [stdout] 
[INFO] [stderr] error: build failed
[INFO] running `Command { std: "docker" "inspect" "cae7dcfcd0a306c588c013f1026415d25868f614e7a2b4d7a3c57f14a9e6aef8", kill_on_drop: false }`
[INFO] running `Command { std: "docker" "rm" "-f" "cae7dcfcd0a306c588c013f1026415d25868f614e7a2b4d7a3c57f14a9e6aef8", kill_on_drop: false }`
[INFO] [stdout] cae7dcfcd0a306c588c013f1026415d25868f614e7a2b4d7a3c57f14a9e6aef8
