[INFO] cloning repository https://github.com/thenixan/advent-of-code-2018
[INFO] running `Command { std: "git" "-c" "credential.helper=" "-c" "credential.helper=/workspace/cargo-home/bin/git-credential-null" "clone" "--bare" "https://github.com/thenixan/advent-of-code-2018" "/workspace/cache/git-repos/https%3A%2F%2Fgithub.com%2Fthenixan%2Fadvent-of-code-2018", kill_on_drop: false }`
[INFO] [stderr] Cloning into bare repository '/workspace/cache/git-repos/https%3A%2F%2Fgithub.com%2Fthenixan%2Fadvent-of-code-2018'...
[INFO] running `Command { std: "git" "rev-parse" "HEAD", kill_on_drop: false }`
[INFO] [stdout] 0777a9264f2bb1ce53db71c2fccc5e24c08e8825
[INFO] checking thenixan/advent-of-code-2018 against beta-2020-07-24 for pr-75494-beta
[INFO] running `Command { std: "git" "clone" "/workspace/cache/git-repos/https%3A%2F%2Fgithub.com%2Fthenixan%2Fadvent-of-code-2018" "/workspace/builds/worker-1/source", kill_on_drop: false }`
[INFO] [stderr] Cloning into '/workspace/builds/worker-1/source'...
[INFO] [stderr] done.
[INFO] validating manifest of git repo https://github.com/thenixan/advent-of-code-2018 on toolchain beta-2020-07-24
[INFO] running `Command { std: "/workspace/cargo-home/bin/cargo" "+beta-2020-07-24" "read-manifest" "--manifest-path" "Cargo.toml", kill_on_drop: false }`
[INFO] started tweaking git repo https://github.com/thenixan/advent-of-code-2018
[INFO] finished tweaking git repo https://github.com/thenixan/advent-of-code-2018
[INFO] tweaked toml for git repo https://github.com/thenixan/advent-of-code-2018 written to /workspace/builds/worker-1/source/Cargo.toml
[INFO] crate git repo https://github.com/thenixan/advent-of-code-2018 already has a lockfile, it will not be regenerated
[INFO] running `Command { std: "/workspace/cargo-home/bin/cargo" "+beta-2020-07-24" "fetch" "--locked" "--manifest-path" "Cargo.toml", kill_on_drop: false }`
[INFO] running `Command { std: "docker" "create" "-v" "/var/lib/crater-agent-workspace/builds/worker-1/target:/opt/rustwide/target:rw,Z" "-v" "/var/lib/crater-agent-workspace/builds/worker-1/source:/opt/rustwide/workdir:ro,Z" "-v" "/var/lib/crater-agent-workspace/cargo-home:/opt/rustwide/cargo-home:ro,Z" "-v" "/var/lib/crater-agent-workspace/rustup-home:/opt/rustwide/rustup-home:ro,Z" "-e" "SOURCE_DIR=/opt/rustwide/workdir" "-e" "CARGO_TARGET_DIR=/opt/rustwide/target" "-e" "CARGO_HOME=/opt/rustwide/cargo-home" "-e" "RUSTUP_HOME=/opt/rustwide/rustup-home" "-w" "/opt/rustwide/workdir" "-m" "1610612736" "--user" "0:0" "--network" "none" "rustops/crates-build-env@sha256:a636fd89d022f18117e1dc8fb37a0a009933cdbbe082814857f0e2024962d47c" "/opt/rustwide/cargo-home/bin/cargo" "+beta-2020-07-24" "metadata" "--no-deps" "--format-version=1", kill_on_drop: false }`
[INFO] [stdout] 5ce6c5a5e4a838a2f4779ab061a0abedf3309f065bf7554d8e33b4c257c183af
[INFO] [stderr] WARNING: Your kernel does not support swap limit capabilities or the cgroup is not mounted. Memory limited without swap.
[INFO] running `Command { std: "docker" "start" "-a" "5ce6c5a5e4a838a2f4779ab061a0abedf3309f065bf7554d8e33b4c257c183af", kill_on_drop: false }`
[INFO] running `Command { std: "docker" "inspect" "5ce6c5a5e4a838a2f4779ab061a0abedf3309f065bf7554d8e33b4c257c183af", kill_on_drop: false }`
[INFO] running `Command { std: "docker" "rm" "-f" "5ce6c5a5e4a838a2f4779ab061a0abedf3309f065bf7554d8e33b4c257c183af", kill_on_drop: false }`
[INFO] [stdout] 5ce6c5a5e4a838a2f4779ab061a0abedf3309f065bf7554d8e33b4c257c183af
[INFO] running `Command { std: "docker" "create" "-v" "/var/lib/crater-agent-workspace/builds/worker-1/target:/opt/rustwide/target:rw,Z" "-v" "/var/lib/crater-agent-workspace/builds/worker-1/source:/opt/rustwide/workdir:ro,Z" "-v" "/var/lib/crater-agent-workspace/cargo-home:/opt/rustwide/cargo-home:ro,Z" "-v" "/var/lib/crater-agent-workspace/rustup-home:/opt/rustwide/rustup-home:ro,Z" "-e" "SOURCE_DIR=/opt/rustwide/workdir" "-e" "CARGO_TARGET_DIR=/opt/rustwide/target" "-e" "CARGO_INCREMENTAL=0" "-e" "RUST_BACKTRACE=full" "-e" "RUSTFLAGS=--cap-lints=forbid" "-e" "CARGO_HOME=/opt/rustwide/cargo-home" "-e" "RUSTUP_HOME=/opt/rustwide/rustup-home" "-w" "/opt/rustwide/workdir" "-m" "1610612736" "--user" "0:0" "--network" "none" "rustops/crates-build-env@sha256:a636fd89d022f18117e1dc8fb37a0a009933cdbbe082814857f0e2024962d47c" "/opt/rustwide/cargo-home/bin/cargo" "+beta-2020-07-24" "check" "--frozen" "--all" "--all-targets" "--message-format=json", kill_on_drop: false }`
[INFO] [stdout] eed6a220d7fd0a391ce8b22afbb74f8120380a7ccaa91bc578971341449576c3
[INFO] [stderr] WARNING: Your kernel does not support swap limit capabilities or the cgroup is not mounted. Memory limited without swap.
[INFO] running `Command { std: "docker" "start" "-a" "eed6a220d7fd0a391ce8b22afbb74f8120380a7ccaa91bc578971341449576c3", kill_on_drop: false }`
[INFO] [stderr]     Blocking waiting for file lock on package cache
[INFO] [stderr]    Compiling libc v0.2.44
[INFO] [stderr]    Compiling num-traits v0.2.6
[INFO] [stderr]    Compiling num-integer v0.1.39
[INFO] [stderr]     Checking unic-char-range v0.7.0
[INFO] [stderr]     Checking time v0.1.40
[INFO] [stderr]     Checking chrono v0.4.6
[INFO] [stderr]     Checking advent-of-code v0.1.0 (/opt/rustwide/workdir)
[INFO] [stdout] error[E0554]: `#![feature]` may not be used on the beta release channel
[INFO] [stdout]  --> src/main.rs:1:1
[INFO] [stdout]   |
[INFO] [stdout] 1 | #![feature(test)]
[INFO] [stdout]   | ^^^^^^^^^^^^^^^^^
[INFO] [stdout] 
[INFO] [stdout] 
[INFO] [stdout] error[E0554]: `#![feature]` may not be used on the beta release channel
[INFO] [stdout]  --> src/main.rs:2:1
[INFO] [stdout]   |
[INFO] [stdout] 2 | #![feature(stdsimd)]
[INFO] [stdout]   | ^^^^^^^^^^^^^^^^^^^^
[INFO] [stdout] 
[INFO] [stdout] 
[INFO] [stdout] warning: trait objects without an explicit `dyn` are deprecated
[INFO] [stdout]   --> src/main.rs:53:32
[INFO] [stdout]    |
[INFO] [stdout] 53 |     fn cause(&self) -> Option<&Error> {
[INFO] [stdout]    |                                ^^^^^ help: use `dyn`: `dyn Error`
[INFO] [stdout]    |
[INFO] [stdout]    = note: `#[warn(bare_trait_objects)]` on by default
[INFO] [stdout] 
[INFO] [stdout] 
[INFO] [stdout] error[E0554]: `#![feature]` may not be used on the beta release channel
[INFO] [stdout]  --> src/main.rs:1:1
[INFO] [stdout]   |
[INFO] [stdout] 1 | #![feature(test)]
[INFO] [stdout]   | ^^^^^^^^^^^^^^^^^
[INFO] [stdout] 
[INFO] [stdout] 
[INFO] [stdout] error[E0554]: `#![feature]` may not be used on the beta release channel
[INFO] [stdout]  --> src/main.rs:2:1
[INFO] [stdout]   |
[INFO] [stdout] 2 | #![feature(stdsimd)]
[INFO] [stdout]   | ^^^^^^^^^^^^^^^^^^^^
[INFO] [stdout] 
[INFO] [stdout] 
[INFO] [stdout] warning: trait objects without an explicit `dyn` are deprecated
[INFO] [stdout]   --> src/main.rs:53:32
[INFO] [stdout]    |
[INFO] [stdout] 53 |     fn cause(&self) -> Option<&Error> {
[INFO] [stdout]    |                                ^^^^^ help: use `dyn`: `dyn Error`
[INFO] [stdout]    |
[INFO] [stdout]    = note: `#[warn(bare_trait_objects)]` on by default
[INFO] [stdout] 
[INFO] [stdout] 
[INFO] [stdout] warning: use of deprecated item 'std::error::Error::description': use the Display impl or to_string()
[INFO] [stdout]   --> src/main.rs:48:44
[INFO] [stdout]    |
[INFO] [stdout] 48 |             InputError::ParseError(e) => e.description(),
[INFO] [stdout]    |                                            ^^^^^^^^^^^
[INFO] [stdout]    |
[INFO] [stdout]    = note: `#[warn(deprecated)]` on by default
[INFO] [stdout] 
[INFO] [stdout] 
[INFO] [stdout] warning: use of deprecated item 'std::error::Error::description': use the Display impl or to_string()
[INFO] [stdout]   --> src/main.rs:49:45
[INFO] [stdout]    |
[INFO] [stdout] 49 |             InputError::StreamError(e) => e.description(),
[INFO] [stdout]    |                                             ^^^^^^^^^^^
[INFO] [stdout] 
[INFO] [stdout] 
[INFO] [stdout] warning: use of deprecated item 'std::error::Error::cause': replaced by Error::source, which can support downcasting
[INFO] [stdout]   --> src/main.rs:55:44
[INFO] [stdout]    |
[INFO] [stdout] 55 |             InputError::ParseError(e) => e.cause(),
[INFO] [stdout]    |                                            ^^^^^
[INFO] [stdout] 
[INFO] [stdout] 
[INFO] [stdout] warning: use of deprecated item 'std::error::Error::cause': replaced by Error::source, which can support downcasting
[INFO] [stdout]   --> src/main.rs:56:45
[INFO] [stdout]    |
[INFO] [stdout] 56 |             InputError::StreamError(e) => e.cause(),
[INFO] [stdout]    |                                             ^^^^^
[INFO] [stdout] 
[INFO] [stdout] 
[INFO] [stdout] warning: use of deprecated item 'std::error::Error::description': use the Display impl or to_string()
[INFO] [stdout]   --> src/main.rs:66:65
[INFO] [stdout]    |
[INFO] [stdout] 66 |             Err(e) => println!("Wrong day number format: {}", e.description()),
[INFO] [stdout]    |                                                                 ^^^^^^^^^^^
[INFO] [stdout] 
[INFO] [stdout] 
[INFO] [stdout] warning: use of deprecated item 'std::error::Error::description': use the Display impl or to_string()
[INFO] [stdout]   --> src/main.rs:74:66
[INFO] [stdout]    |
[INFO] [stdout] 74 |             Err(e) => println!("Wrong task number format: {}", e.description()),
[INFO] [stdout]    |                                                                  ^^^^^^^^^^^
[INFO] [stdout] 
[INFO] [stdout] 
[INFO] [stdout] warning: use of deprecated item 'std::error::Error::description': use the Display impl or to_string()
[INFO] [stdout]   --> src/main.rs:48:44
[INFO] [stdout]    |
[INFO] [stdout] 48 |             InputError::ParseError(e) => e.description(),
[INFO] [stdout]    |                                            ^^^^^^^^^^^
[INFO] [stdout]    |
[INFO] [stdout]    = note: `#[warn(deprecated)]` on by default
[INFO] [stdout] 
[INFO] [stdout] 
[INFO] [stdout] warning: use of deprecated item 'std::error::Error::description': use the Display impl or to_string()
[INFO] [stdout]   --> src/main.rs:49:45
[INFO] [stdout]    |
[INFO] [stdout] 49 |             InputError::StreamError(e) => e.description(),
[INFO] [stdout]    |                                             ^^^^^^^^^^^
[INFO] [stdout] 
[INFO] [stdout] 
[INFO] [stdout] warning: use of deprecated item 'std::error::Error::cause': replaced by Error::source, which can support downcasting
[INFO] [stdout]   --> src/main.rs:55:44
[INFO] [stdout]    |
[INFO] [stdout] 55 |             InputError::ParseError(e) => e.cause(),
[INFO] [stdout]    |                                            ^^^^^
[INFO] [stdout] 
[INFO] [stdout] 
[INFO] [stdout] warning: use of deprecated item 'std::error::Error::cause': replaced by Error::source, which can support downcasting
[INFO] [stdout]   --> src/main.rs:56:45
[INFO] [stdout]    |
[INFO] [stdout] 56 |             InputError::StreamError(e) => e.cause(),
[INFO] [stdout]    |                                             ^^^^^
[INFO] [stdout] 
[INFO] [stdout] 
[INFO] [stdout] warning: use of deprecated item 'std::error::Error::description': use the Display impl or to_string()
[INFO] [stdout]   --> src/main.rs:66:65
[INFO] [stdout]    |
[INFO] [stdout] 66 |             Err(e) => println!("Wrong day number format: {}", e.description()),
[INFO] [stdout]    |                                                                 ^^^^^^^^^^^
[INFO] [stdout] 
[INFO] [stdout] 
[INFO] [stdout] warning: use of deprecated item 'std::error::Error::description': use the Display impl or to_string()
[INFO] [stdout]   --> src/main.rs:74:66
[INFO] [stdout]    |
[INFO] [stdout] 74 |             Err(e) => println!("Wrong task number format: {}", e.description()),
[INFO] [stdout]    |                                                                  ^^^^^^^^^^^
[INFO] [stdout] 
[INFO] [stdout] 
[INFO] [stderr] error: could not compile `advent-of-code`.
[INFO] [stdout] error: aborting due to 2 previous errors; 7 warnings emitted
[INFO] [stdout] 
[INFO] [stdout] 
[INFO] [stderr] 
[INFO] [stdout] For more information about this error, try `rustc --explain E0554`.
[INFO] [stdout] 
[INFO] [stderr] To learn more, run the command again with --verbose.
[INFO] [stderr] warning: build failed, waiting for other jobs to finish...
[INFO] [stdout] error: aborting due to 2 previous errors; 7 warnings emitted
[INFO] [stdout] 
[INFO] [stdout] 
[INFO] [stdout] For more information about this error, try `rustc --explain E0554`.
[INFO] [stdout] 
[INFO] [stderr] error: build failed
[INFO] running `Command { std: "docker" "inspect" "eed6a220d7fd0a391ce8b22afbb74f8120380a7ccaa91bc578971341449576c3", kill_on_drop: false }`
[INFO] running `Command { std: "docker" "rm" "-f" "eed6a220d7fd0a391ce8b22afbb74f8120380a7ccaa91bc578971341449576c3", kill_on_drop: false }`
[INFO] [stdout] eed6a220d7fd0a391ce8b22afbb74f8120380a7ccaa91bc578971341449576c3
