[INFO] cloning repository https://github.com/theduke/wasm-debug-instantiate
[INFO] running `Command { std: "git" "-c" "credential.helper=" "-c" "credential.helper=/workspace/cargo-home/bin/git-credential-null" "clone" "--bare" "https://github.com/theduke/wasm-debug-instantiate" "/workspace/cache/git-repos/https%3A%2F%2Fgithub.com%2Ftheduke%2Fwasm-debug-instantiate", kill_on_drop: false }`
[INFO] [stderr] Cloning into bare repository '/workspace/cache/git-repos/https%3A%2F%2Fgithub.com%2Ftheduke%2Fwasm-debug-instantiate'...
[INFO] running `Command { std: "git" "rev-parse" "HEAD", kill_on_drop: false }`
[INFO] [stdout] 4ddbd39084c5eb36b6bc9f88ddb56532888c3d7b
[INFO] checking theduke/wasm-debug-instantiate against beta-2020-07-24 for pr-75494-beta
[INFO] running `Command { std: "git" "clone" "/workspace/cache/git-repos/https%3A%2F%2Fgithub.com%2Ftheduke%2Fwasm-debug-instantiate" "/workspace/builds/worker-8/source", kill_on_drop: false }`
[INFO] [stderr] Cloning into '/workspace/builds/worker-8/source'...
[INFO] [stderr] done.
[INFO] validating manifest of git repo https://github.com/theduke/wasm-debug-instantiate on toolchain beta-2020-07-24
[INFO] running `Command { std: "/workspace/cargo-home/bin/cargo" "+beta-2020-07-24" "read-manifest" "--manifest-path" "Cargo.toml", kill_on_drop: false }`
[INFO] started tweaking git repo https://github.com/theduke/wasm-debug-instantiate
[INFO] finished tweaking git repo https://github.com/theduke/wasm-debug-instantiate
[INFO] tweaked toml for git repo https://github.com/theduke/wasm-debug-instantiate written to /workspace/builds/worker-8/source/Cargo.toml
[INFO] crate git repo https://github.com/theduke/wasm-debug-instantiate already has a lockfile, it will not be regenerated
[INFO] running `Command { std: "/workspace/cargo-home/bin/cargo" "+beta-2020-07-24" "fetch" "--locked" "--manifest-path" "Cargo.toml", kill_on_drop: false }`
[INFO] running `Command { std: "docker" "create" "-v" "/var/lib/crater-agent-workspace/builds/worker-8/target:/opt/rustwide/target:rw,Z" "-v" "/var/lib/crater-agent-workspace/builds/worker-8/source:/opt/rustwide/workdir:ro,Z" "-v" "/var/lib/crater-agent-workspace/cargo-home:/opt/rustwide/cargo-home:ro,Z" "-v" "/var/lib/crater-agent-workspace/rustup-home:/opt/rustwide/rustup-home:ro,Z" "-e" "SOURCE_DIR=/opt/rustwide/workdir" "-e" "CARGO_TARGET_DIR=/opt/rustwide/target" "-e" "CARGO_HOME=/opt/rustwide/cargo-home" "-e" "RUSTUP_HOME=/opt/rustwide/rustup-home" "-w" "/opt/rustwide/workdir" "-m" "1610612736" "--user" "0:0" "--network" "none" "rustops/crates-build-env@sha256:a636fd89d022f18117e1dc8fb37a0a009933cdbbe082814857f0e2024962d47c" "/opt/rustwide/cargo-home/bin/cargo" "+beta-2020-07-24" "metadata" "--no-deps" "--format-version=1", kill_on_drop: false }`
[INFO] [stderr] WARNING: Your kernel does not support swap limit capabilities or the cgroup is not mounted. Memory limited without swap.
[INFO] [stdout] 6bca42c075c1e8f44d8666d06969507d47cbdd51d78f77411ef2832fed181285
[INFO] running `Command { std: "docker" "start" "-a" "6bca42c075c1e8f44d8666d06969507d47cbdd51d78f77411ef2832fed181285", kill_on_drop: false }`
[INFO] running `Command { std: "docker" "inspect" "6bca42c075c1e8f44d8666d06969507d47cbdd51d78f77411ef2832fed181285", kill_on_drop: false }`
[INFO] running `Command { std: "docker" "rm" "-f" "6bca42c075c1e8f44d8666d06969507d47cbdd51d78f77411ef2832fed181285", kill_on_drop: false }`
[INFO] [stdout] 6bca42c075c1e8f44d8666d06969507d47cbdd51d78f77411ef2832fed181285
[INFO] running `Command { std: "docker" "create" "-v" "/var/lib/crater-agent-workspace/builds/worker-8/target:/opt/rustwide/target:rw,Z" "-v" "/var/lib/crater-agent-workspace/builds/worker-8/source:/opt/rustwide/workdir:ro,Z" "-v" "/var/lib/crater-agent-workspace/cargo-home:/opt/rustwide/cargo-home:ro,Z" "-v" "/var/lib/crater-agent-workspace/rustup-home:/opt/rustwide/rustup-home:ro,Z" "-e" "SOURCE_DIR=/opt/rustwide/workdir" "-e" "CARGO_TARGET_DIR=/opt/rustwide/target" "-e" "CARGO_INCREMENTAL=0" "-e" "RUST_BACKTRACE=full" "-e" "RUSTFLAGS=--cap-lints=forbid" "-e" "CARGO_HOME=/opt/rustwide/cargo-home" "-e" "RUSTUP_HOME=/opt/rustwide/rustup-home" "-w" "/opt/rustwide/workdir" "-m" "1610612736" "--user" "0:0" "--network" "none" "rustops/crates-build-env@sha256:a636fd89d022f18117e1dc8fb37a0a009933cdbbe082814857f0e2024962d47c" "/opt/rustwide/cargo-home/bin/cargo" "+beta-2020-07-24" "check" "--frozen" "--all" "--all-targets" "--message-format=json", kill_on_drop: false }`
[INFO] [stdout] 86df8b02bc6e82dc1277e204992230c1a3c3f6b363214ec62a0ca2ea969930f4
[INFO] [stderr] WARNING: Your kernel does not support swap limit capabilities or the cgroup is not mounted. Memory limited without swap.
[INFO] running `Command { std: "docker" "start" "-a" "86df8b02bc6e82dc1277e204992230c1a3c3f6b363214ec62a0ca2ea969930f4", kill_on_drop: false }`
[INFO] [stderr]    Compiling proc-macro2 v0.4.24
[INFO] [stderr]    Compiling unicode-xid v0.1.0
[INFO] [stderr]    Compiling libc v0.2.47
[INFO] [stderr]    Compiling lazy_static v1.2.0
[INFO] [stderr]    Compiling wasm-bindgen-shared v0.2.31
[INFO] [stderr]    Compiling cc v1.0.28
[INFO] [stderr]    Compiling autocfg v0.1.1
[INFO] [stderr]    Compiling failure_derive v0.1.5
[INFO] [stderr]    Compiling regex v1.1.0
[INFO] [stderr]    Compiling ucd-util v0.1.3
[INFO] [stderr]    Compiling wasm-bindgen v0.2.31
[INFO] [stderr]    Compiling rustc-demangle v0.1.13
[INFO] [stderr]    Compiling quick-error v1.2.2
[INFO] [stderr]    Compiling utf8-ranges v1.0.2
[INFO] [stderr]    Compiling termcolor v1.0.4
[INFO] [stderr]    Compiling sourcefile v0.1.4
[INFO] [stderr]     Checking futures v0.1.25
[INFO] [stderr]    Compiling memchr v2.1.2
[INFO] [stderr]    Compiling thread_local v0.3.6
[INFO] [stderr]    Compiling humantime v1.2.0
[INFO] [stderr]    Compiling regex-syntax v0.6.4
[INFO] [stderr]    Compiling backtrace v0.3.13
[INFO] [stderr]    Compiling quote v0.6.10
[INFO] [stderr]    Compiling atty v0.2.11
[INFO] [stderr]    Compiling syn v0.15.25
[INFO] [stderr]    Compiling backtrace-sys v0.1.28
[INFO] [stderr]    Compiling aho-corasick v0.6.9
[INFO] [stderr]    Compiling nom v4.1.1
[INFO] [stderr]    Compiling weedle v0.8.0
[INFO] [stderr]    Compiling env_logger v0.6.0
[INFO] [stderr]    Compiling wasm-bindgen-backend v0.2.31
[INFO] [stderr]    Compiling synstructure v0.10.1
[INFO] [stderr]    Compiling wasm-bindgen-macro-support v0.2.31
[INFO] [stderr]    Compiling failure v0.1.5
[INFO] [stderr]    Compiling wasm-bindgen-webidl v0.2.25
[INFO] [stderr]    Compiling wasm-bindgen-macro v0.2.31
[INFO] [stderr]     Checking js-sys v0.3.8
[INFO] [stderr]    Compiling web-sys v0.3.8
[INFO] [stderr]     Checking wasm-bindgen-futures v0.3.8
[INFO] [stderr]     Checking wasm_crash v0.1.0 (/opt/rustwide/workdir)
[INFO] [stdout] error[E0557]: feature has been removed
[INFO] [stdout]  --> src/lib.rs:1:12
[INFO] [stdout]   |
[INFO] [stdout] 1 | #![feature(custom_attribute)]
[INFO] [stdout]   |            ^^^^^^^^^^^^^^^^ feature has been removed
[INFO] [stdout]   |
[INFO] [stdout]   = note: removed in favor of `#![register_tool]` and `#![register_attr]`
[INFO] [stdout] 
[INFO] [stdout] 
[INFO] [stdout] error[E0557]: feature has been removed
[INFO] [stdout]  --> src/lib.rs:1:12
[INFO] [stdout]   |
[INFO] [stdout] 1 | #![feature(custom_attribute)]
[INFO] [stdout]   |            ^^^^^^^^^^^^^^^^ feature has been removed
[INFO] [stdout]   |
[INFO] [stdout]   = note: removed in favor of `#![register_tool]` and `#![register_attr]`
[INFO] [stdout] 
[INFO] [stdout] 
[INFO] [stdout] error[E0554]: `#![feature]` may not be used on the beta release channel
[INFO] [stdout]  --> src/lib.rs:1:1
[INFO] [stdout]   |
[INFO] [stdout] 1 | #![feature(custom_attribute)]
[INFO] [stdout]   | ^^^^^^^^^^^^^^^^^^^^^^^^^^^^^
[INFO] [stdout] 
[INFO] [stdout] 
[INFO] [stdout] error[E0554]: `#![feature]` may not be used on the beta release channel
[INFO] [stdout]  --> src/lib.rs:1:1
[INFO] [stdout]   |
[INFO] [stdout] 1 | #![feature(custom_attribute)]
[INFO] [stdout]   | ^^^^^^^^^^^^^^^^^^^^^^^^^^^^^
[INFO] [stdout] 
[INFO] [stdout] 
[INFO] [stdout] error: aborting due to 2 previous errors
[INFO] [stdout] 
[INFO] [stdout] 
[INFO] [stdout] Some errors have detailed explanations: E0554, E0557.
[INFO] [stdout] 
[INFO] [stdout] For more information about an error, try `rustc --explain E0554`.
[INFO] [stdout] 
[INFO] [stdout] error: aborting due to 2 previous errors
[INFO] [stdout] 
[INFO] [stdout] 
[INFO] [stdout] Some errors have detailed explanations: E0554, E0557.
[INFO] [stdout] 
[INFO] [stdout] For more information about an error, try `rustc --explain E0554`.
[INFO] [stdout] 
[INFO] [stderr] error: could not compile `wasm_crash`.
[INFO] [stderr] 
[INFO] [stderr] To learn more, run the command again with --verbose.
[INFO] [stderr] warning: build failed, waiting for other jobs to finish...
[INFO] [stderr] error: build failed
[INFO] running `Command { std: "docker" "inspect" "86df8b02bc6e82dc1277e204992230c1a3c3f6b363214ec62a0ca2ea969930f4", kill_on_drop: false }`
[INFO] running `Command { std: "docker" "rm" "-f" "86df8b02bc6e82dc1277e204992230c1a3c3f6b363214ec62a0ca2ea969930f4", kill_on_drop: false }`
[INFO] [stdout] 86df8b02bc6e82dc1277e204992230c1a3c3f6b363214ec62a0ca2ea969930f4
