[INFO] cloning repository https://github.com/technodeguy/rust-microservice
[INFO] running `Command { std: "git" "-c" "credential.helper=" "-c" "credential.helper=/workspace/cargo-home/bin/git-credential-null" "clone" "--bare" "https://github.com/technodeguy/rust-microservice" "/workspace/cache/git-repos/https%3A%2F%2Fgithub.com%2Ftechnodeguy%2Frust-microservice", kill_on_drop: false }`
[INFO] [stderr] Cloning into bare repository '/workspace/cache/git-repos/https%3A%2F%2Fgithub.com%2Ftechnodeguy%2Frust-microservice'...
[INFO] running `Command { std: "git" "rev-parse" "HEAD", kill_on_drop: false }`
[INFO] [stdout] def57f6855d629eb75ae44bff3b39cf0fadae8ce
[INFO] checking technodeguy/rust-microservice against beta-2020-07-24 for pr-75494-beta
[INFO] running `Command { std: "git" "clone" "/workspace/cache/git-repos/https%3A%2F%2Fgithub.com%2Ftechnodeguy%2Frust-microservice" "/workspace/builds/worker-10/source", kill_on_drop: false }`
[INFO] [stderr] Cloning into '/workspace/builds/worker-10/source'...
[INFO] [stderr] done.
[INFO] validating manifest of git repo https://github.com/technodeguy/rust-microservice on toolchain beta-2020-07-24
[INFO] running `Command { std: "/workspace/cargo-home/bin/cargo" "+beta-2020-07-24" "read-manifest" "--manifest-path" "Cargo.toml", kill_on_drop: false }`
[INFO] started tweaking git repo https://github.com/technodeguy/rust-microservice
[INFO] finished tweaking git repo https://github.com/technodeguy/rust-microservice
[INFO] tweaked toml for git repo https://github.com/technodeguy/rust-microservice written to /workspace/builds/worker-10/source/Cargo.toml
[INFO] crate git repo https://github.com/technodeguy/rust-microservice already has a lockfile, it will not be regenerated
[INFO] running `Command { std: "/workspace/cargo-home/bin/cargo" "+beta-2020-07-24" "fetch" "--locked" "--manifest-path" "Cargo.toml", kill_on_drop: false }`
[INFO] running `Command { std: "docker" "create" "-v" "/var/lib/crater-agent-workspace/builds/worker-10/target:/opt/rustwide/target:rw,Z" "-v" "/var/lib/crater-agent-workspace/builds/worker-10/source:/opt/rustwide/workdir:ro,Z" "-v" "/var/lib/crater-agent-workspace/cargo-home:/opt/rustwide/cargo-home:ro,Z" "-v" "/var/lib/crater-agent-workspace/rustup-home:/opt/rustwide/rustup-home:ro,Z" "-e" "SOURCE_DIR=/opt/rustwide/workdir" "-e" "CARGO_TARGET_DIR=/opt/rustwide/target" "-e" "CARGO_HOME=/opt/rustwide/cargo-home" "-e" "RUSTUP_HOME=/opt/rustwide/rustup-home" "-w" "/opt/rustwide/workdir" "-m" "1610612736" "--user" "0:0" "--network" "none" "rustops/crates-build-env@sha256:a636fd89d022f18117e1dc8fb37a0a009933cdbbe082814857f0e2024962d47c" "/opt/rustwide/cargo-home/bin/cargo" "+beta-2020-07-24" "metadata" "--no-deps" "--format-version=1", kill_on_drop: false }`
[INFO] [stdout] 3cc5eaf769f4ddd2551b08e677162854312be0a44870b91ac8789f4e5923a836
[INFO] [stderr] WARNING: Your kernel does not support swap limit capabilities or the cgroup is not mounted. Memory limited without swap.
[INFO] running `Command { std: "docker" "start" "-a" "3cc5eaf769f4ddd2551b08e677162854312be0a44870b91ac8789f4e5923a836", kill_on_drop: false }`
[INFO] running `Command { std: "docker" "inspect" "3cc5eaf769f4ddd2551b08e677162854312be0a44870b91ac8789f4e5923a836", kill_on_drop: false }`
[INFO] running `Command { std: "docker" "rm" "-f" "3cc5eaf769f4ddd2551b08e677162854312be0a44870b91ac8789f4e5923a836", kill_on_drop: false }`
[INFO] [stdout] 3cc5eaf769f4ddd2551b08e677162854312be0a44870b91ac8789f4e5923a836
[INFO] running `Command { std: "docker" "create" "-v" "/var/lib/crater-agent-workspace/builds/worker-10/target:/opt/rustwide/target:rw,Z" "-v" "/var/lib/crater-agent-workspace/builds/worker-10/source:/opt/rustwide/workdir:ro,Z" "-v" "/var/lib/crater-agent-workspace/cargo-home:/opt/rustwide/cargo-home:ro,Z" "-v" "/var/lib/crater-agent-workspace/rustup-home:/opt/rustwide/rustup-home:ro,Z" "-e" "SOURCE_DIR=/opt/rustwide/workdir" "-e" "CARGO_TARGET_DIR=/opt/rustwide/target" "-e" "CARGO_INCREMENTAL=0" "-e" "RUST_BACKTRACE=full" "-e" "RUSTFLAGS=--cap-lints=forbid" "-e" "CARGO_HOME=/opt/rustwide/cargo-home" "-e" "RUSTUP_HOME=/opt/rustwide/rustup-home" "-w" "/opt/rustwide/workdir" "-m" "1610612736" "--user" "0:0" "--network" "none" "rustops/crates-build-env@sha256:a636fd89d022f18117e1dc8fb37a0a009933cdbbe082814857f0e2024962d47c" "/opt/rustwide/cargo-home/bin/cargo" "+beta-2020-07-24" "check" "--frozen" "--all" "--all-targets" "--message-format=json", kill_on_drop: false }`
[INFO] [stdout] 5e49028d0f3626a2fa4be04aaf14dc450382ee36658c71432e18fc59acc600f4
[INFO] [stderr] WARNING: Your kernel does not support swap limit capabilities or the cgroup is not mounted. Memory limited without swap.
[INFO] running `Command { std: "docker" "start" "-a" "5e49028d0f3626a2fa4be04aaf14dc450382ee36658c71432e18fc59acc600f4", kill_on_drop: false }`
[INFO] [stderr]     Blocking waiting for file lock on package cache
[INFO] [stderr]    Compiling libc v0.2.66
[INFO] [stderr]    Compiling byteorder v1.3.2
[INFO] [stderr]     Checking futures v0.1.29
[INFO] [stderr]    Compiling memchr v2.2.1
[INFO] [stderr]    Compiling proc-macro2 v1.0.6
[INFO] [stderr]    Compiling autocfg v0.1.7
[INFO] [stderr]    Compiling syn v1.0.11
[INFO] [stderr]    Compiling smallvec v1.0.0
[INFO] [stderr]    Compiling ryu v1.0.2
[INFO] [stderr]    Compiling matches v0.1.8
[INFO] [stderr]    Compiling regex v0.2.11
[INFO] [stderr]    Compiling unicode-xid v0.0.4
[INFO] [stderr]    Compiling serde v1.0.103
[INFO] [stderr]    Compiling quote v0.3.15
[INFO] [stderr]     Checking itoa v0.4.4
[INFO] [stderr]    Compiling rustc-demangle v0.1.16
[INFO] [stderr]    Compiling lazy_static v1.4.0
[INFO] [stderr]    Compiling httparse v1.3.4
[INFO] [stderr]    Compiling utf8-ranges v1.0.4
[INFO] [stderr]     Checking percent-encoding v1.0.1
[INFO] [stderr]     Checking regex-syntax v0.6.12
[INFO] [stderr]     Checking quick-error v1.2.2
[INFO] [stderr]     Checking arc-swap v0.4.4
[INFO] [stderr]     Checking try-lock v0.2.2
[INFO] [stderr]     Checking futures-core v0.3.1
[INFO] [stderr]     Checking crossbeam-utils v0.6.6
[INFO] [stderr]     Checking thread_local v0.3.6
[INFO] [stderr]    Compiling mysqlclient-sys v0.2.4
[INFO] [stderr]     Checking lock_api v0.3.2
[INFO] [stderr]    Compiling unicode-bidi v0.3.4
[INFO] [stderr]    Compiling regex-syntax v0.5.6
[INFO] [stderr]    Compiling synom v0.11.3
[INFO] [stderr]    Compiling unicode-normalization v0.1.11
[INFO] [stderr]     Checking log v0.4.8
[INFO] [stderr]    Compiling crossbeam-utils v0.7.0
[INFO] [stderr]    Compiling crossbeam-epoch v0.8.0
[INFO] [stderr]    Compiling indexmap v1.3.0
[INFO] [stderr]     Checking humantime v1.3.0
[INFO] [stderr]    Compiling syn v0.11.11
[INFO] [stderr]    Compiling memoffset v0.5.3
[INFO] [stderr]    Compiling parking_lot v0.9.0
[INFO] [stderr]    Compiling hyper v0.12.35
[INFO] [stderr]     Checking crossbeam-queue v0.1.2
[INFO] [stderr]     Checking smallvec v0.6.13
[INFO] [stderr]     Checking idna v0.1.5
[INFO] [stderr]     Checking idna v0.2.0
[INFO] [stderr]     Checking aho-corasick v0.6.10
[INFO] [stderr]     Checking aho-corasick v0.7.6
[INFO] [stderr]     Checking iovec v0.1.4
[INFO] [stderr]     Checking num_cpus v1.11.1
[INFO] [stderr]     Checking net2 v0.2.33
[INFO] [stderr]     Checking parking_lot_core v0.6.2
[INFO] [stderr]     Checking backtrace-sys v0.1.32
[INFO] [stderr]     Checking signal-hook-registry v1.2.0
[INFO] [stderr]     Checking atty v0.2.13
[INFO] [stderr]     Checking time v0.1.42
[INFO] [stderr]    Compiling quote v1.0.2
[INFO] [stderr]     Checking tokio-executor v0.1.9
[INFO] [stderr]     Checking tokio-sync v0.1.7
[INFO] [stderr]     Checking want v0.2.0
[INFO] [stderr]     Checking futures-cpupool v0.1.8
[INFO] [stderr]     Checking bytes v0.4.12
[INFO] [stderr]     Checking url v2.1.0
[INFO] [stderr]     Checking url v1.7.2
[INFO] [stderr]     Checking backtrace v0.3.40
[INFO] [stderr]     Checking mio v0.6.21
[INFO] [stderr]     Checking tokio-timer v0.2.12
[INFO] [stderr]     Checking tokio-current-thread v0.1.6
[INFO] [stderr]     Checking crossbeam-deque v0.7.2
[INFO] [stderr]     Checking error-chain v0.10.0
[INFO] [stderr]     Checking tokio-io v0.1.12
[INFO] [stderr]     Checking http v0.1.21
[INFO] [stderr]     Checking string v0.2.1
[INFO] [stderr]     Checking tokio-buf v0.1.1
[INFO] [stderr]     Checking tokio-threadpool v0.1.16
[INFO] [stderr]     Checking mio-uds v0.6.7
[INFO] [stderr]     Checking regex v1.3.1
[INFO] [stderr]     Checking tokio-reactor v0.1.11
[INFO] [stderr]    Compiling diesel v0.16.0
[INFO] [stderr]     Checking tokio v0.1.22
[INFO] [stderr]     Checking tokio-tcp v0.1.3
[INFO] [stderr]    Compiling derive-error-chain v0.10.1
[INFO] [stderr]     Checking env_logger v0.5.13
[INFO] [stderr]     Checking h2 v0.1.26
[INFO] [stderr]     Checking http-body v0.1.0
[INFO] [stderr]    Compiling dotenv v0.10.1
[INFO] [stderr]    Compiling diesel_infer_schema v0.16.0
[INFO] [stderr]    Compiling serde_derive v1.0.103
[INFO] [stderr]    Compiling tokio-macros v0.2.0
[INFO] [stderr]    Compiling diesel_derives v1.4.1
[INFO] [stderr]     Checking tokio v0.2.2
[INFO] [stderr]     Checking diesel v1.4.3
[INFO] [stderr]     Checking serde_json v1.0.42
[INFO] [stderr]    Compiling diesel_codegen v0.16.1
[INFO] [stderr]     Checking tokio_test_api v0.1.0 (/opt/rustwide/workdir)
[INFO] [stdout] error[E0277]: `std::ptr::NonNull<mysqlclient_sys::st_mysql>` cannot be shared between threads safely
[INFO] [stdout]   --> src/routes/book.rs:70:3
[INFO] [stdout]    |
[INFO] [stdout] 70 |   Box::new(response)
[INFO] [stdout]    |   ^^^^^^^^^^^^^^^^^^ `std::ptr::NonNull<mysqlclient_sys::st_mysql>` cannot be shared between threads safely
[INFO] [stdout]    |
[INFO] [stdout]    = help: within `diesel::MysqlConnection`, the trait `std::marker::Sync` is not implemented for `std::ptr::NonNull<mysqlclient_sys::st_mysql>`
[INFO] [stdout]    = note: required because it appears within the type `diesel::mysql::connection::raw::RawConnection`
[INFO] [stdout]    = note: required because it appears within the type `diesel::MysqlConnection`
[INFO] [stdout]    = note: required because of the requirements on the impl of `std::marker::Send` for `&diesel::MysqlConnection`
[INFO] [stdout]    = note: required because it appears within the type `[closure@src/routes/book.rs:53:19: 68:10 db_conn:&diesel::MysqlConnection]`
[INFO] [stdout]    = note: required because it appears within the type `futures::future::chain::Chain<futures::AndThen<futures::stream::Concat2<hyper::Body>, futures::Done<std::result::Result<dto::NewBookDto, consts::ErrorCode>, hyper::Error>, [closure@src/routes/book.rs:52:19: 52:71]>, futures::Done<hyper::Response<hyper::Body>, hyper::Error>, [closure@src/routes/book.rs:53:19: 68:10 db_conn:&diesel::MysqlConnection]>`
[INFO] [stdout]    = note: required because it appears within the type `futures::AndThen<futures::AndThen<futures::stream::Concat2<hyper::Body>, futures::Done<std::result::Result<dto::NewBookDto, consts::ErrorCode>, hyper::Error>, [closure@src/routes/book.rs:52:19: 52:71]>, std::result::Result<hyper::Response<hyper::Body>, hyper::Error>, [closure@src/routes/book.rs:53:19: 68:10 db_conn:&diesel::MysqlConnection]>`
[INFO] [stdout]    = note: required for the cast to the object type `dyn futures::Future<Error = hyper::Error, Item = hyper::Response<hyper::Body>> + std::marker::Send`
[INFO] [stdout] 
[INFO] [stdout] 
[INFO] [stdout] error[E0277]: `std::cell::Cell<i32>` cannot be shared between threads safely
[INFO] [stdout]   --> src/routes/book.rs:70:3
[INFO] [stdout]    |
[INFO] [stdout] 70 |   Box::new(response)
[INFO] [stdout]    |   ^^^^^^^^^^^^^^^^^^ `std::cell::Cell<i32>` cannot be shared between threads safely
[INFO] [stdout]    |
[INFO] [stdout]    = help: within `diesel::MysqlConnection`, the trait `std::marker::Sync` is not implemented for `std::cell::Cell<i32>`
[INFO] [stdout]    = note: required because it appears within the type `diesel::connection::AnsiTransactionManager`
[INFO] [stdout]    = note: required because it appears within the type `diesel::MysqlConnection`
[INFO] [stdout]    = note: required because of the requirements on the impl of `std::marker::Send` for `&diesel::MysqlConnection`
[INFO] [stdout]    = note: required because it appears within the type `[closure@src/routes/book.rs:53:19: 68:10 db_conn:&diesel::MysqlConnection]`
[INFO] [stdout]    = note: required because it appears within the type `futures::future::chain::Chain<futures::AndThen<futures::stream::Concat2<hyper::Body>, futures::Done<std::result::Result<dto::NewBookDto, consts::ErrorCode>, hyper::Error>, [closure@src/routes/book.rs:52:19: 52:71]>, futures::Done<hyper::Response<hyper::Body>, hyper::Error>, [closure@src/routes/book.rs:53:19: 68:10 db_conn:&diesel::MysqlConnection]>`
[INFO] [stdout]    = note: required because it appears within the type `futures::AndThen<futures::AndThen<futures::stream::Concat2<hyper::Body>, futures::Done<std::result::Result<dto::NewBookDto, consts::ErrorCode>, hyper::Error>, [closure@src/routes/book.rs:52:19: 52:71]>, std::result::Result<hyper::Response<hyper::Body>, hyper::Error>, [closure@src/routes/book.rs:53:19: 68:10 db_conn:&diesel::MysqlConnection]>`
[INFO] [stdout]    = note: required for the cast to the object type `dyn futures::Future<Error = hyper::Error, Item = hyper::Response<hyper::Body>> + std::marker::Send`
[INFO] [stdout] 
[INFO] [stdout] 
[INFO] [stdout] error[E0277]: `std::ptr::NonNull<mysqlclient_sys::st_mysql>` cannot be shared between threads safely
[INFO] [stdout]   --> src/routes/book.rs:70:3
[INFO] [stdout]    |
[INFO] [stdout] 70 |   Box::new(response)
[INFO] [stdout]    |   ^^^^^^^^^^^^^^^^^^ `std::ptr::NonNull<mysqlclient_sys::st_mysql>` cannot be shared between threads safely
[INFO] [stdout]    |
[INFO] [stdout]    = help: within `diesel::MysqlConnection`, the trait `std::marker::Sync` is not implemented for `std::ptr::NonNull<mysqlclient_sys::st_mysql>`
[INFO] [stdout]    = note: required because it appears within the type `diesel::mysql::connection::raw::RawConnection`
[INFO] [stdout]    = note: required because it appears within the type `diesel::MysqlConnection`
[INFO] [stdout]    = note: required because of the requirements on the impl of `std::marker::Send` for `&diesel::MysqlConnection`
[INFO] [stdout]    = note: required because it appears within the type `[closure@src/routes/book.rs:53:19: 68:10 db_conn:&diesel::MysqlConnection]`
[INFO] [stdout]    = note: required because it appears within the type `futures::future::chain::Chain<futures::AndThen<futures::stream::Concat2<hyper::Body>, futures::Done<std::result::Result<dto::NewBookDto, consts::ErrorCode>, hyper::Error>, [closure@src/routes/book.rs:52:19: 52:71]>, futures::Done<hyper::Response<hyper::Body>, hyper::Error>, [closure@src/routes/book.rs:53:19: 68:10 db_conn:&diesel::MysqlConnection]>`
[INFO] [stdout]    = note: required because it appears within the type `futures::AndThen<futures::AndThen<futures::stream::Concat2<hyper::Body>, futures::Done<std::result::Result<dto::NewBookDto, consts::ErrorCode>, hyper::Error>, [closure@src/routes/book.rs:52:19: 52:71]>, std::result::Result<hyper::Response<hyper::Body>, hyper::Error>, [closure@src/routes/book.rs:53:19: 68:10 db_conn:&diesel::MysqlConnection]>`
[INFO] [stdout]    = note: required for the cast to the object type `dyn futures::Future<Error = hyper::Error, Item = hyper::Response<hyper::Body>> + std::marker::Send`
[INFO] [stdout] 
[INFO] [stdout] 
[INFO] [stdout] error[E0277]: `std::cell::Cell<i32>` cannot be shared between threads safely
[INFO] [stdout]   --> src/routes/book.rs:70:3
[INFO] [stdout]    |
[INFO] [stdout] 70 |   Box::new(response)
[INFO] [stdout]    |   ^^^^^^^^^^^^^^^^^^ `std::cell::Cell<i32>` cannot be shared between threads safely
[INFO] [stdout]    |
[INFO] [stdout]    = help: within `diesel::MysqlConnection`, the trait `std::marker::Sync` is not implemented for `std::cell::Cell<i32>`
[INFO] [stdout]    = note: required because it appears within the type `diesel::connection::AnsiTransactionManager`
[INFO] [stdout]    = note: required because it appears within the type `diesel::MysqlConnection`
[INFO] [stdout]    = note: required because of the requirements on the impl of `std::marker::Send` for `&diesel::MysqlConnection`
[INFO] [stdout]    = note: required because it appears within the type `[closure@src/routes/book.rs:53:19: 68:10 db_conn:&diesel::MysqlConnection]`
[INFO] [stdout]    = note: required because it appears within the type `futures::future::chain::Chain<futures::AndThen<futures::stream::Concat2<hyper::Body>, futures::Done<std::result::Result<dto::NewBookDto, consts::ErrorCode>, hyper::Error>, [closure@src/routes/book.rs:52:19: 52:71]>, futures::Done<hyper::Response<hyper::Body>, hyper::Error>, [closure@src/routes/book.rs:53:19: 68:10 db_conn:&diesel::MysqlConnection]>`
[INFO] [stdout]    = note: required because it appears within the type `futures::AndThen<futures::AndThen<futures::stream::Concat2<hyper::Body>, futures::Done<std::result::Result<dto::NewBookDto, consts::ErrorCode>, hyper::Error>, [closure@src/routes/book.rs:52:19: 52:71]>, std::result::Result<hyper::Response<hyper::Body>, hyper::Error>, [closure@src/routes/book.rs:53:19: 68:10 db_conn:&diesel::MysqlConnection]>`
[INFO] [stdout]    = note: required for the cast to the object type `dyn futures::Future<Error = hyper::Error, Item = hyper::Response<hyper::Body>> + std::marker::Send`
[INFO] [stdout] 
[INFO] [stdout] 
[INFO] [stdout] error[E0277]: `std::cell::RefCell<std::collections::HashMap<diesel::connection::StatementCacheKey<diesel::mysql::Mysql>, diesel::mysql::connection::stmt::Statement>>` cannot be shared between threads safely
[INFO] [stdout]   --> src/routes/book.rs:70:3
[INFO] [stdout]    |
[INFO] [stdout] 70 |   Box::new(response)
[INFO] [stdout]    |   ^^^^^^^^^^^^^^^^^^ `std::cell::RefCell<std::collections::HashMap<diesel::connection::StatementCacheKey<diesel::mysql::Mysql>, diesel::mysql::connection::stmt::Statement>>` cannot be shared between threads safely
[INFO] [stdout]    |
[INFO] [stdout]    = help: within `diesel::MysqlConnection`, the trait `std::marker::Sync` is not implemented for `std::cell::RefCell<std::collections::HashMap<diesel::connection::StatementCacheKey<diesel::mysql::Mysql>, diesel::mysql::connection::stmt::Statement>>`
[INFO] [stdout]    = note: required because it appears within the type `diesel::connection::StatementCache<diesel::mysql::Mysql, diesel::mysql::connection::stmt::Statement>`
[INFO] [stdout]    = note: required because it appears within the type `diesel::MysqlConnection`
[INFO] [stdout]    = note: required because of the requirements on the impl of `std::marker::Send` for `&diesel::MysqlConnection`
[INFO] [stdout]    = note: required because it appears within the type `[closure@src/routes/book.rs:53:19: 68:10 db_conn:&diesel::MysqlConnection]`
[INFO] [stdout]    = note: required because it appears within the type `futures::future::chain::Chain<futures::AndThen<futures::stream::Concat2<hyper::Body>, futures::Done<std::result::Result<dto::NewBookDto, consts::ErrorCode>, hyper::Error>, [closure@src/routes/book.rs:52:19: 52:71]>, futures::Done<hyper::Response<hyper::Body>, hyper::Error>, [closure@src/routes/book.rs:53:19: 68:10 db_conn:&diesel::MysqlConnection]>`
[INFO] [stdout]    = note: required because it appears within the type `futures::AndThen<futures::AndThen<futures::stream::Concat2<hyper::Body>, futures::Done<std::result::Result<dto::NewBookDto, consts::ErrorCode>, hyper::Error>, [closure@src/routes/book.rs:52:19: 52:71]>, std::result::Result<hyper::Response<hyper::Body>, hyper::Error>, [closure@src/routes/book.rs:53:19: 68:10 db_conn:&diesel::MysqlConnection]>`
[INFO] [stdout]    = note: required for the cast to the object type `dyn futures::Future<Error = hyper::Error, Item = hyper::Response<hyper::Body>> + std::marker::Send`
[INFO] [stdout] 
[INFO] [stdout] 
[INFO] [stdout] error[E0277]: `std::cell::RefCell<std::collections::HashMap<diesel::connection::StatementCacheKey<diesel::mysql::Mysql>, diesel::mysql::connection::stmt::Statement>>` cannot be shared between threads safely
[INFO] [stdout]   --> src/routes/book.rs:70:3
[INFO] [stdout]    |
[INFO] [stdout] 70 |   Box::new(response)
[INFO] [stdout]    |   ^^^^^^^^^^^^^^^^^^ `std::cell::RefCell<std::collections::HashMap<diesel::connection::StatementCacheKey<diesel::mysql::Mysql>, diesel::mysql::connection::stmt::Statement>>` cannot be shared between threads safely
[INFO] [stdout]    |
[INFO] [stdout]    = help: within `diesel::MysqlConnection`, the trait `std::marker::Sync` is not implemented for `std::cell::RefCell<std::collections::HashMap<diesel::connection::StatementCacheKey<diesel::mysql::Mysql>, diesel::mysql::connection::stmt::Statement>>`
[INFO] [stdout]    = note: required because it appears within the type `diesel::connection::StatementCache<diesel::mysql::Mysql, diesel::mysql::connection::stmt::Statement>`
[INFO] [stdout]    = note: required because it appears within the type `diesel::MysqlConnection`
[INFO] [stdout]    = note: required because of the requirements on the impl of `std::marker::Send` for `&diesel::MysqlConnection`
[INFO] [stdout]    = note: required because it appears within the type `[closure@src/routes/book.rs:53:19: 68:10 db_conn:&diesel::MysqlConnection]`
[INFO] [stdout]    = note: required because it appears within the type `futures::future::chain::Chain<futures::AndThen<futures::stream::Concat2<hyper::Body>, futures::Done<std::result::Result<dto::NewBookDto, consts::ErrorCode>, hyper::Error>, [closure@src/routes/book.rs:52:19: 52:71]>, futures::Done<hyper::Response<hyper::Body>, hyper::Error>, [closure@src/routes/book.rs:53:19: 68:10 db_conn:&diesel::MysqlConnection]>`
[INFO] [stdout]    = note: required because it appears within the type `futures::AndThen<futures::AndThen<futures::stream::Concat2<hyper::Body>, futures::Done<std::result::Result<dto::NewBookDto, consts::ErrorCode>, hyper::Error>, [closure@src/routes/book.rs:52:19: 52:71]>, std::result::Result<hyper::Response<hyper::Body>, hyper::Error>, [closure@src/routes/book.rs:53:19: 68:10 db_conn:&diesel::MysqlConnection]>`
[INFO] [stdout]    = note: required for the cast to the object type `dyn futures::Future<Error = hyper::Error, Item = hyper::Response<hyper::Body>> + std::marker::Send`
[INFO] [stdout] 
[INFO] [stdout] 
[INFO] [stdout] error: aborting due to 3 previous errors
[INFO] [stdout] 
[INFO] [stdout] 
[INFO] [stdout] For more information about this error, try `rustc --explain E0277`.
[INFO] [stdout] 
[INFO] [stdout] error: aborting due to 3 previous errors
[INFO] [stdout] 
[INFO] [stdout] 
[INFO] [stdout] For more information about this error, try `rustc --explain E0277`.
[INFO] [stdout] 
[INFO] [stderr] error: could not compile `tokio_test_api`.
[INFO] [stderr] 
[INFO] [stderr] To learn more, run the command again with --verbose.
[INFO] [stderr] warning: build failed, waiting for other jobs to finish...
[INFO] [stderr] error: build failed
[INFO] running `Command { std: "docker" "inspect" "5e49028d0f3626a2fa4be04aaf14dc450382ee36658c71432e18fc59acc600f4", kill_on_drop: false }`
[INFO] running `Command { std: "docker" "rm" "-f" "5e49028d0f3626a2fa4be04aaf14dc450382ee36658c71432e18fc59acc600f4", kill_on_drop: false }`
[INFO] [stdout] 5e49028d0f3626a2fa4be04aaf14dc450382ee36658c71432e18fc59acc600f4
