[INFO] cloning repository https://github.com/tapiSoft/lanistatsit-backend
[INFO] running `Command { std: "git" "-c" "credential.helper=" "-c" "credential.helper=/workspace/cargo-home/bin/git-credential-null" "clone" "--bare" "https://github.com/tapiSoft/lanistatsit-backend" "/workspace/cache/git-repos/https%3A%2F%2Fgithub.com%2FtapiSoft%2Flanistatsit-backend", kill_on_drop: false }`
[INFO] [stderr] Cloning into bare repository '/workspace/cache/git-repos/https%3A%2F%2Fgithub.com%2FtapiSoft%2Flanistatsit-backend'...
[INFO] running `Command { std: "git" "rev-parse" "HEAD", kill_on_drop: false }`
[INFO] [stdout] 895b63df87c6a6edf59781fd192f7dc9e1e588e5
[INFO] checking tapiSoft/lanistatsit-backend against beta-2020-07-24 for pr-75494-beta
[INFO] running `Command { std: "git" "clone" "/workspace/cache/git-repos/https%3A%2F%2Fgithub.com%2FtapiSoft%2Flanistatsit-backend" "/workspace/builds/worker-1/source", kill_on_drop: false }`
[INFO] [stderr] Cloning into '/workspace/builds/worker-1/source'...
[INFO] [stderr] done.
[INFO] validating manifest of git repo https://github.com/tapiSoft/lanistatsit-backend on toolchain beta-2020-07-24
[INFO] running `Command { std: "/workspace/cargo-home/bin/cargo" "+beta-2020-07-24" "read-manifest" "--manifest-path" "Cargo.toml", kill_on_drop: false }`
[INFO] started tweaking git repo https://github.com/tapiSoft/lanistatsit-backend
[INFO] finished tweaking git repo https://github.com/tapiSoft/lanistatsit-backend
[INFO] tweaked toml for git repo https://github.com/tapiSoft/lanistatsit-backend written to /workspace/builds/worker-1/source/Cargo.toml
[INFO] crate git repo https://github.com/tapiSoft/lanistatsit-backend already has a lockfile, it will not be regenerated
[INFO] running `Command { std: "/workspace/cargo-home/bin/cargo" "+beta-2020-07-24" "fetch" "--locked" "--manifest-path" "Cargo.toml", kill_on_drop: false }`
[INFO] running `Command { std: "docker" "create" "-v" "/var/lib/crater-agent-workspace/builds/worker-1/target:/opt/rustwide/target:rw,Z" "-v" "/var/lib/crater-agent-workspace/builds/worker-1/source:/opt/rustwide/workdir:ro,Z" "-v" "/var/lib/crater-agent-workspace/cargo-home:/opt/rustwide/cargo-home:ro,Z" "-v" "/var/lib/crater-agent-workspace/rustup-home:/opt/rustwide/rustup-home:ro,Z" "-e" "SOURCE_DIR=/opt/rustwide/workdir" "-e" "CARGO_TARGET_DIR=/opt/rustwide/target" "-e" "CARGO_HOME=/opt/rustwide/cargo-home" "-e" "RUSTUP_HOME=/opt/rustwide/rustup-home" "-w" "/opt/rustwide/workdir" "-m" "1610612736" "--user" "0:0" "--network" "none" "rustops/crates-build-env@sha256:a636fd89d022f18117e1dc8fb37a0a009933cdbbe082814857f0e2024962d47c" "/opt/rustwide/cargo-home/bin/cargo" "+beta-2020-07-24" "metadata" "--no-deps" "--format-version=1", kill_on_drop: false }`
[INFO] [stdout] 3b6e615ab897a671a5871eb2c480ddf7f8f11c6a8696c983868640e4e584d5ef
[INFO] [stderr] WARNING: Your kernel does not support swap limit capabilities or the cgroup is not mounted. Memory limited without swap.
[INFO] running `Command { std: "docker" "start" "-a" "3b6e615ab897a671a5871eb2c480ddf7f8f11c6a8696c983868640e4e584d5ef", kill_on_drop: false }`
[INFO] running `Command { std: "docker" "inspect" "3b6e615ab897a671a5871eb2c480ddf7f8f11c6a8696c983868640e4e584d5ef", kill_on_drop: false }`
[INFO] running `Command { std: "docker" "rm" "-f" "3b6e615ab897a671a5871eb2c480ddf7f8f11c6a8696c983868640e4e584d5ef", kill_on_drop: false }`
[INFO] [stdout] 3b6e615ab897a671a5871eb2c480ddf7f8f11c6a8696c983868640e4e584d5ef
[INFO] running `Command { std: "docker" "create" "-v" "/var/lib/crater-agent-workspace/builds/worker-1/target:/opt/rustwide/target:rw,Z" "-v" "/var/lib/crater-agent-workspace/builds/worker-1/source:/opt/rustwide/workdir:ro,Z" "-v" "/var/lib/crater-agent-workspace/cargo-home:/opt/rustwide/cargo-home:ro,Z" "-v" "/var/lib/crater-agent-workspace/rustup-home:/opt/rustwide/rustup-home:ro,Z" "-e" "SOURCE_DIR=/opt/rustwide/workdir" "-e" "CARGO_TARGET_DIR=/opt/rustwide/target" "-e" "CARGO_INCREMENTAL=0" "-e" "RUST_BACKTRACE=full" "-e" "RUSTFLAGS=--cap-lints=forbid" "-e" "CARGO_HOME=/opt/rustwide/cargo-home" "-e" "RUSTUP_HOME=/opt/rustwide/rustup-home" "-w" "/opt/rustwide/workdir" "-m" "1610612736" "--user" "0:0" "--network" "none" "rustops/crates-build-env@sha256:a636fd89d022f18117e1dc8fb37a0a009933cdbbe082814857f0e2024962d47c" "/opt/rustwide/cargo-home/bin/cargo" "+beta-2020-07-24" "check" "--frozen" "--all" "--all-targets" "--message-format=json", kill_on_drop: false }`
[INFO] [stdout] 29cac249594716aaea4c288fd3113be36978e6f59fd9f7d01e0695fff71066f3
[INFO] [stderr] WARNING: Your kernel does not support swap limit capabilities or the cgroup is not mounted. Memory limited without swap.
[INFO] running `Command { std: "docker" "start" "-a" "29cac249594716aaea4c288fd3113be36978e6f59fd9f7d01e0695fff71066f3", kill_on_drop: false }`
[INFO] [stderr]    Compiling semver v0.1.20
[INFO] [stderr]     Checking libc v0.2.15
[INFO] [stderr]    Compiling winapi-build v0.1.1
[INFO] [stderr]    Compiling pkg-config v0.3.8
[INFO] [stderr]     Checking log v0.3.6
[INFO] [stderr]     Checking winapi v0.2.8
[INFO] [stderr]    Compiling gcc v0.3.32
[INFO] [stderr]     Checking matches v0.1.2
[INFO] [stderr]     Checking lazy_static v0.2.1
[INFO] [stderr]     Checking bitflags v0.7.0
[INFO] [stderr]     Checking unicode-normalization v0.1.2
[INFO] [stderr]     Checking regex-syntax v0.3.4
[INFO] [stderr]     Checking utf8-ranges v0.1.3
[INFO] [stderr]    Compiling rustc-serialize v0.3.19
[INFO] [stderr]     Checking typeable v0.1.2
[INFO] [stderr]     Checking traitobject v0.0.1
[INFO] [stdout] error[E0642]: patterns aren't allowed in functions without bodies
[INFO] [stdout]    --> /opt/rustwide/cargo-home/registry/src/github.com-1ecc6299db9ec823/rustc-serialize-0.3.19/src/serialize.rs:147:45
[INFO] [stdout]     |
[INFO] [stdout] 147 | ...                   &f_name: &str,
[INFO] [stdout]     |                       ^^^^^^^ pattern not allowed in function without body
[INFO] [stdout] 
[INFO] [stdout] 
[INFO] [stderr]     Checking buf_redux v0.1.3
[INFO] [stderr]     Checking httparse v1.1.2
[INFO] [stderr]    Compiling postgres_macros v0.1.12
[INFO] [stderr]     Checking anymap v0.12.0
[INFO] [stderr]     Checking unicode-bidi v0.2.3
[INFO] [stdout] error[E0642]: patterns aren't allowed in functions without bodies
[INFO] [stdout]    --> /opt/rustwide/cargo-home/registry/src/github.com-1ecc6299db9ec823/rustc-serialize-0.3.19/src/serialize.rs:147:45
[INFO] [stdout]     |
[INFO] [stdout] 147 | ...                   &f_name: &str,
[INFO] [stdout]     |                       ^^^^^^^ pattern not allowed in function without body
[INFO] [stdout] 
[INFO] [stdout] 
[INFO] [stderr]     Checking mime v0.2.2
[INFO] [stderr]     Checking hpack v0.2.0
[INFO] [stderr]     Checking r2d2 v0.7.0
[INFO] [stderr]    Compiling rustc_version v0.1.7
[INFO] [stderr]    Compiling kernel32-sys v0.2.2
[INFO] [stderr]     Checking memchr v0.1.11
[INFO] [stderr]     Checking rand v0.3.14
[INFO] [stderr]     Checking num_cpus v0.2.13
[INFO] [stderr]     Checking solicit v0.4.4
[INFO] [stderr]     Checking aho-corasick v0.5.2
[INFO] [stderr] error: failed to run custom build command for `postgres_macros v0.1.12`
[INFO] [stderr] 
[INFO] [stderr] Caused by:
[INFO] [stderr]   process didn't exit successfully: `/opt/rustwide/target/debug/build/postgres_macros-cc2071755f1f0828/build-script-build` (exit code: 101)
[INFO] [stderr]   --- stdout
[INFO] [stderr]   mkdir -p /opt/rustwide/target/debug/build/postgres_macros-391e6c7d506efda3/out/tmp
[INFO] [stderr]   mkdir -p /opt/rustwide/target/debug/build/postgres_macros-391e6c7d506efda3/out/build
[INFO] [stderr]   curl https://ftp.postgresql.org/pub/source/v9.4.4/postgresql-9.4.4.tar.gz | tar xzf - -C /opt/rustwide/target/debug/build/postgres_macros-391e6c7d506efda3/out/tmp
[INFO] [stderr] 
[INFO] [stderr]   --- stderr
[INFO] [stderr]     % Total    % Received % Xferd  Average Speed   Time    Time     Time  Current
[INFO] [stderr]                                    Dload  Upload   Total   Spent    Left  Speed
[INFO] [stderr]   
  0     0    0     0    0     0      0      0 --:--:-- --:--:-- --:--:--     0curl: (6) Could not resolve host: ftp.postgresql.org
[INFO] [stderr] 
[INFO] [stderr]   gzip: stdin: unexpected end of file
[INFO] [stderr]   tar: Child returned status 1
[INFO] [stderr]   tar: Error is not recoverable: exiting now
[INFO] [stderr]   make: *** [Makefile:37: /opt/rustwide/target/debug/build/postgres_macros-391e6c7d506efda3/out/build/postgresql-9.4.4] Error 2
[INFO] [stderr]   thread 'main' panicked at 'assertion failed: ret.success()', /opt/rustwide/cargo-home/registry/src/github.com-1ecc6299db9ec823/postgres_macros-0.1.12/build.rs:11:5
[INFO] [stderr]   stack backtrace:
[INFO] [stderr]      0:     0x560a28f610e5 - backtrace::backtrace::libunwind::trace::h5e2646fa3eddf2ea
[INFO] [stderr]                                  at /cargo/registry/src/github.com-1ecc6299db9ec823/backtrace-0.3.46/src/backtrace/libunwind.rs:86
[INFO] [stderr]      1:     0x560a28f610e5 - backtrace::backtrace::trace_unsynchronized::hb95dd7f77ce47877
[INFO] [stderr]                                  at /cargo/registry/src/github.com-1ecc6299db9ec823/backtrace-0.3.46/src/backtrace/mod.rs:66
[INFO] [stderr]      2:     0x560a28f610e5 - std::sys_common::backtrace::_print_fmt::h5e71b67af43fd70d
[INFO] [stderr]                                  at src/libstd/sys_common/backtrace.rs:78
[INFO] [stderr]      3:     0x560a28f610e5 - <std::sys_common::backtrace::_print::DisplayBacktrace as core::fmt::Display>::fmt::hdb4a83d2b61107e5
[INFO] [stderr]                                  at src/libstd/sys_common/backtrace.rs:59
[INFO] [stderr]      4:     0x560a28f827dc - core::fmt::write::ha20e7262fa3e8a7a
[INFO] [stderr]                                  at src/libcore/fmt/mod.rs:1076
[INFO] [stderr]      5:     0x560a28f5f352 - std::io::Write::write_fmt::h1aebfe8a5a79e36d
[INFO] [stderr]                                  at src/libstd/io/mod.rs:1537
[INFO] [stderr]      6:     0x560a28f63520 - std::sys_common::backtrace::_print::h9c07314cc66ba539
[INFO] [stderr]                                  at src/libstd/sys_common/backtrace.rs:62
[INFO] [stderr]      7:     0x560a28f63520 - std::sys_common::backtrace::print::hd1fd65f49a2d8544
[INFO] [stderr]                                  at src/libstd/sys_common/backtrace.rs:49
[INFO] [stderr]      8:     0x560a28f63520 - std::panicking::default_hook::{{closure}}::h222da46485ab36fc
[INFO] [stderr]                                  at src/libstd/panicking.rs:198
[INFO] [stderr]      9:     0x560a28f6326c - std::panicking::default_hook::hc5868949d129ed00
[INFO] [stderr]                                  at src/libstd/panicking.rs:217
[INFO] [stderr]     10:     0x560a28f63b63 - std::panicking::rust_panic_with_hook::h26a6ab8b0993c0c8
[INFO] [stderr]                                  at src/libstd/panicking.rs:526
[INFO] [stderr]     11:     0x560a28f56e25 - std::panicking::begin_panic::hecde940e2ad3613a
[INFO] [stderr]                                  at /rustc/6f959902b3103c49ca981fbc01871589c3498489/src/libstd/panicking.rs:456
[INFO] [stderr]     12:     0x560a28f56bee - build_script_build::main::hbf9d26fe859ebf90
[INFO] [stderr]                                  at /opt/rustwide/cargo-home/registry/src/github.com-1ecc6299db9ec823/postgres_macros-0.1.12/build.rs:11
[INFO] [stderr]     13:     0x560a28f53c8b - std::rt::lang_start::{{closure}}::hdb31949ff89e3488
[INFO] [stderr]                                  at /rustc/6f959902b3103c49ca981fbc01871589c3498489/src/libstd/rt.rs:67
[INFO] [stderr]     14:     0x560a28f63f33 - std::rt::lang_start_internal::{{closure}}::h84a998219831fa70
[INFO] [stderr]                                  at src/libstd/rt.rs:52
[INFO] [stderr]     15:     0x560a28f63f33 - std::panicking::try::do_call::he8e1d689a3e26def
[INFO] [stderr]                                  at src/libstd/panicking.rs:348
[INFO] [stderr]     16:     0x560a28f63f33 - std::panicking::try::h264b6eebc2fa7bbf
[INFO] [stderr]                                  at src/libstd/panicking.rs:325
[INFO] [stderr]     17:     0x560a28f63f33 - std::panic::catch_unwind::hbf28fafa723b2128
[INFO] [stderr]                                  at src/libstd/panic.rs:394
[INFO] [stderr]     18:     0x560a28f63f33 - std::rt::lang_start_internal::he959aa59bc3ec202
[INFO] [stderr]                                  at src/libstd/rt.rs:51
[INFO] [stderr]     19:     0x560a28f53c67 - std::rt::lang_start::h684c9cdb3122e0bc
[INFO] [stderr]                                  at /rustc/6f959902b3103c49ca981fbc01871589c3498489/src/libstd/rt.rs:67
[INFO] [stderr]     20:     0x560a28f56d2a - main
[INFO] [stderr]     21:     0x7f05d88770b3 - __libc_start_main
[INFO] [stderr]     22:     0x560a28f5017e - _start
[INFO] [stderr]     23:                0x0 - <unknown>
[INFO] [stderr] warning: build failed, waiting for other jobs to finish...
[INFO] [stdout] error: aborting due to previous error
[INFO] [stdout] 
[INFO] [stdout] 
[INFO] [stdout] For more information about this error, try `rustc --explain E0642`.
[INFO] [stdout] 
[INFO] [stdout] error: aborting due to previous error
[INFO] [stdout] 
[INFO] [stdout] 
[INFO] [stdout] For more information about this error, try `rustc --explain E0642`.
[INFO] [stdout] 
[INFO] [stderr] error: build failed
[INFO] running `Command { std: "docker" "inspect" "29cac249594716aaea4c288fd3113be36978e6f59fd9f7d01e0695fff71066f3", kill_on_drop: false }`
[INFO] running `Command { std: "docker" "rm" "-f" "29cac249594716aaea4c288fd3113be36978e6f59fd9f7d01e0695fff71066f3", kill_on_drop: false }`
[INFO] [stdout] 29cac249594716aaea4c288fd3113be36978e6f59fd9f7d01e0695fff71066f3
