[INFO] cloning repository https://github.com/swzhou/rustguessnumber
[INFO] running `Command { std: "git" "-c" "credential.helper=" "-c" "credential.helper=/workspace/cargo-home/bin/git-credential-null" "clone" "--bare" "https://github.com/swzhou/rustguessnumber" "/workspace/cache/git-repos/https%3A%2F%2Fgithub.com%2Fswzhou%2Frustguessnumber", kill_on_drop: false }`
[INFO] [stderr] Cloning into bare repository '/workspace/cache/git-repos/https%3A%2F%2Fgithub.com%2Fswzhou%2Frustguessnumber'...
[INFO] running `Command { std: "git" "rev-parse" "HEAD", kill_on_drop: false }`
[INFO] [stdout] f67634ba132a303946d42cc3a1293aa44d3d85d6
[INFO] checking swzhou/rustguessnumber against beta-2020-07-24 for pr-75494-beta
[INFO] running `Command { std: "git" "clone" "/workspace/cache/git-repos/https%3A%2F%2Fgithub.com%2Fswzhou%2Frustguessnumber" "/workspace/builds/worker-4/source", kill_on_drop: false }`
[INFO] [stderr] Cloning into '/workspace/builds/worker-4/source'...
[INFO] [stderr] done.
[INFO] validating manifest of git repo https://github.com/swzhou/rustguessnumber on toolchain beta-2020-07-24
[INFO] running `Command { std: "/workspace/cargo-home/bin/cargo" "+beta-2020-07-24" "read-manifest" "--manifest-path" "Cargo.toml", kill_on_drop: false }`
[INFO] started tweaking git repo https://github.com/swzhou/rustguessnumber
[INFO] finished tweaking git repo https://github.com/swzhou/rustguessnumber
[INFO] tweaked toml for git repo https://github.com/swzhou/rustguessnumber written to /workspace/builds/worker-4/source/Cargo.toml
[INFO] crate git repo https://github.com/swzhou/rustguessnumber already has a lockfile, it will not be regenerated
[INFO] running `Command { std: "/workspace/cargo-home/bin/cargo" "+beta-2020-07-24" "fetch" "--locked" "--manifest-path" "Cargo.toml", kill_on_drop: false }`
[INFO] running `Command { std: "docker" "create" "-v" "/var/lib/crater-agent-workspace/builds/worker-4/target:/opt/rustwide/target:rw,Z" "-v" "/var/lib/crater-agent-workspace/builds/worker-4/source:/opt/rustwide/workdir:ro,Z" "-v" "/var/lib/crater-agent-workspace/cargo-home:/opt/rustwide/cargo-home:ro,Z" "-v" "/var/lib/crater-agent-workspace/rustup-home:/opt/rustwide/rustup-home:ro,Z" "-e" "SOURCE_DIR=/opt/rustwide/workdir" "-e" "CARGO_TARGET_DIR=/opt/rustwide/target" "-e" "CARGO_HOME=/opt/rustwide/cargo-home" "-e" "RUSTUP_HOME=/opt/rustwide/rustup-home" "-w" "/opt/rustwide/workdir" "-m" "1610612736" "--user" "0:0" "--network" "none" "rustops/crates-build-env@sha256:a636fd89d022f18117e1dc8fb37a0a009933cdbbe082814857f0e2024962d47c" "/opt/rustwide/cargo-home/bin/cargo" "+beta-2020-07-24" "metadata" "--no-deps" "--format-version=1", kill_on_drop: false }`
[INFO] [stdout] 5258fe900d5eb31315ea218285fd25731f1cb59fad6b3fa70fc89ea28040202a
[INFO] [stderr] WARNING: Your kernel does not support swap limit capabilities or the cgroup is not mounted. Memory limited without swap.
[INFO] running `Command { std: "docker" "start" "-a" "5258fe900d5eb31315ea218285fd25731f1cb59fad6b3fa70fc89ea28040202a", kill_on_drop: false }`
[INFO] running `Command { std: "docker" "inspect" "5258fe900d5eb31315ea218285fd25731f1cb59fad6b3fa70fc89ea28040202a", kill_on_drop: false }`
[INFO] running `Command { std: "docker" "rm" "-f" "5258fe900d5eb31315ea218285fd25731f1cb59fad6b3fa70fc89ea28040202a", kill_on_drop: false }`
[INFO] [stdout] 5258fe900d5eb31315ea218285fd25731f1cb59fad6b3fa70fc89ea28040202a
[INFO] running `Command { std: "docker" "create" "-v" "/var/lib/crater-agent-workspace/builds/worker-4/target:/opt/rustwide/target:rw,Z" "-v" "/var/lib/crater-agent-workspace/builds/worker-4/source:/opt/rustwide/workdir:ro,Z" "-v" "/var/lib/crater-agent-workspace/cargo-home:/opt/rustwide/cargo-home:ro,Z" "-v" "/var/lib/crater-agent-workspace/rustup-home:/opt/rustwide/rustup-home:ro,Z" "-e" "SOURCE_DIR=/opt/rustwide/workdir" "-e" "CARGO_TARGET_DIR=/opt/rustwide/target" "-e" "CARGO_INCREMENTAL=0" "-e" "RUST_BACKTRACE=full" "-e" "RUSTFLAGS=--cap-lints=forbid" "-e" "CARGO_HOME=/opt/rustwide/cargo-home" "-e" "RUSTUP_HOME=/opt/rustwide/rustup-home" "-w" "/opt/rustwide/workdir" "-m" "1610612736" "--user" "0:0" "--network" "none" "rustops/crates-build-env@sha256:a636fd89d022f18117e1dc8fb37a0a009933cdbbe082814857f0e2024962d47c" "/opt/rustwide/cargo-home/bin/cargo" "+beta-2020-07-24" "check" "--frozen" "--all" "--all-targets" "--message-format=json", kill_on_drop: false }`
[INFO] [stdout] d4c19a82124ce119850919644599b54a89c2d7a7fac64b5947388adeaa859fe3
[INFO] [stderr] WARNING: Your kernel does not support swap limit capabilities or the cgroup is not mounted. Memory limited without swap.
[INFO] running `Command { std: "docker" "start" "-a" "d4c19a82124ce119850919644599b54a89c2d7a7fac64b5947388adeaa859fe3", kill_on_drop: false }`
[INFO] [stderr]     Checking guessing_game v0.0.1 (/opt/rustwide/workdir)
[INFO] [stdout] error[E0432]: unresolved import `std::old_io`
[INFO] [stdout]  --> src/main.rs:1:5
[INFO] [stdout]   |
[INFO] [stdout] 1 | use std::old_io;
[INFO] [stdout]   |     ^^^^^^^^^^^ no `old_io` in the root
[INFO] [stdout] 
[INFO] [stdout] 
[INFO] [stdout] error[E0432]: unresolved import `std::rand`
[INFO] [stdout]  --> src/main.rs:2:5
[INFO] [stdout]   |
[INFO] [stdout] 2 | use std::rand;
[INFO] [stdout]   |     ^^^^^^^^^ no `rand` in the root
[INFO] [stdout] 
[INFO] [stdout] 
[INFO] [stdout] error[E0432]: unresolved import `std::old_io`
[INFO] [stdout]  --> src/main.rs:1:5
[INFO] [stdout]   |
[INFO] [stdout] 1 | use std::old_io;
[INFO] [stdout]   |     ^^^^^^^^^^^ no `old_io` in the root
[INFO] [stdout] 
[INFO] [stdout] 
[INFO] [stdout] error[E0432]: unresolved import `std::rand`
[INFO] [stdout]  --> src/main.rs:2:5
[INFO] [stdout]   |
[INFO] [stdout] 2 | use std::rand;
[INFO] [stdout]   |     ^^^^^^^^^ no `rand` in the root
[INFO] [stdout] 
[INFO] [stdout] 
[INFO] [stdout] error: aborting due to 2 previous errors
[INFO] [stdout] 
[INFO] [stdout] 
[INFO] [stdout] For more information about this error, try `rustc --explain E0432`.
[INFO] [stdout] 
[INFO] [stderr] error: could not compile `guessing_game`.
[INFO] [stderr] 
[INFO] [stderr] To learn more, run the command again with --verbose.
[INFO] [stderr] warning: build failed, waiting for other jobs to finish...
[INFO] [stdout] error: aborting due to 2 previous errors
[INFO] [stdout] 
[INFO] [stdout] 
[INFO] [stdout] For more information about this error, try `rustc --explain E0432`.
[INFO] [stdout] 
[INFO] [stderr] error: build failed
[INFO] running `Command { std: "docker" "inspect" "d4c19a82124ce119850919644599b54a89c2d7a7fac64b5947388adeaa859fe3", kill_on_drop: false }`
[INFO] running `Command { std: "docker" "rm" "-f" "d4c19a82124ce119850919644599b54a89c2d7a7fac64b5947388adeaa859fe3", kill_on_drop: false }`
[INFO] [stdout] d4c19a82124ce119850919644599b54a89c2d7a7fac64b5947388adeaa859fe3
