[INFO] cloning repository https://github.com/supercmmetry/jirachi
[INFO] running `Command { std: "git" "-c" "credential.helper=" "-c" "credential.helper=/workspace/cargo-home/bin/git-credential-null" "clone" "--bare" "https://github.com/supercmmetry/jirachi" "/workspace/cache/git-repos/https%3A%2F%2Fgithub.com%2Fsupercmmetry%2Fjirachi", kill_on_drop: false }`
[INFO] [stderr] Cloning into bare repository '/workspace/cache/git-repos/https%3A%2F%2Fgithub.com%2Fsupercmmetry%2Fjirachi'...
[INFO] running `Command { std: "git" "rev-parse" "HEAD", kill_on_drop: false }`
[INFO] [stdout] 6da2e88ad34fff710aa82c6b25d36cc933b380e5
[INFO] checking supercmmetry/jirachi against beta-2020-07-24 for pr-75494-beta
[INFO] running `Command { std: "git" "clone" "/workspace/cache/git-repos/https%3A%2F%2Fgithub.com%2Fsupercmmetry%2Fjirachi" "/workspace/builds/worker-9/source", kill_on_drop: false }`
[INFO] [stderr] Cloning into '/workspace/builds/worker-9/source'...
[INFO] [stderr] done.
[INFO] validating manifest of git repo https://github.com/supercmmetry/jirachi on toolchain beta-2020-07-24
[INFO] running `Command { std: "/workspace/cargo-home/bin/cargo" "+beta-2020-07-24" "read-manifest" "--manifest-path" "Cargo.toml", kill_on_drop: false }`
[INFO] started tweaking git repo https://github.com/supercmmetry/jirachi
[INFO] removed 0 missing tests
[INFO] removed path dependency jirachi from git repo https://github.com/supercmmetry/jirachi
[INFO] finished tweaking git repo https://github.com/supercmmetry/jirachi
[INFO] tweaked toml for git repo https://github.com/supercmmetry/jirachi written to /workspace/builds/worker-9/source/Cargo.toml
[INFO] crate git repo https://github.com/supercmmetry/jirachi already has a lockfile, it will not be regenerated
[INFO] running `Command { std: "/workspace/cargo-home/bin/cargo" "+beta-2020-07-24" "fetch" "--locked" "--manifest-path" "Cargo.toml", kill_on_drop: false }`
[INFO] [stderr] warning: dependency (jirachi) specified without providing a local path, Git repository, or version to use. This will be considered an error in future versions
[INFO] [stderr]     Blocking waiting for file lock on package cache
[INFO] [stderr]     Updating crates.io index
[INFO] [stderr] error: the lock file /workspace/builds/worker-9/source/Cargo.lock needs to be updated but --locked was passed to prevent this
[INFO] [stderr] If you want to try to generate the lock file without accessing the network, use the --offline flag.
[INFO] the lockfile is outdated, regenerating it
[INFO] running `Command { std: "/workspace/cargo-home/bin/cargo" "+beta-2020-07-24" "generate-lockfile" "--manifest-path" "Cargo.toml" "-Zno-index-update", kill_on_drop: false }`
[INFO] running `Command { std: "/workspace/cargo-home/bin/cargo" "+beta-2020-07-24" "fetch" "--locked" "--manifest-path" "Cargo.toml", kill_on_drop: false }`
[INFO] [stderr] warning: dependency (jirachi) specified without providing a local path, Git repository, or version to use. This will be considered an error in future versions
[INFO] [stderr]     Blocking waiting for file lock on package cache
[INFO] running `Command { std: "docker" "create" "-v" "/var/lib/crater-agent-workspace/builds/worker-9/target:/opt/rustwide/target:rw,Z" "-v" "/var/lib/crater-agent-workspace/builds/worker-9/source:/opt/rustwide/workdir:ro,Z" "-v" "/var/lib/crater-agent-workspace/cargo-home:/opt/rustwide/cargo-home:ro,Z" "-v" "/var/lib/crater-agent-workspace/rustup-home:/opt/rustwide/rustup-home:ro,Z" "-e" "SOURCE_DIR=/opt/rustwide/workdir" "-e" "CARGO_TARGET_DIR=/opt/rustwide/target" "-e" "CARGO_HOME=/opt/rustwide/cargo-home" "-e" "RUSTUP_HOME=/opt/rustwide/rustup-home" "-w" "/opt/rustwide/workdir" "-m" "1610612736" "--user" "0:0" "--network" "none" "rustops/crates-build-env@sha256:a636fd89d022f18117e1dc8fb37a0a009933cdbbe082814857f0e2024962d47c" "/opt/rustwide/cargo-home/bin/cargo" "+beta-2020-07-24" "metadata" "--no-deps" "--format-version=1", kill_on_drop: false }`
[INFO] [stdout] 9be52203acb50a655cab5b3301c01c4c949ba4db3254da722d1853a54d8ae9db
[INFO] [stderr] WARNING: Your kernel does not support swap limit capabilities or the cgroup is not mounted. Memory limited without swap.
[INFO] running `Command { std: "docker" "start" "-a" "9be52203acb50a655cab5b3301c01c4c949ba4db3254da722d1853a54d8ae9db", kill_on_drop: false }`
[INFO] running `Command { std: "docker" "inspect" "9be52203acb50a655cab5b3301c01c4c949ba4db3254da722d1853a54d8ae9db", kill_on_drop: false }`
[INFO] running `Command { std: "docker" "rm" "-f" "9be52203acb50a655cab5b3301c01c4c949ba4db3254da722d1853a54d8ae9db", kill_on_drop: false }`
[INFO] [stdout] 9be52203acb50a655cab5b3301c01c4c949ba4db3254da722d1853a54d8ae9db
[INFO] running `Command { std: "docker" "create" "-v" "/var/lib/crater-agent-workspace/builds/worker-9/target:/opt/rustwide/target:rw,Z" "-v" "/var/lib/crater-agent-workspace/builds/worker-9/source:/opt/rustwide/workdir:ro,Z" "-v" "/var/lib/crater-agent-workspace/cargo-home:/opt/rustwide/cargo-home:ro,Z" "-v" "/var/lib/crater-agent-workspace/rustup-home:/opt/rustwide/rustup-home:ro,Z" "-e" "SOURCE_DIR=/opt/rustwide/workdir" "-e" "CARGO_TARGET_DIR=/opt/rustwide/target" "-e" "CARGO_INCREMENTAL=0" "-e" "RUST_BACKTRACE=full" "-e" "RUSTFLAGS=--cap-lints=forbid" "-e" "CARGO_HOME=/opt/rustwide/cargo-home" "-e" "RUSTUP_HOME=/opt/rustwide/rustup-home" "-w" "/opt/rustwide/workdir" "-m" "1610612736" "--user" "0:0" "--network" "none" "rustops/crates-build-env@sha256:a636fd89d022f18117e1dc8fb37a0a009933cdbbe082814857f0e2024962d47c" "/opt/rustwide/cargo-home/bin/cargo" "+beta-2020-07-24" "check" "--frozen" "--all" "--all-targets" "--message-format=json", kill_on_drop: false }`
[INFO] [stderr] WARNING: Your kernel does not support swap limit capabilities or the cgroup is not mounted. Memory limited without swap.
[INFO] [stdout] a7562a7242563d8874a83f0f2fea52b400daf13923c6e0ad9c34db47843eb4d7
[INFO] running `Command { std: "docker" "start" "-a" "a7562a7242563d8874a83f0f2fea52b400daf13923c6e0ad9c34db47843eb4d7", kill_on_drop: false }`
[INFO] [stderr] warning: dependency (jirachi) specified without providing a local path, Git repository, or version to use. This will be considered an error in future versions
[INFO] [stderr]    Compiling libc v0.2.76
[INFO] [stderr]     Checking cfg-if v0.1.10
[INFO] [stderr]     Checking getrandom v0.1.14
[INFO] [stderr]     Checking rand_core v0.5.1
[INFO] [stderr]     Checking rand_chacha v0.2.2
[INFO] [stderr]     Checking rand v0.7.3
[INFO] [stderr]     Checking jirachi v0.1.7
[INFO] [stderr]     Checking jirachi v0.1.7 (/opt/rustwide/workdir)
[INFO] [stdout] error[E0465]: multiple rmeta candidates for `jirachi` found
[INFO] [stdout]  --> tests/adjective_noun.rs:1:5
[INFO] [stdout]   |
[INFO] [stdout] 1 | use jirachi::adjective_noun::Jirachi;
[INFO] [stdout]   |     ^^^^^^^
[INFO] [stdout]   |
[INFO] [stdout] note: candidate #1: /opt/rustwide/target/debug/deps/libjirachi-75b173008f79b103.rmeta
[INFO] [stdout]  --> tests/adjective_noun.rs:1:5
[INFO] [stdout]   |
[INFO] [stdout] 1 | use jirachi::adjective_noun::Jirachi;
[INFO] [stdout]   |     ^^^^^^^
[INFO] [stdout] note: candidate #2: /opt/rustwide/target/debug/deps/libjirachi-951d715182149d04.rmeta
[INFO] [stdout]  --> tests/adjective_noun.rs:1:5
[INFO] [stdout]   |
[INFO] [stdout] 1 | use jirachi::adjective_noun::Jirachi;
[INFO] [stdout]   |     ^^^^^^^
[INFO] [stdout] 
[INFO] [stdout] 
[INFO] [stdout] error[E0465]: multiple rmeta candidates for `jirachi` found
[INFO] [stdout]  --> tests/adjective_noun.rs:2:5
[INFO] [stdout]   |
[INFO] [stdout] 2 | use jirachi::Wishable;
[INFO] [stdout]   |     ^^^^^^^
[INFO] [stdout]   |
[INFO] [stdout] note: candidate #1: /opt/rustwide/target/debug/deps/libjirachi-75b173008f79b103.rmeta
[INFO] [stdout]  --> tests/adjective_noun.rs:2:5
[INFO] [stdout]   |
[INFO] [stdout] 2 | use jirachi::Wishable;
[INFO] [stdout]   |     ^^^^^^^
[INFO] [stdout] note: candidate #2: /opt/rustwide/target/debug/deps/libjirachi-951d715182149d04.rmeta
[INFO] [stdout]  --> tests/adjective_noun.rs:2:5
[INFO] [stdout]   |
[INFO] [stdout] 2 | use jirachi::Wishable;
[INFO] [stdout]   |     ^^^^^^^
[INFO] [stdout] 
[INFO] [stdout] 
[INFO] [stdout] error[E0463]: can't find crate for `jirachi`
[INFO] [stdout]  --> tests/adjective_noun.rs:1:5
[INFO] [stdout]   |
[INFO] [stdout] 1 | use jirachi::adjective_noun::Jirachi;
[INFO] [stdout]   |     ^^^^^^^ can't find crate
[INFO] [stdout] 
[INFO] [stdout] 
[INFO] [stdout] error: aborting due to 3 previous errors
[INFO] [stdout] 
[INFO] [stdout] 
[INFO] [stdout] For more information about this error, try `rustc --explain E0463`.
[INFO] [stdout] 
[INFO] [stderr] error: could not compile `jirachi`.
[INFO] [stderr] 
[INFO] [stderr] To learn more, run the command again with --verbose.
[INFO] [stderr] warning: build failed, waiting for other jobs to finish...
[INFO] [stderr] error: build failed
[INFO] running `Command { std: "docker" "inspect" "a7562a7242563d8874a83f0f2fea52b400daf13923c6e0ad9c34db47843eb4d7", kill_on_drop: false }`
[INFO] running `Command { std: "docker" "rm" "-f" "a7562a7242563d8874a83f0f2fea52b400daf13923c6e0ad9c34db47843eb4d7", kill_on_drop: false }`
[INFO] [stdout] a7562a7242563d8874a83f0f2fea52b400daf13923c6e0ad9c34db47843eb4d7
