[INFO] cloning repository https://github.com/stallmanifold/thermite
[INFO] running `Command { std: "git" "-c" "credential.helper=" "-c" "credential.helper=/workspace/cargo-home/bin/git-credential-null" "clone" "--bare" "https://github.com/stallmanifold/thermite" "/workspace/cache/git-repos/https%3A%2F%2Fgithub.com%2Fstallmanifold%2Fthermite", kill_on_drop: false }`
[INFO] [stderr] Cloning into bare repository '/workspace/cache/git-repos/https%3A%2F%2Fgithub.com%2Fstallmanifold%2Fthermite'...
[INFO] running `Command { std: "git" "rev-parse" "HEAD", kill_on_drop: false }`
[INFO] [stdout] cac8e9b2da9a1b301cad0274f3f67833eb98cd7a
[INFO] checking stallmanifold/thermite against beta-2020-07-24 for pr-75494-beta
[INFO] running `Command { std: "git" "clone" "/workspace/cache/git-repos/https%3A%2F%2Fgithub.com%2Fstallmanifold%2Fthermite" "/workspace/builds/worker-9/source", kill_on_drop: false }`
[INFO] [stderr] Cloning into '/workspace/builds/worker-9/source'...
[INFO] [stderr] done.
[INFO] validating manifest of git repo https://github.com/stallmanifold/thermite on toolchain beta-2020-07-24
[INFO] running `Command { std: "/workspace/cargo-home/bin/cargo" "+beta-2020-07-24" "read-manifest" "--manifest-path" "Cargo.toml", kill_on_drop: false }`
[INFO] started tweaking git repo https://github.com/stallmanifold/thermite
[INFO] finished tweaking git repo https://github.com/stallmanifold/thermite
[INFO] tweaked toml for git repo https://github.com/stallmanifold/thermite written to /workspace/builds/worker-9/source/Cargo.toml
[INFO] crate git repo https://github.com/stallmanifold/thermite already has a lockfile, it will not be regenerated
[INFO] running `Command { std: "/workspace/cargo-home/bin/cargo" "+beta-2020-07-24" "fetch" "--locked" "--manifest-path" "Cargo.toml", kill_on_drop: false }`
[INFO] [stderr]     Blocking waiting for file lock on package cache
[INFO] running `Command { std: "docker" "create" "-v" "/var/lib/crater-agent-workspace/builds/worker-9/target:/opt/rustwide/target:rw,Z" "-v" "/var/lib/crater-agent-workspace/builds/worker-9/source:/opt/rustwide/workdir:ro,Z" "-v" "/var/lib/crater-agent-workspace/cargo-home:/opt/rustwide/cargo-home:ro,Z" "-v" "/var/lib/crater-agent-workspace/rustup-home:/opt/rustwide/rustup-home:ro,Z" "-e" "SOURCE_DIR=/opt/rustwide/workdir" "-e" "CARGO_TARGET_DIR=/opt/rustwide/target" "-e" "CARGO_HOME=/opt/rustwide/cargo-home" "-e" "RUSTUP_HOME=/opt/rustwide/rustup-home" "-w" "/opt/rustwide/workdir" "-m" "1610612736" "--user" "0:0" "--network" "none" "rustops/crates-build-env@sha256:a636fd89d022f18117e1dc8fb37a0a009933cdbbe082814857f0e2024962d47c" "/opt/rustwide/cargo-home/bin/cargo" "+beta-2020-07-24" "metadata" "--no-deps" "--format-version=1", kill_on_drop: false }`
[INFO] [stdout] 7799f2eea0d057d1d09bb487304578f3415008fd86d056663c7fc7ef33dd21b0
[INFO] [stderr] WARNING: Your kernel does not support swap limit capabilities or the cgroup is not mounted. Memory limited without swap.
[INFO] running `Command { std: "docker" "start" "-a" "7799f2eea0d057d1d09bb487304578f3415008fd86d056663c7fc7ef33dd21b0", kill_on_drop: false }`
[INFO] running `Command { std: "docker" "inspect" "7799f2eea0d057d1d09bb487304578f3415008fd86d056663c7fc7ef33dd21b0", kill_on_drop: false }`
[INFO] running `Command { std: "docker" "rm" "-f" "7799f2eea0d057d1d09bb487304578f3415008fd86d056663c7fc7ef33dd21b0", kill_on_drop: false }`
[INFO] [stdout] 7799f2eea0d057d1d09bb487304578f3415008fd86d056663c7fc7ef33dd21b0
[INFO] running `Command { std: "docker" "create" "-v" "/var/lib/crater-agent-workspace/builds/worker-9/target:/opt/rustwide/target:rw,Z" "-v" "/var/lib/crater-agent-workspace/builds/worker-9/source:/opt/rustwide/workdir:ro,Z" "-v" "/var/lib/crater-agent-workspace/cargo-home:/opt/rustwide/cargo-home:ro,Z" "-v" "/var/lib/crater-agent-workspace/rustup-home:/opt/rustwide/rustup-home:ro,Z" "-e" "SOURCE_DIR=/opt/rustwide/workdir" "-e" "CARGO_TARGET_DIR=/opt/rustwide/target" "-e" "CARGO_INCREMENTAL=0" "-e" "RUST_BACKTRACE=full" "-e" "RUSTFLAGS=--cap-lints=forbid" "-e" "CARGO_HOME=/opt/rustwide/cargo-home" "-e" "RUSTUP_HOME=/opt/rustwide/rustup-home" "-w" "/opt/rustwide/workdir" "-m" "1610612736" "--user" "0:0" "--network" "none" "rustops/crates-build-env@sha256:a636fd89d022f18117e1dc8fb37a0a009933cdbbe082814857f0e2024962d47c" "/opt/rustwide/cargo-home/bin/cargo" "+beta-2020-07-24" "check" "--frozen" "--all" "--all-targets" "--message-format=json", kill_on_drop: false }`
[INFO] [stdout] b69566bb7fd11b64a6f2942930d3f4694642654f9bcd134df9b305a4428b8dc2
[INFO] [stderr] WARNING: Your kernel does not support swap limit capabilities or the cgroup is not mounted. Memory limited without swap.
[INFO] running `Command { std: "docker" "start" "-a" "b69566bb7fd11b64a6f2942930d3f4694642654f9bcd134df9b305a4428b8dc2", kill_on_drop: false }`
[INFO] [stderr]     Blocking waiting for file lock on package cache
[INFO] [stderr]    Compiling x86 v0.8.0
[INFO] [stderr]     Checking bitflags v0.7.0
[INFO] [stderr]     Checking bitflags v0.4.0
[INFO] [stderr]     Checking raw-cpuid v2.0.0
[INFO] [stderr]     Checking rlibc v1.0.0
[INFO] [stderr]     Checking spin v0.4.5
[INFO] [stdout] error: the legacy LLVM-style asm! syntax is no longer supported
[INFO] [stdout]  --> /opt/rustwide/cargo-home/registry/src/github.com-1ecc6299db9ec823/spin-0.4.5/src/util.rs:8:14
[INFO] [stdout]   |
[INFO] [stdout] 8 |     unsafe { asm!("pause" :::: "volatile"); }
[INFO] [stdout]   |              ----^^^^^^^^^^^^^^^^^^^^^^^^^^
[INFO] [stdout]   |              |
[INFO] [stdout]   |              help: replace with: `llvm_asm!`
[INFO] [stdout]   |
[INFO] [stdout]   = note: consider migrating to the new asm! syntax specified in RFC 2873
[INFO] [stdout]   = note: alternatively, switch to llvm_asm! to keep your code working as it is
[INFO] [stdout] 
[INFO] [stdout] 
[INFO] [stdout] error[E0554]: `#![feature]` may not be used on the beta release channel
[INFO] [stdout]  --> /opt/rustwide/cargo-home/registry/src/github.com-1ecc6299db9ec823/spin-0.4.5/src/lib.rs:6:30
[INFO] [stdout]   |
[INFO] [stdout] 6 | #![cfg_attr(feature = "asm", feature(asm))]
[INFO] [stdout]   |                              ^^^^^^^^^^^^
[INFO] [stdout] 
[INFO] [stdout] 
[INFO] [stdout] error[E0554]: `#![feature]` may not be used on the beta release channel
[INFO] [stdout]  --> /opt/rustwide/cargo-home/registry/src/github.com-1ecc6299db9ec823/spin-0.4.5/src/lib.rs:7:42
[INFO] [stdout]   |
[INFO] [stdout] 7 | #![cfg_attr(feature = "core_intrinsics", feature(core_intrinsics))]
[INFO] [stdout]   |                                          ^^^^^^^^^^^^^^^^^^^^^^^^
[INFO] [stdout] 
[INFO] [stdout] 
[INFO] [stdout] error[E0554]: `#![feature]` may not be used on the beta release channel
[INFO] [stdout]  --> /opt/rustwide/cargo-home/registry/src/github.com-1ecc6299db9ec823/spin-0.4.5/src/lib.rs:8:35
[INFO] [stdout]   |
[INFO] [stdout] 8 | #![cfg_attr(feature = "const_fn", feature(const_fn))]
[INFO] [stdout]   |                                   ^^^^^^^^^^^^^^^^^
[INFO] [stdout] 
[INFO] [stdout] 
[INFO] [stdout] error: the legacy LLVM-style asm! syntax is no longer supported
[INFO] [stdout]   --> /opt/rustwide/cargo-home/registry/src/github.com-1ecc6299db9ec823/raw-cpuid-2.0.0/src/lib.rs:47:9
[INFO] [stdout]    |
[INFO] [stdout] 47 |         asm!("movl $0, %eax" : : "{eax}" (eax) : "eax");
[INFO] [stdout]    |         ----^^^^^^^^^^^^^^^^^^^^^^^^^^^^^^^^^^^^^^^^^^^^
[INFO] [stdout]    |         |
[INFO] [stdout]    |         help: replace with: `llvm_asm!`
[INFO] [stdout]    |
[INFO] [stdout]    = note: consider migrating to the new asm! syntax specified in RFC 2873
[INFO] [stdout]    = note: alternatively, switch to llvm_asm! to keep your code working as it is
[INFO] [stdout] 
[INFO] [stdout] 
[INFO] [stdout] error: the legacy LLVM-style asm! syntax is no longer supported
[INFO] [stdout]   --> /opt/rustwide/cargo-home/registry/src/github.com-1ecc6299db9ec823/raw-cpuid-2.0.0/src/lib.rs:48:9
[INFO] [stdout]    |
[INFO] [stdout] 48 |         asm!("movl $0, %ecx" : : "{ecx}" (ecx) : "ecx");
[INFO] [stdout]    |         ----^^^^^^^^^^^^^^^^^^^^^^^^^^^^^^^^^^^^^^^^^^^^
[INFO] [stdout]    |         |
[INFO] [stdout]    |         help: replace with: `llvm_asm!`
[INFO] [stdout]    |
[INFO] [stdout]    = note: consider migrating to the new asm! syntax specified in RFC 2873
[INFO] [stdout]    = note: alternatively, switch to llvm_asm! to keep your code working as it is
[INFO] [stdout] 
[INFO] [stdout] 
[INFO] [stdout] error: the legacy LLVM-style asm! syntax is no longer supported
[INFO] [stdout]   --> /opt/rustwide/cargo-home/registry/src/github.com-1ecc6299db9ec823/raw-cpuid-2.0.0/src/lib.rs:49:9
[INFO] [stdout]    |
[INFO] [stdout] 49 |           asm!("cpuid" : "={eax}"(res.eax) "={ebx}"(res.ebx)
[INFO] [stdout]    |           ^---
[INFO] [stdout]    |           |
[INFO] [stdout]    |  _________help: replace with: `llvm_asm!`
[INFO] [stdout]    | |
[INFO] [stdout] 50 | |                        "={ecx}"(res.ecx) "={edx}"(res.edx)
[INFO] [stdout] 51 | |                      :: "eax", "ebx", "ecx", "edx");
[INFO] [stdout]    | |____________________________________________________^
[INFO] [stdout]    |
[INFO] [stdout]    = note: consider migrating to the new asm! syntax specified in RFC 2873
[INFO] [stdout]    = note: alternatively, switch to llvm_asm! to keep your code working as it is
[INFO] [stdout] 
[INFO] [stdout] 
[INFO] [stdout] error: the legacy LLVM-style asm! syntax is no longer supported
[INFO] [stdout]   --> /opt/rustwide/cargo-home/registry/src/github.com-1ecc6299db9ec823/raw-cpuid-2.0.0/src/lib.rs:64:9
[INFO] [stdout]    |
[INFO] [stdout] 64 |         asm!("movl $0, %eax" : : "{eax}" (eax) : "eax");
[INFO] [stdout]    |         ----^^^^^^^^^^^^^^^^^^^^^^^^^^^^^^^^^^^^^^^^^^^^
[INFO] [stdout]    |         |
[INFO] [stdout]    |         help: replace with: `llvm_asm!`
[INFO] [stdout]    |
[INFO] [stdout]    = note: consider migrating to the new asm! syntax specified in RFC 2873
[INFO] [stdout]    = note: alternatively, switch to llvm_asm! to keep your code working as it is
[INFO] [stdout] 
[INFO] [stdout] 
[INFO] [stdout] error: the legacy LLVM-style asm! syntax is no longer supported
[INFO] [stdout]   --> /opt/rustwide/cargo-home/registry/src/github.com-1ecc6299db9ec823/raw-cpuid-2.0.0/src/lib.rs:65:9
[INFO] [stdout]    |
[INFO] [stdout] 65 |           asm!("cpuid" : "={eax}"(res.eax) "={ebx}"(res.ebx)
[INFO] [stdout]    |           ^---
[INFO] [stdout]    |           |
[INFO] [stdout]    |  _________help: replace with: `llvm_asm!`
[INFO] [stdout]    | |
[INFO] [stdout] 66 | |                        "={ecx}"(res.ecx) "={edx}"(res.edx)
[INFO] [stdout] 67 | |                      :: "eax", "ebx", "ecx", "edx");
[INFO] [stdout]    | |____________________________________________________^
[INFO] [stdout]    |
[INFO] [stdout]    = note: consider migrating to the new asm! syntax specified in RFC 2873
[INFO] [stdout]    = note: alternatively, switch to llvm_asm! to keep your code working as it is
[INFO] [stdout] 
[INFO] [stdout] 
[INFO] [stderr]     Checking multiboot2 v0.3.1
[INFO] [stdout] error[E0422]: cannot find struct, variant or union type `Slice` in module `raw`
[INFO] [stdout]    --> /opt/rustwide/cargo-home/registry/src/github.com-1ecc6299db9ec823/raw-cpuid-2.0.0/src/lib.rs:435:30
[INFO] [stdout]     |
[INFO] [stdout] 435 |             let slice = raw::Slice { data: brand_string_start, len: 3*4 };
[INFO] [stdout]     |                              ^^^^^ not found in `raw`
[INFO] [stdout] 
[INFO] [stdout] 
[INFO] [stdout] error[E0422]: cannot find struct, variant or union type `Slice` in module `raw`
[INFO] [stdout]     --> /opt/rustwide/cargo-home/registry/src/github.com-1ecc6299db9ec823/raw-cpuid-2.0.0/src/lib.rs:2097:34
[INFO] [stdout]      |
[INFO] [stdout] 2097 |                 let slice = raw::Slice { data: brand_string_start, len: 3*4*4 };
[INFO] [stdout]      |                                  ^^^^^ not found in `raw`
[INFO] [stdout] 
[INFO] [stdout] 
[INFO] [stdout] error[E0554]: `#![feature]` may not be used on the beta release channel
[INFO] [stdout]  --> /opt/rustwide/cargo-home/registry/src/github.com-1ecc6299db9ec823/raw-cpuid-2.0.0/src/lib.rs:1:1
[INFO] [stdout]   |
[INFO] [stdout] 1 | #![feature(no_std, prelude_import, asm, raw)]
[INFO] [stdout]   | ^^^^^^^^^^^^^^^^^^^^^^^^^^^^^^^^^^^^^^^^^^^^^
[INFO] [stdout] 
[INFO] [stdout] 
[INFO] [stdout] error: aborting due to 4 previous errors
[INFO] [stdout] 
[INFO] [stdout] 
[INFO] [stdout] For more information about this error, try `rustc --explain E0554`.
[INFO] [stdout] 
[INFO] [stderr] error: could not compile `spin`.
[INFO] [stderr] 
[INFO] [stderr] To learn more, run the command again with --verbose.
[INFO] [stderr] warning: build failed, waiting for other jobs to finish...
[INFO] [stdout] error: aborting due to 8 previous errors
[INFO] [stdout] 
[INFO] [stdout] 
[INFO] [stdout] Some errors have detailed explanations: E0422, E0554.
[INFO] [stdout] 
[INFO] [stdout] For more information about an error, try `rustc --explain E0422`.
[INFO] [stdout] 
[INFO] [stderr] error: build failed
[INFO] running `Command { std: "docker" "inspect" "b69566bb7fd11b64a6f2942930d3f4694642654f9bcd134df9b305a4428b8dc2", kill_on_drop: false }`
[INFO] running `Command { std: "docker" "rm" "-f" "b69566bb7fd11b64a6f2942930d3f4694642654f9bcd134df9b305a4428b8dc2", kill_on_drop: false }`
[INFO] [stdout] b69566bb7fd11b64a6f2942930d3f4694642654f9bcd134df9b305a4428b8dc2
