[INFO] cloning repository https://github.com/sseemayer/actix-rust-s3-experiment
[INFO] running `Command { std: "git" "-c" "credential.helper=" "-c" "credential.helper=/workspace/cargo-home/bin/git-credential-null" "clone" "--bare" "https://github.com/sseemayer/actix-rust-s3-experiment" "/workspace/cache/git-repos/https%3A%2F%2Fgithub.com%2Fsseemayer%2Factix-rust-s3-experiment", kill_on_drop: false }`
[INFO] [stderr] Cloning into bare repository '/workspace/cache/git-repos/https%3A%2F%2Fgithub.com%2Fsseemayer%2Factix-rust-s3-experiment'...
[INFO] running `Command { std: "git" "rev-parse" "HEAD", kill_on_drop: false }`
[INFO] [stdout] 136f91bea3b226891527a102a54607306b909c9c
[INFO] checking sseemayer/actix-rust-s3-experiment against beta-2020-07-24 for pr-75494-beta
[INFO] running `Command { std: "git" "clone" "/workspace/cache/git-repos/https%3A%2F%2Fgithub.com%2Fsseemayer%2Factix-rust-s3-experiment" "/workspace/builds/worker-2/source", kill_on_drop: false }`
[INFO] [stderr] Cloning into '/workspace/builds/worker-2/source'...
[INFO] [stderr] done.
[INFO] validating manifest of git repo https://github.com/sseemayer/actix-rust-s3-experiment on toolchain beta-2020-07-24
[INFO] running `Command { std: "/workspace/cargo-home/bin/cargo" "+beta-2020-07-24" "read-manifest" "--manifest-path" "Cargo.toml", kill_on_drop: false }`
[INFO] started tweaking git repo https://github.com/sseemayer/actix-rust-s3-experiment
[INFO] removed path dependency rust-s3 from git repo https://github.com/sseemayer/actix-rust-s3-experiment
[INFO] finished tweaking git repo https://github.com/sseemayer/actix-rust-s3-experiment
[INFO] tweaked toml for git repo https://github.com/sseemayer/actix-rust-s3-experiment written to /workspace/builds/worker-2/source/Cargo.toml
[INFO] crate git repo https://github.com/sseemayer/actix-rust-s3-experiment already has a lockfile, it will not be regenerated
[INFO] running `Command { std: "/workspace/cargo-home/bin/cargo" "+beta-2020-07-24" "fetch" "--locked" "--manifest-path" "Cargo.toml", kill_on_drop: false }`
[INFO] [stderr] warning: dependency (rust-s3) specified without providing a local path, Git repository, or version to use. This will be considered an error in future versions
[INFO] [stderr]     Blocking waiting for file lock on package cache
[INFO] [stderr]     Updating crates.io index
[INFO] [stderr] error: the lock file /workspace/builds/worker-2/source/Cargo.lock needs to be updated but --locked was passed to prevent this
[INFO] [stderr] If you want to try to generate the lock file without accessing the network, use the --offline flag.
[INFO] the lockfile is outdated, regenerating it
[INFO] running `Command { std: "/workspace/cargo-home/bin/cargo" "+beta-2020-07-24" "generate-lockfile" "--manifest-path" "Cargo.toml" "-Zno-index-update", kill_on_drop: false }`
[INFO] [stderr]     Blocking waiting for file lock on package cache
[INFO] running `Command { std: "/workspace/cargo-home/bin/cargo" "+beta-2020-07-24" "fetch" "--locked" "--manifest-path" "Cargo.toml", kill_on_drop: false }`
[INFO] [stderr] warning: dependency (rust-s3) specified without providing a local path, Git repository, or version to use. This will be considered an error in future versions
[INFO] [stderr]     Blocking waiting for file lock on package cache
[INFO] running `Command { std: "docker" "create" "-v" "/var/lib/crater-agent-workspace/builds/worker-2/target:/opt/rustwide/target:rw,Z" "-v" "/var/lib/crater-agent-workspace/builds/worker-2/source:/opt/rustwide/workdir:ro,Z" "-v" "/var/lib/crater-agent-workspace/cargo-home:/opt/rustwide/cargo-home:ro,Z" "-v" "/var/lib/crater-agent-workspace/rustup-home:/opt/rustwide/rustup-home:ro,Z" "-e" "SOURCE_DIR=/opt/rustwide/workdir" "-e" "CARGO_TARGET_DIR=/opt/rustwide/target" "-e" "CARGO_HOME=/opt/rustwide/cargo-home" "-e" "RUSTUP_HOME=/opt/rustwide/rustup-home" "-w" "/opt/rustwide/workdir" "-m" "1610612736" "--user" "0:0" "--network" "none" "rustops/crates-build-env@sha256:a636fd89d022f18117e1dc8fb37a0a009933cdbbe082814857f0e2024962d47c" "/opt/rustwide/cargo-home/bin/cargo" "+beta-2020-07-24" "metadata" "--no-deps" "--format-version=1", kill_on_drop: false }`
[INFO] [stderr] WARNING: Your kernel does not support swap limit capabilities or the cgroup is not mounted. Memory limited without swap.
[INFO] [stdout] 4649f6372201b3185faf28e355ee63fe11e65d5fd688ad236bc9742c4156158e
[INFO] running `Command { std: "docker" "start" "-a" "4649f6372201b3185faf28e355ee63fe11e65d5fd688ad236bc9742c4156158e", kill_on_drop: false }`
[INFO] running `Command { std: "docker" "inspect" "4649f6372201b3185faf28e355ee63fe11e65d5fd688ad236bc9742c4156158e", kill_on_drop: false }`
[INFO] running `Command { std: "docker" "rm" "-f" "4649f6372201b3185faf28e355ee63fe11e65d5fd688ad236bc9742c4156158e", kill_on_drop: false }`
[INFO] [stdout] 4649f6372201b3185faf28e355ee63fe11e65d5fd688ad236bc9742c4156158e
[INFO] running `Command { std: "docker" "create" "-v" "/var/lib/crater-agent-workspace/builds/worker-2/target:/opt/rustwide/target:rw,Z" "-v" "/var/lib/crater-agent-workspace/builds/worker-2/source:/opt/rustwide/workdir:ro,Z" "-v" "/var/lib/crater-agent-workspace/cargo-home:/opt/rustwide/cargo-home:ro,Z" "-v" "/var/lib/crater-agent-workspace/rustup-home:/opt/rustwide/rustup-home:ro,Z" "-e" "SOURCE_DIR=/opt/rustwide/workdir" "-e" "CARGO_TARGET_DIR=/opt/rustwide/target" "-e" "CARGO_INCREMENTAL=0" "-e" "RUST_BACKTRACE=full" "-e" "RUSTFLAGS=--cap-lints=forbid" "-e" "CARGO_HOME=/opt/rustwide/cargo-home" "-e" "RUSTUP_HOME=/opt/rustwide/rustup-home" "-w" "/opt/rustwide/workdir" "-m" "1610612736" "--user" "0:0" "--network" "none" "rustops/crates-build-env@sha256:a636fd89d022f18117e1dc8fb37a0a009933cdbbe082814857f0e2024962d47c" "/opt/rustwide/cargo-home/bin/cargo" "+beta-2020-07-24" "check" "--frozen" "--all" "--all-targets" "--message-format=json", kill_on_drop: false }`
[INFO] [stderr] WARNING: Your kernel does not support swap limit capabilities or the cgroup is not mounted. Memory limited without swap.
[INFO] [stdout] a2bb34717afd5b33db046655f20c87d1be55356fe1365624f9d764e0885da140
[INFO] running `Command { std: "docker" "start" "-a" "a2bb34717afd5b33db046655f20c87d1be55356fe1365624f9d764e0885da140", kill_on_drop: false }`
[INFO] [stderr] warning: dependency (rust-s3) specified without providing a local path, Git repository, or version to use. This will be considered an error in future versions
[INFO] [stderr]    Compiling libc v0.2.76
[INFO] [stderr]    Compiling proc-macro2 v1.0.19
[INFO] [stderr]    Compiling unicode-xid v0.2.1
[INFO] [stderr]    Compiling memchr v2.3.3
[INFO] [stderr]    Compiling getrandom v0.1.14
[INFO] [stderr]    Compiling autocfg v0.1.7
[INFO] [stderr]    Compiling proc-macro2 v0.4.30
[INFO] [stderr]    Compiling proc-macro-hack v0.5.18
[INFO] [stderr]    Compiling unicode-xid v0.1.0
[INFO] [stderr]    Compiling serde_derive v1.0.115
[INFO] [stderr]    Compiling pkg-config v0.3.18
[INFO] [stderr]    Compiling serde v1.0.115
[INFO] [stderr]     Checking futures-core v0.3.5
[INFO] [stderr]     Checking bytes v0.5.6
[INFO] [stderr]    Compiling pin-project-internal v0.4.23
[INFO] [stderr]     Checking futures-sink v0.3.5
[INFO] [stderr]    Compiling proc-macro-nested v0.1.6
[INFO] [stderr]     Checking ppv-lite86 v0.2.9
[INFO] [stderr]     Checking gimli v0.22.0
[INFO] [stderr]    Compiling failure_derive v0.1.8
[INFO] [stderr]    Compiling typenum v1.12.0
[INFO] [stderr]     Checking adler v0.2.3
[INFO] [stderr]    Compiling version_check v0.9.2
[INFO] [stderr]    Compiling ryu v1.0.5
[INFO] [stderr]     Checking pin-project-lite v0.1.7
[INFO] [stderr]    Compiling serde_json v1.0.57
[INFO] [stderr]     Checking object v0.20.0
[INFO] [stderr]     Checking match_cfg v0.1.0
[INFO] [stderr]     Checking percent-encoding v1.0.1
[INFO] [stderr]     Checking copyless v0.1.5
[INFO] [stderr]    Compiling crc32fast v1.2.0
[INFO] [stderr]     Checking linked-hash-map v0.5.3
[INFO] [stderr]     Checking dtoa v0.4.6
[INFO] [stderr]     Checking regex-syntax v0.6.18
[INFO] [stderr]     Checking arc-swap v0.4.7
[INFO] [stderr]     Checking ahash v0.3.8
[INFO] [stderr]     Checking sha1 v0.6.0
[INFO] [stderr]     Checking simpl v0.1.0
[INFO] [stderr]     Checking base64 v0.12.3
[INFO] [stderr]     Checking xml-rs v0.8.3
[INFO] [stderr]     Checking md5 v0.7.0
[INFO] [stderr]     Checking hex v0.4.2
[INFO] [stderr]    Compiling num-traits v0.2.12
[INFO] [stderr]    Compiling hashbrown v0.7.2
[INFO] [stderr]     Checking tracing-core v0.1.15
[INFO] [stderr]     Checking thread_local v1.0.1
[INFO] [stderr]    Compiling miniz-sys v0.1.12
[INFO] [stderr]    Compiling brotli-sys v0.3.2
[INFO] [stderr]     Checking futures-channel v0.3.5
[INFO] [stderr]     Checking futures-task v0.3.5
[INFO] [stderr]     Checking miniz_oxide v0.4.1
[INFO] [stderr]     Checking http v0.2.1
[INFO] [stderr]    Compiling rand_pcg v0.1.2
[INFO] [stderr]    Compiling rand_chacha v0.1.1
[INFO] [stderr]    Compiling rand v0.6.5
[INFO] [stderr]    Compiling hashbrown v0.6.3
[INFO] [stderr]     Checking aws-region v0.21.0
[INFO] [stderr]     Checking lru-cache v0.1.2
[INFO] [stderr]     Checking log v0.4.11
[INFO] [stderr]    Compiling unicase v2.6.0
[INFO] [stderr]    Compiling openssl-sys v0.9.58
[INFO] [stderr]     Checking idna v0.2.0
[INFO] [stderr]     Checking idna v0.1.5
[INFO] [stderr]     Checking encoding_rs v0.8.23
[INFO] [stderr]     Checking crossbeam-utils v0.7.2
[INFO] [stderr]     Checking base64 v0.10.1
[INFO] [stderr]     Checking tracing v0.1.19
[INFO] [stderr]     Checking want v0.3.0
[INFO] [stderr]     Checking url v2.1.1
[INFO] [stderr]    Compiling aho-corasick v0.7.13
[INFO] [stderr]    Compiling quote v0.6.13
[INFO] [stderr]     Checking url v1.7.2
[INFO] [stderr]    Compiling quote v1.0.7
[INFO] [stderr]     Checking iovec v0.1.4
[INFO] [stderr]     Checking net2 v0.2.34
[INFO] [stderr]     Checking num_cpus v1.13.0
[INFO] [stderr]     Checking socket2 v0.3.12
[INFO] [stderr]     Checking time v0.1.43
[INFO] [stderr]     Checking rand_os v0.1.3
[INFO] [stderr]     Checking hostname v0.3.1
[INFO] [stderr]     Checking signal-hook-registry v1.2.1
[INFO] [stderr]     Checking dirs-sys v0.3.5
[INFO] [stderr]     Checking tokio-executor v0.1.10
[INFO] [stderr]    Compiling syn v0.15.44
[INFO] [stderr]     Checking bytes v0.4.12
[INFO] [stderr]    Compiling syn v1.0.39
[INFO] [stderr]     Checking threadpool v1.8.1
[INFO] [stderr]     Checking addr2line v0.13.0
[INFO] [stderr]     Checking mio v0.6.22
[INFO] [stderr]     Checking rand_core v0.5.1
[INFO] [stderr]     Checking num-integer v0.1.43
[INFO] [stderr]     Checking generic-array v0.12.3
[INFO] [stderr]     Checking http-body v0.3.1
[INFO] [stderr]     Checking flate2 v1.0.17
[INFO] [stderr]     Checking parking_lot_core v0.6.2
[INFO] [stderr]     Checking resolv-conf v0.6.3
[INFO] [stderr]     Checking regex v1.3.9
[INFO] [stderr]     Checking dirs v2.0.2
[INFO] [stderr]    Compiling openssl v0.10.30
[INFO] [stderr]    Compiling native-tls v0.2.4
[INFO] [stderr]     Checking tokio-timer v0.2.13
[INFO] [stderr]     Checking tokio-current-thread v0.1.7
[INFO] [stderr]    Compiling const-random-macro v0.1.8
[INFO] [stderr]     Checking backtrace v0.3.50
[INFO] [stderr]     Checking tokio-io v0.1.13
[INFO] [stderr]     Checking http v0.1.21
[INFO] [stderr]     Checking string v0.2.1
[INFO] [stderr]    Compiling mime_guess v2.0.3
[INFO] [stderr]     Checking rand_chacha v0.2.2
[INFO] [stderr]     Checking parking_lot v0.9.0
[INFO] [stderr]     Checking mio-uds v0.6.8
[INFO] [stderr]     Checking chrono v0.4.15
[INFO] [stderr]     Checking digest v0.8.1
[INFO] [stderr]     Checking block-buffer v0.7.3
[INFO] [stderr]     Checking crypto-mac v0.7.0
[INFO] [stderr]     Checking tokio-codec v0.1.2
[INFO] [stderr]     Checking rand v0.7.3
[INFO] [stderr]     Checking tokio-reactor v0.1.12
[INFO] [stderr]     Checking sha2 v0.8.2
[INFO] [stderr]     Checking hmac v0.7.1
[INFO] [stderr]     Checking const-random v0.1.8
[INFO] [stderr]     Checking actix-codec v0.1.2
[INFO] [stderr]     Checking tokio-tcp v0.1.4
[INFO] [stderr]     Checking tokio-udp v0.1.6
[INFO] [stderr]     Checking tokio-signal v0.2.9
[INFO] [stderr]     Checking ahash v0.2.18
[INFO] [stderr]     Checking actix-utils v0.4.7
[INFO] [stderr]     Checking actix-server-config v0.1.2
[INFO] [stderr]     Checking dlv-list v0.2.2
[INFO] [stderr]     Checking ordered-multimap v0.2.4
[INFO] [stderr]     Checking brotli2 v0.3.2
[INFO] [stderr]     Checking rust-ini v0.15.3
[INFO] [stderr]     Checking h2 v0.1.26
[INFO] [stderr]    Compiling derive_more v0.15.0
[INFO] [stderr]    Compiling enum-as-inner v0.2.1
[INFO] [stderr]    Compiling synstructure v0.12.4
[INFO] [stderr]     Checking actix-threadpool v0.1.2
[INFO] [stderr]     Checking actix-rt v0.2.6
[INFO] [stderr]     Checking actix-server v0.6.1
[INFO] [stderr]     Checking actix-testing v0.1.0
[INFO] [stderr]    Compiling tokio-macros v0.2.5
[INFO] [stderr]    Compiling futures-macro v0.3.5
[INFO] [stderr]    Compiling thiserror-impl v1.0.20
[INFO] [stderr]    Compiling actix-web-codegen v0.1.3
[INFO] [stderr]     Checking failure v0.1.8
[INFO] [stderr]     Checking tokio v0.2.22
[INFO] [stderr]     Checking trust-dns-proto v0.7.4
[INFO] [stderr]     Checking thiserror v1.0.20
[INFO] [stderr]     Checking pin-project v0.4.23
[INFO] [stderr]     Checking futures-util v0.3.5
[INFO] [stderr]     Checking trust-dns-resolver v0.11.1
[INFO] [stderr]     Checking actix-connect v0.2.5
[INFO] [stderr]     Checking tokio-util v0.3.1
[INFO] [stderr]     Checking tokio-tls v0.3.1
[INFO] [stderr]     Checking h2 v0.2.6
[INFO] [stderr]     Checking futures-executor v0.3.5
[INFO] [stderr]     Checking futures v0.3.5
[INFO] [stderr]     Checking serde_urlencoded v0.6.1
[INFO] [stderr]     Checking serde-xml-rs v0.4.0
[INFO] [stderr]     Checking actix-router v0.1.5
[INFO] [stderr]     Checking actix-http v0.2.11
[INFO] [stderr]     Checking attohttpc v0.15.0
[INFO] [stderr]     Checking aws-creds v0.23.1
[INFO] [stderr]     Checking hyper v0.13.7
[INFO] [stderr]     Checking awc v0.2.8
[INFO] [stderr]     Checking actix-web v1.0.9
[INFO] [stderr]     Checking hyper-tls v0.4.3
[INFO] [stderr]     Checking reqwest v0.10.7
[INFO] [stderr]     Checking rust-s3 v0.23.0-beta3
[INFO] [stderr]     Checking actix-async-test v0.1.0 (/opt/rustwide/workdir)
[INFO] [stdout] error[E0554]: `#![feature]` may not be used on the beta release channel
[INFO] [stdout]  --> src/main.rs:1:1
[INFO] [stdout]   |
[INFO] [stdout] 1 | #![feature(async_await)]
[INFO] [stdout]   | ^^^^^^^^^^^^^^^^^^^^^^^^
[INFO] [stdout] 
[INFO] [stdout] 
[INFO] [stdout] error[E0554]: `#![feature]` may not be used on the beta release channel
[INFO] [stdout]  --> src/main.rs:1:1
[INFO] [stdout]   |
[INFO] [stdout] 1 | #![feature(async_await)]
[INFO] [stdout]   | ^^^^^^^^^^^^^^^^^^^^^^^^
[INFO] [stdout] 
[INFO] [stdout] 
[INFO] [stdout] error[E0599]: no method named `get_object_async` found for struct `s3::bucket::Bucket` in the current scope
[INFO] [stdout]   --> src/main.rs:21:10
[INFO] [stdout]    |
[INFO] [stdout] 21 |         .get_object_async("/data.txt")
[INFO] [stdout]    |          ^^^^^^^^^^^^^^^^ help: there is an associated function with a similar name: `get_object_tagging`
[INFO] [stdout] 
[INFO] [stdout] 
[INFO] [stdout] error[E0599]: no method named `list_all_async` found for struct `s3::bucket::Bucket` in the current scope
[INFO] [stdout]   --> src/main.rs:40:10
[INFO] [stdout]    |
[INFO] [stdout] 40 |         .list_all_async("".to_owned(), Some("/".to_owned()))
[INFO] [stdout]    |          ^^^^^^^^^^^^^^ method not found in `s3::bucket::Bucket`
[INFO] [stdout] 
[INFO] [stdout] 
[INFO] [stdout] error[E0599]: no method named `get_object_async` found for struct `s3::bucket::Bucket` in the current scope
[INFO] [stdout]   --> src/main.rs:21:10
[INFO] [stdout]    |
[INFO] [stdout] 21 |         .get_object_async("/data.txt")
[INFO] [stdout]    |          ^^^^^^^^^^^^^^^^ help: there is an associated function with a similar name: `get_object_tagging`
[INFO] [stdout] 
[INFO] [stdout] 
[INFO] [stdout] error[E0599]: no method named `list_all_async` found for struct `s3::bucket::Bucket` in the current scope
[INFO] [stdout]   --> src/main.rs:40:10
[INFO] [stdout]    |
[INFO] [stdout] 40 |         .list_all_async("".to_owned(), Some("/".to_owned()))
[INFO] [stdout]    |          ^^^^^^^^^^^^^^ method not found in `s3::bucket::Bucket`
[INFO] [stdout] 
[INFO] [stdout] 
[INFO] [stdout] error[E0277]: the trait bound `s3::awscreds::Credentials: std::default::Default` is not satisfied
[INFO] [stdout]   --> src/main.rs:13:52
[INFO] [stdout]    |
[INFO] [stdout] 13 |     let bucket = Bucket::new("minio-test", region, Default::default()).unwrap();
[INFO] [stdout]    |                                                    ^^^^^^^^^^^^^^^^^^ the trait `std::default::Default` is not implemented for `s3::awscreds::Credentials`
[INFO] [stdout]    |
[INFO] [stdout]    = note: required by `std::default::Default::default`
[INFO] [stdout] 
[INFO] [stdout] 
[INFO] [stdout] error[E0277]: the trait bound `s3::awscreds::Credentials: std::default::Default` is not satisfied
[INFO] [stdout]   --> src/main.rs:13:52
[INFO] [stdout]    |
[INFO] [stdout] 13 |     let bucket = Bucket::new("minio-test", region, Default::default()).unwrap();
[INFO] [stdout]    |                                                    ^^^^^^^^^^^^^^^^^^ the trait `std::default::Default` is not implemented for `s3::awscreds::Credentials`
[INFO] [stdout]    |
[INFO] [stdout]    = note: required by `std::default::Default::default`
[INFO] [stdout] 
[INFO] [stdout] 
[INFO] [stdout] error: aborting due to 4 previous errors
[INFO] [stdout] 
[INFO] [stdout] 
[INFO] [stdout] Some errors have detailed explanations: E0277, E0554, E0599.
[INFO] [stdout] 
[INFO] [stdout] For more information about an error, try `rustc --explain E0277`.
[INFO] [stdout] 
[INFO] [stderr] error: could not compile `actix-async-test`.
[INFO] [stderr] 
[INFO] [stderr] To learn more, run the command again with --verbose.
[INFO] [stderr] warning: build failed, waiting for other jobs to finish...
[INFO] [stdout] error: aborting due to 4 previous errors
[INFO] [stdout] 
[INFO] [stdout] 
[INFO] [stdout] Some errors have detailed explanations: E0277, E0554, E0599.
[INFO] [stdout] 
[INFO] [stdout] For more information about an error, try `rustc --explain E0277`.
[INFO] [stdout] 
[INFO] [stderr] error: build failed
[INFO] running `Command { std: "docker" "inspect" "a2bb34717afd5b33db046655f20c87d1be55356fe1365624f9d764e0885da140", kill_on_drop: false }`
[INFO] running `Command { std: "docker" "rm" "-f" "a2bb34717afd5b33db046655f20c87d1be55356fe1365624f9d764e0885da140", kill_on_drop: false }`
[INFO] [stdout] a2bb34717afd5b33db046655f20c87d1be55356fe1365624f9d764e0885da140
