[INFO] cloning repository https://github.com/sproctor/colony-rust
[INFO] running `Command { std: "git" "-c" "credential.helper=" "-c" "credential.helper=/workspace/cargo-home/bin/git-credential-null" "clone" "--bare" "https://github.com/sproctor/colony-rust" "/workspace/cache/git-repos/https%3A%2F%2Fgithub.com%2Fsproctor%2Fcolony-rust", kill_on_drop: false }`
[INFO] [stderr] Cloning into bare repository '/workspace/cache/git-repos/https%3A%2F%2Fgithub.com%2Fsproctor%2Fcolony-rust'...
[INFO] running `Command { std: "git" "rev-parse" "HEAD", kill_on_drop: false }`
[INFO] [stdout] 5f9812bf1081d8be29d40116cad7c0f29c0f4a34
[INFO] checking sproctor/colony-rust against beta-2020-07-24 for pr-75494-beta
[INFO] running `Command { std: "git" "clone" "/workspace/cache/git-repos/https%3A%2F%2Fgithub.com%2Fsproctor%2Fcolony-rust" "/workspace/builds/worker-4/source", kill_on_drop: false }`
[INFO] [stderr] Cloning into '/workspace/builds/worker-4/source'...
[INFO] [stderr] done.
[INFO] validating manifest of git repo https://github.com/sproctor/colony-rust on toolchain beta-2020-07-24
[INFO] running `Command { std: "/workspace/cargo-home/bin/cargo" "+beta-2020-07-24" "read-manifest" "--manifest-path" "Cargo.toml", kill_on_drop: false }`
[INFO] started tweaking git repo https://github.com/sproctor/colony-rust
[INFO] finished tweaking git repo https://github.com/sproctor/colony-rust
[INFO] tweaked toml for git repo https://github.com/sproctor/colony-rust written to /workspace/builds/worker-4/source/Cargo.toml
[INFO] crate git repo https://github.com/sproctor/colony-rust already has a lockfile, it will not be regenerated
[INFO] running `Command { std: "/workspace/cargo-home/bin/cargo" "+beta-2020-07-24" "fetch" "--locked" "--manifest-path" "Cargo.toml", kill_on_drop: false }`
[INFO] [stderr]     Blocking waiting for file lock on package cache
[INFO] running `Command { std: "docker" "create" "-v" "/var/lib/crater-agent-workspace/builds/worker-4/target:/opt/rustwide/target:rw,Z" "-v" "/var/lib/crater-agent-workspace/builds/worker-4/source:/opt/rustwide/workdir:ro,Z" "-v" "/var/lib/crater-agent-workspace/cargo-home:/opt/rustwide/cargo-home:ro,Z" "-v" "/var/lib/crater-agent-workspace/rustup-home:/opt/rustwide/rustup-home:ro,Z" "-e" "SOURCE_DIR=/opt/rustwide/workdir" "-e" "CARGO_TARGET_DIR=/opt/rustwide/target" "-e" "CARGO_HOME=/opt/rustwide/cargo-home" "-e" "RUSTUP_HOME=/opt/rustwide/rustup-home" "-w" "/opt/rustwide/workdir" "-m" "1610612736" "--user" "0:0" "--network" "none" "rustops/crates-build-env@sha256:a636fd89d022f18117e1dc8fb37a0a009933cdbbe082814857f0e2024962d47c" "/opt/rustwide/cargo-home/bin/cargo" "+beta-2020-07-24" "metadata" "--no-deps" "--format-version=1", kill_on_drop: false }`
[INFO] [stdout] 912f8c5003a3ac5a185eaa545dfd61744031eb86f522b25451e71fd42bc21de6
[INFO] [stderr] WARNING: Your kernel does not support swap limit capabilities or the cgroup is not mounted. Memory limited without swap.
[INFO] running `Command { std: "docker" "start" "-a" "912f8c5003a3ac5a185eaa545dfd61744031eb86f522b25451e71fd42bc21de6", kill_on_drop: false }`
[INFO] running `Command { std: "docker" "inspect" "912f8c5003a3ac5a185eaa545dfd61744031eb86f522b25451e71fd42bc21de6", kill_on_drop: false }`
[INFO] running `Command { std: "docker" "rm" "-f" "912f8c5003a3ac5a185eaa545dfd61744031eb86f522b25451e71fd42bc21de6", kill_on_drop: false }`
[INFO] [stdout] 912f8c5003a3ac5a185eaa545dfd61744031eb86f522b25451e71fd42bc21de6
[INFO] running `Command { std: "docker" "create" "-v" "/var/lib/crater-agent-workspace/builds/worker-4/target:/opt/rustwide/target:rw,Z" "-v" "/var/lib/crater-agent-workspace/builds/worker-4/source:/opt/rustwide/workdir:ro,Z" "-v" "/var/lib/crater-agent-workspace/cargo-home:/opt/rustwide/cargo-home:ro,Z" "-v" "/var/lib/crater-agent-workspace/rustup-home:/opt/rustwide/rustup-home:ro,Z" "-e" "SOURCE_DIR=/opt/rustwide/workdir" "-e" "CARGO_TARGET_DIR=/opt/rustwide/target" "-e" "CARGO_INCREMENTAL=0" "-e" "RUST_BACKTRACE=full" "-e" "RUSTFLAGS=--cap-lints=forbid" "-e" "CARGO_HOME=/opt/rustwide/cargo-home" "-e" "RUSTUP_HOME=/opt/rustwide/rustup-home" "-w" "/opt/rustwide/workdir" "-m" "1610612736" "--user" "0:0" "--network" "none" "rustops/crates-build-env@sha256:a636fd89d022f18117e1dc8fb37a0a009933cdbbe082814857f0e2024962d47c" "/opt/rustwide/cargo-home/bin/cargo" "+beta-2020-07-24" "check" "--frozen" "--all" "--all-targets" "--message-format=json", kill_on_drop: false }`
[INFO] [stdout] a45a574f067109a917a4922413d8eef0eab7b99d4d8113dd23c2e5ff8bdb9f6b
[INFO] [stderr] WARNING: Your kernel does not support swap limit capabilities or the cgroup is not mounted. Memory limited without swap.
[INFO] running `Command { std: "docker" "start" "-a" "a45a574f067109a917a4922413d8eef0eab7b99d4d8113dd23c2e5ff8bdb9f6b", kill_on_drop: false }`
[INFO] [stderr]     Checking libc v0.2.28
[INFO] [stderr]     Checking cfg-if v0.1.2
[INFO] [stderr]     Checking slab v0.3.0
[INFO] [stderr]     Checking lazycell v0.5.1
[INFO] [stderr]     Checking log v0.3.8
[INFO] [stderr]     Checking iovec v0.1.0
[INFO] [stderr]     Checking net2 v0.2.30
[INFO] [stderr]     Checking mio v0.6.10
[INFO] [stderr]     Checking colony v0.1.0 (/opt/rustwide/workdir)
[INFO] [stdout] warning: unused import: `std::collections::HashMap`
[INFO] [stdout]  --> src/colony/state.rs:7:5
[INFO] [stdout]   |
[INFO] [stdout] 7 | use std::collections::HashMap;
[INFO] [stdout]   |     ^^^^^^^^^^^^^^^^^^^^^^^^^
[INFO] [stdout]   |
[INFO] [stdout]   = note: `#[warn(unused_imports)]` on by default
[INFO] [stdout] 
[INFO] [stdout] 
[INFO] [stdout] error[E0106]: missing lifetime specifier
[INFO] [stdout]   --> src/colony/state.rs:18:21
[INFO] [stdout]    |
[INFO] [stdout] 18 |     clients: Vec<Rc<Client>>,
[INFO] [stdout]    |                     ^^^^^^ expected named lifetime parameter
[INFO] [stdout]    |
[INFO] [stdout] help: consider introducing a named lifetime parameter
[INFO] [stdout]    |
[INFO] [stdout] 14 | pub struct GameState<'a> {
[INFO] [stdout] 15 |     world: Vec<Room>,
[INFO] [stdout] 16 |     time: u64,
[INFO] [stdout] 17 |     wizlock: bool,
[INFO] [stdout] 18 |     clients: Vec<Rc<Client<'a>>>,
[INFO] [stdout]    |
[INFO] [stdout] 
[INFO] [stdout] 
[INFO] [stdout] warning: unused import: `std::collections::HashMap`
[INFO] [stdout]  --> src/colony/state.rs:7:5
[INFO] [stdout]   |
[INFO] [stdout] 7 | use std::collections::HashMap;
[INFO] [stdout]   |     ^^^^^^^^^^^^^^^^^^^^^^^^^
[INFO] [stdout]   |
[INFO] [stdout]   = note: `#[warn(unused_imports)]` on by default
[INFO] [stdout] 
[INFO] [stdout] 
[INFO] [stdout] error[E0106]: missing lifetime specifier
[INFO] [stdout]   --> src/colony/state.rs:18:21
[INFO] [stdout]    |
[INFO] [stdout] 18 |     clients: Vec<Rc<Client>>,
[INFO] [stdout]    |                     ^^^^^^ expected named lifetime parameter
[INFO] [stdout]    |
[INFO] [stdout] help: consider introducing a named lifetime parameter
[INFO] [stdout]    |
[INFO] [stdout] 14 | pub struct GameState<'a> {
[INFO] [stdout] 15 |     world: Vec<Room>,
[INFO] [stdout] 16 |     time: u64,
[INFO] [stdout] 17 |     wizlock: bool,
[INFO] [stdout] 18 |     clients: Vec<Rc<Client<'a>>>,
[INFO] [stdout]    |
[INFO] [stdout] 
[INFO] [stdout] 
[INFO] [stdout] error[E0392]: parameter `'a` is never used
[INFO] [stdout]   --> src/colony/state.rs:75:19
[INFO] [stdout]    |
[INFO] [stdout] 75 | pub struct Client<'a> {
[INFO] [stdout]    |                   ^^ unused parameter
[INFO] [stdout]    |
[INFO] [stdout]    = help: consider removing `'a`, referring to it in a field, or using a marker such as `std::marker::PhantomData`
[INFO] [stdout] 
[INFO] [stdout] 
[INFO] [stdout] error: aborting due to 2 previous errors; 1 warning emitted
[INFO] [stdout] 
[INFO] [stdout] 
[INFO] [stdout] Some errors have detailed explanations: E0106, E0392.
[INFO] [stdout] 
[INFO] [stdout] For more information about an error, try `rustc --explain E0106`.
[INFO] [stdout] 
[INFO] [stdout] error[E0392]: parameter `'a` is never used
[INFO] [stdout]   --> src/colony/state.rs:75:19
[INFO] [stdout]    |
[INFO] [stdout] 75 | pub struct Client<'a> {
[INFO] [stdout]    |                   ^^ unused parameter
[INFO] [stdout]    |
[INFO] [stdout]    = help: consider removing `'a`, referring to it in a field, or using a marker such as `std::marker::PhantomData`
[INFO] [stdout] 
[INFO] [stdout] 
[INFO] [stderr] error: could not compile `colony`.
[INFO] [stderr] 
[INFO] [stderr] To learn more, run the command again with --verbose.
[INFO] [stderr] warning: build failed, waiting for other jobs to finish...
[INFO] [stdout] error: aborting due to 2 previous errors; 1 warning emitted
[INFO] [stdout] 
[INFO] [stdout] 
[INFO] [stdout] Some errors have detailed explanations: E0106, E0392.
[INFO] [stdout] 
[INFO] [stdout] For more information about an error, try `rustc --explain E0106`.
[INFO] [stdout] 
[INFO] [stderr] error: build failed
[INFO] running `Command { std: "docker" "inspect" "a45a574f067109a917a4922413d8eef0eab7b99d4d8113dd23c2e5ff8bdb9f6b", kill_on_drop: false }`
[INFO] running `Command { std: "docker" "rm" "-f" "a45a574f067109a917a4922413d8eef0eab7b99d4d8113dd23c2e5ff8bdb9f6b", kill_on_drop: false }`
[INFO] [stdout] a45a574f067109a917a4922413d8eef0eab7b99d4d8113dd23c2e5ff8bdb9f6b
