[INFO] cloning repository https://github.com/soutokevin/lp
[INFO] running `Command { std: "git" "-c" "credential.helper=" "-c" "credential.helper=/workspace/cargo-home/bin/git-credential-null" "clone" "--bare" "https://github.com/soutokevin/lp" "/workspace/cache/git-repos/https%3A%2F%2Fgithub.com%2Fsoutokevin%2Flp", kill_on_drop: false }`
[INFO] [stderr] Cloning into bare repository '/workspace/cache/git-repos/https%3A%2F%2Fgithub.com%2Fsoutokevin%2Flp'...
[INFO] running `Command { std: "git" "rev-parse" "HEAD", kill_on_drop: false }`
[INFO] [stdout] 83f78ead28eca026ed5d691825e7ab4a14391dca
[INFO] checking soutokevin/lp against beta-2020-07-24 for pr-75494-beta
[INFO] running `Command { std: "git" "clone" "/workspace/cache/git-repos/https%3A%2F%2Fgithub.com%2Fsoutokevin%2Flp" "/workspace/builds/worker-4/source", kill_on_drop: false }`
[INFO] [stderr] Cloning into '/workspace/builds/worker-4/source'...
[INFO] [stderr] done.
[INFO] validating manifest of git repo https://github.com/soutokevin/lp on toolchain beta-2020-07-24
[INFO] running `Command { std: "/workspace/cargo-home/bin/cargo" "+beta-2020-07-24" "read-manifest" "--manifest-path" "Cargo.toml", kill_on_drop: false }`
[INFO] started tweaking git repo https://github.com/soutokevin/lp
[INFO] finished tweaking git repo https://github.com/soutokevin/lp
[INFO] tweaked toml for git repo https://github.com/soutokevin/lp written to /workspace/builds/worker-4/source/Cargo.toml
[INFO] crate git repo https://github.com/soutokevin/lp already has a lockfile, it will not be regenerated
[INFO] running `Command { std: "/workspace/cargo-home/bin/cargo" "+beta-2020-07-24" "fetch" "--locked" "--manifest-path" "Cargo.toml", kill_on_drop: false }`
[INFO] running `Command { std: "docker" "create" "-v" "/var/lib/crater-agent-workspace/builds/worker-4/target:/opt/rustwide/target:rw,Z" "-v" "/var/lib/crater-agent-workspace/builds/worker-4/source:/opt/rustwide/workdir:ro,Z" "-v" "/var/lib/crater-agent-workspace/cargo-home:/opt/rustwide/cargo-home:ro,Z" "-v" "/var/lib/crater-agent-workspace/rustup-home:/opt/rustwide/rustup-home:ro,Z" "-e" "SOURCE_DIR=/opt/rustwide/workdir" "-e" "CARGO_TARGET_DIR=/opt/rustwide/target" "-e" "CARGO_HOME=/opt/rustwide/cargo-home" "-e" "RUSTUP_HOME=/opt/rustwide/rustup-home" "-w" "/opt/rustwide/workdir" "-m" "1610612736" "--user" "0:0" "--network" "none" "rustops/crates-build-env@sha256:a636fd89d022f18117e1dc8fb37a0a009933cdbbe082814857f0e2024962d47c" "/opt/rustwide/cargo-home/bin/cargo" "+beta-2020-07-24" "metadata" "--no-deps" "--format-version=1", kill_on_drop: false }`
[INFO] [stdout] a3e531a3e2c00100cae22a259fbb4611a41903335ee1338c83e5e279bd1d0809
[INFO] [stderr] WARNING: Your kernel does not support swap limit capabilities or the cgroup is not mounted. Memory limited without swap.
[INFO] running `Command { std: "docker" "start" "-a" "a3e531a3e2c00100cae22a259fbb4611a41903335ee1338c83e5e279bd1d0809", kill_on_drop: false }`
[INFO] running `Command { std: "docker" "inspect" "a3e531a3e2c00100cae22a259fbb4611a41903335ee1338c83e5e279bd1d0809", kill_on_drop: false }`
[INFO] running `Command { std: "docker" "rm" "-f" "a3e531a3e2c00100cae22a259fbb4611a41903335ee1338c83e5e279bd1d0809", kill_on_drop: false }`
[INFO] [stdout] a3e531a3e2c00100cae22a259fbb4611a41903335ee1338c83e5e279bd1d0809
[INFO] running `Command { std: "docker" "create" "-v" "/var/lib/crater-agent-workspace/builds/worker-4/target:/opt/rustwide/target:rw,Z" "-v" "/var/lib/crater-agent-workspace/builds/worker-4/source:/opt/rustwide/workdir:ro,Z" "-v" "/var/lib/crater-agent-workspace/cargo-home:/opt/rustwide/cargo-home:ro,Z" "-v" "/var/lib/crater-agent-workspace/rustup-home:/opt/rustwide/rustup-home:ro,Z" "-e" "SOURCE_DIR=/opt/rustwide/workdir" "-e" "CARGO_TARGET_DIR=/opt/rustwide/target" "-e" "CARGO_INCREMENTAL=0" "-e" "RUST_BACKTRACE=full" "-e" "RUSTFLAGS=--cap-lints=forbid" "-e" "CARGO_HOME=/opt/rustwide/cargo-home" "-e" "RUSTUP_HOME=/opt/rustwide/rustup-home" "-w" "/opt/rustwide/workdir" "-m" "1610612736" "--user" "0:0" "--network" "none" "rustops/crates-build-env@sha256:a636fd89d022f18117e1dc8fb37a0a009933cdbbe082814857f0e2024962d47c" "/opt/rustwide/cargo-home/bin/cargo" "+beta-2020-07-24" "check" "--frozen" "--all" "--all-targets" "--message-format=json", kill_on_drop: false }`
[INFO] [stdout] 8ac34a6f6e9fdad4714cb17c05826541854db4c6f10de3129dd72360d4b5864e
[INFO] [stderr] WARNING: Your kernel does not support swap limit capabilities or the cgroup is not mounted. Memory limited without swap.
[INFO] running `Command { std: "docker" "start" "-a" "8ac34a6f6e9fdad4714cb17c05826541854db4c6f10de3129dd72360d4b5864e", kill_on_drop: false }`
[INFO] [stderr]    Compiling unicode-xid v0.1.0
[INFO] [stderr]    Compiling serde v1.0.66
[INFO] [stderr]    Compiling wasm-bindgen-shared v0.2.11
[INFO] [stderr]    Compiling itoa v0.4.1
[INFO] [stderr]     Checking kamadak-exif v0.3.1
[INFO] [stderr]    Compiling proc-macro2 v0.4.6
[INFO] [stdout] error[E0554]: `#![feature]` may not be used on the beta release channel
[INFO] [stdout]   --> /opt/rustwide/cargo-home/registry/src/github.com-1ecc6299db9ec823/proc-macro2-0.4.6/src/lib.rs:47:34
[INFO] [stdout]    |
[INFO] [stdout] 47 | #![cfg_attr(feature = "nightly", feature(proc_macro))]
[INFO] [stdout]    |                                  ^^^^^^^^^^^^^^^^^^^
[INFO] [stdout] 
[INFO] [stdout] 
[INFO] [stdout] error[E0658]: use of unstable library feature 'proc_macro_span'
[INFO] [stdout]    --> /opt/rustwide/cargo-home/registry/src/github.com-1ecc6299db9ec823/proc-macro2-0.4.6/src/unstable.rs:284:13
[INFO] [stdout]     |
[INFO] [stdout] 284 |     Nightly(proc_macro::SourceFile, FileName),
[INFO] [stdout]     |             ^^^^^^^^^^^^^^^^^^^^^^
[INFO] [stdout]     |
[INFO] [stdout]     = note: see issue #54725 <https://github.com/rust-lang/rust/issues/54725> for more information
[INFO] [stdout] 
[INFO] [stdout] 
[INFO] [stdout] error[E0658]: use of unstable library feature 'proc_macro_span'
[INFO] [stdout]    --> /opt/rustwide/cargo-home/registry/src/github.com-1ecc6299db9ec823/proc-macro2-0.4.6/src/unstable.rs:289:20
[INFO] [stdout]     |
[INFO] [stdout] 289 |     fn nightly(sf: proc_macro::SourceFile) -> Self {
[INFO] [stdout]     |                    ^^^^^^^^^^^^^^^^^^^^^^
[INFO] [stdout]     |
[INFO] [stdout]     = note: see issue #54725 <https://github.com/rust-lang/rust/issues/54725> for more information
[INFO] [stdout] 
[INFO] [stdout] 
[INFO] [stdout] error[E0658]: use of unstable library feature 'proc_macro_span'
[INFO] [stdout]    --> /opt/rustwide/cargo-home/registry/src/github.com-1ecc6299db9ec823/proc-macro2-0.4.6/src/unstable.rs:290:45
[INFO] [stdout]     |
[INFO] [stdout] 290 |         let filename = stable::file_name(sf.path().to_string());
[INFO] [stdout]     |                                             ^^^^
[INFO] [stdout]     |
[INFO] [stdout]     = note: see issue #54725 <https://github.com/rust-lang/rust/issues/54725> for more information
[INFO] [stdout] 
[INFO] [stdout] 
[INFO] [stdout] error[E0599]: no method named `to_string` found for struct `std::path::PathBuf` in the current scope
[INFO] [stdout]     --> /opt/rustwide/cargo-home/registry/src/github.com-1ecc6299db9ec823/proc-macro2-0.4.6/src/unstable.rs:290:52
[INFO] [stdout]      |
[INFO] [stdout] 290  |           let filename = stable::file_name(sf.path().to_string());
[INFO] [stdout]      |                                                      ^^^^^^^^^ help: there is an associated function with a similar name: `to_str`
[INFO] [stdout]      |
[INFO] [stdout]      = note: the method `to_string` exists but the following trait bounds were not satisfied:
[INFO] [stdout]              `std::path::PathBuf: std::fmt::Display`
[INFO] [stdout]              which is required by `std::path::PathBuf: std::string::ToString`
[INFO] [stdout]              `std::path::Path: std::fmt::Display`
[INFO] [stdout]              which is required by `std::path::Path: std::string::ToString`
[INFO] [stdout] 
[INFO] [stdout] 
[INFO] [stdout] error[E0658]: use of unstable library feature 'proc_macro_span'
[INFO] [stdout]    --> /opt/rustwide/cargo-home/registry/src/github.com-1ecc6299db9ec823/proc-macro2-0.4.6/src/unstable.rs:304:44
[INFO] [stdout]     |
[INFO] [stdout] 304 |             SourceFile::Nightly(a, _) => a.is_real(),
[INFO] [stdout]     |                                            ^^^^^^^
[INFO] [stdout]     |
[INFO] [stdout]     = note: see issue #54725 <https://github.com/rust-lang/rust/issues/54725> for more information
[INFO] [stdout] 
[INFO] [stdout] 
[INFO] [stdout] error[E0658]: use of unstable library feature 'proc_macro_def_site'
[INFO] [stdout]    --> /opt/rustwide/cargo-home/registry/src/github.com-1ecc6299db9ec823/proc-macro2-0.4.6/src/unstable.rs:347:27
[INFO] [stdout]     |
[INFO] [stdout] 347 |             Span::Nightly(proc_macro::Span::def_site())
[INFO] [stdout]     |                           ^^^^^^^^^^^^^^^^^^^^^^^^^^
[INFO] [stdout]     |
[INFO] [stdout]     = note: see issue #54724 <https://github.com/rust-lang/rust/issues/54724> for more information
[INFO] [stdout] 
[INFO] [stdout] 
[INFO] [stdout] error[E0658]: use of unstable library feature 'proc_macro_span'
[INFO] [stdout]    --> /opt/rustwide/cargo-home/registry/src/github.com-1ecc6299db9ec823/proc-macro2-0.4.6/src/unstable.rs:424:55
[INFO] [stdout]     |
[INFO] [stdout] 424 |             (Span::Nightly(a), Span::Nightly(b)) => a.eq(b),
[INFO] [stdout]     |                                                       ^^
[INFO] [stdout]     |
[INFO] [stdout]     = note: see issue #54725 <https://github.com/rust-lang/rust/issues/54725> for more information
[INFO] [stdout] 
[INFO] [stdout] 
[INFO] [stdout] error[E0658]: use of unstable library feature 'proc_macro_raw_ident'
[INFO] [stdout]    --> /opt/rustwide/cargo-home/registry/src/github.com-1ecc6299db9ec823/proc-macro2-0.4.6/src/unstable.rs:475:48
[INFO] [stdout]     |
[INFO] [stdout] 475 |             Span::Nightly(s) => Ident::Nightly(proc_macro::Ident::new_raw(string, s)),
[INFO] [stdout]     |                                                ^^^^^^^^^^^^^^^^^^^^^^^^^^
[INFO] [stdout]     |
[INFO] [stdout]     = note: see issue #54723 <https://github.com/rust-lang/rust/issues/54723> for more information
[INFO] [stdout] 
[INFO] [stdout] 
[INFO] [stdout] error: aborting due to 9 previous errors
[INFO] [stdout] 
[INFO] [stdout] 
[INFO] [stdout] Some errors have detailed explanations: E0554, E0599, E0658.
[INFO] [stdout] 
[INFO] [stdout] For more information about an error, try `rustc --explain E0554`.
[INFO] [stdout] 
[INFO] [stderr] error: could not compile `proc-macro2`.
[INFO] [stderr] 
[INFO] [stderr] To learn more, run the command again with --verbose.
[INFO] [stderr] warning: build failed, waiting for other jobs to finish...
[INFO] [stderr] error: build failed
[INFO] running `Command { std: "docker" "inspect" "8ac34a6f6e9fdad4714cb17c05826541854db4c6f10de3129dd72360d4b5864e", kill_on_drop: false }`
[INFO] running `Command { std: "docker" "rm" "-f" "8ac34a6f6e9fdad4714cb17c05826541854db4c6f10de3129dd72360d4b5864e", kill_on_drop: false }`
[INFO] [stdout] 8ac34a6f6e9fdad4714cb17c05826541854db4c6f10de3129dd72360d4b5864e
