[INFO] cloning repository https://github.com/snowmantw/risp
[INFO] running `Command { std: "git" "-c" "credential.helper=" "-c" "credential.helper=/workspace/cargo-home/bin/git-credential-null" "clone" "--bare" "https://github.com/snowmantw/risp" "/workspace/cache/git-repos/https%3A%2F%2Fgithub.com%2Fsnowmantw%2Frisp", kill_on_drop: false }`
[INFO] [stderr] Cloning into bare repository '/workspace/cache/git-repos/https%3A%2F%2Fgithub.com%2Fsnowmantw%2Frisp'...
[INFO] running `Command { std: "git" "rev-parse" "HEAD", kill_on_drop: false }`
[INFO] [stdout] 706812c5aad9927836a02937e3e581da778ba4de
[INFO] checking snowmantw/risp against beta-2020-07-24 for pr-75494-beta
[INFO] running `Command { std: "git" "clone" "/workspace/cache/git-repos/https%3A%2F%2Fgithub.com%2Fsnowmantw%2Frisp" "/workspace/builds/worker-8/source", kill_on_drop: false }`
[INFO] [stderr] Cloning into '/workspace/builds/worker-8/source'...
[INFO] [stderr] done.
[INFO] validating manifest of git repo https://github.com/snowmantw/risp on toolchain beta-2020-07-24
[INFO] running `Command { std: "/workspace/cargo-home/bin/cargo" "+beta-2020-07-24" "read-manifest" "--manifest-path" "Cargo.toml", kill_on_drop: false }`
[INFO] started tweaking git repo https://github.com/snowmantw/risp
[INFO] removed path dependency nodes from git repo https://github.com/snowmantw/risp
[INFO] finished tweaking git repo https://github.com/snowmantw/risp
[INFO] tweaked toml for git repo https://github.com/snowmantw/risp written to /workspace/builds/worker-8/source/Cargo.toml
[INFO] crate git repo https://github.com/snowmantw/risp already has a lockfile, it will not be regenerated
[INFO] running `Command { std: "/workspace/cargo-home/bin/cargo" "+beta-2020-07-24" "fetch" "--locked" "--manifest-path" "Cargo.toml", kill_on_drop: false }`
[INFO] [stderr] warning: dependency (nodes) specified without providing a local path, Git repository, or version to use. This will be considered an error in future versions
[INFO] [stderr]     Updating crates.io index
[INFO] [stderr] error: the lock file /workspace/builds/worker-8/source/Cargo.lock needs to be updated but --locked was passed to prevent this
[INFO] [stderr] If you want to try to generate the lock file without accessing the network, use the --offline flag.
[INFO] the lockfile is outdated, regenerating it
[INFO] running `Command { std: "/workspace/cargo-home/bin/cargo" "+beta-2020-07-24" "generate-lockfile" "--manifest-path" "Cargo.toml" "-Zno-index-update", kill_on_drop: false }`
[INFO] [stderr]     Blocking waiting for file lock on package cache
[INFO] running `Command { std: "/workspace/cargo-home/bin/cargo" "+beta-2020-07-24" "fetch" "--locked" "--manifest-path" "Cargo.toml", kill_on_drop: false }`
[INFO] [stderr] warning: dependency (nodes) specified without providing a local path, Git repository, or version to use. This will be considered an error in future versions
[INFO] running `Command { std: "docker" "create" "-v" "/var/lib/crater-agent-workspace/builds/worker-8/target:/opt/rustwide/target:rw,Z" "-v" "/var/lib/crater-agent-workspace/builds/worker-8/source:/opt/rustwide/workdir:ro,Z" "-v" "/var/lib/crater-agent-workspace/cargo-home:/opt/rustwide/cargo-home:ro,Z" "-v" "/var/lib/crater-agent-workspace/rustup-home:/opt/rustwide/rustup-home:ro,Z" "-e" "SOURCE_DIR=/opt/rustwide/workdir" "-e" "CARGO_TARGET_DIR=/opt/rustwide/target" "-e" "CARGO_HOME=/opt/rustwide/cargo-home" "-e" "RUSTUP_HOME=/opt/rustwide/rustup-home" "-w" "/opt/rustwide/workdir" "-m" "1610612736" "--user" "0:0" "--network" "none" "rustops/crates-build-env@sha256:a636fd89d022f18117e1dc8fb37a0a009933cdbbe082814857f0e2024962d47c" "/opt/rustwide/cargo-home/bin/cargo" "+beta-2020-07-24" "metadata" "--no-deps" "--format-version=1", kill_on_drop: false }`
[INFO] [stdout] 58a362c9186536507c1bdd0d97825c51494757d77883b0fd5afd668d3a0c32ae
[INFO] [stderr] WARNING: Your kernel does not support swap limit capabilities or the cgroup is not mounted. Memory limited without swap.
[INFO] running `Command { std: "docker" "start" "-a" "58a362c9186536507c1bdd0d97825c51494757d77883b0fd5afd668d3a0c32ae", kill_on_drop: false }`
[INFO] running `Command { std: "docker" "inspect" "58a362c9186536507c1bdd0d97825c51494757d77883b0fd5afd668d3a0c32ae", kill_on_drop: false }`
[INFO] running `Command { std: "docker" "rm" "-f" "58a362c9186536507c1bdd0d97825c51494757d77883b0fd5afd668d3a0c32ae", kill_on_drop: false }`
[INFO] [stdout] 58a362c9186536507c1bdd0d97825c51494757d77883b0fd5afd668d3a0c32ae
[INFO] running `Command { std: "docker" "create" "-v" "/var/lib/crater-agent-workspace/builds/worker-8/target:/opt/rustwide/target:rw,Z" "-v" "/var/lib/crater-agent-workspace/builds/worker-8/source:/opt/rustwide/workdir:ro,Z" "-v" "/var/lib/crater-agent-workspace/cargo-home:/opt/rustwide/cargo-home:ro,Z" "-v" "/var/lib/crater-agent-workspace/rustup-home:/opt/rustwide/rustup-home:ro,Z" "-e" "SOURCE_DIR=/opt/rustwide/workdir" "-e" "CARGO_TARGET_DIR=/opt/rustwide/target" "-e" "CARGO_INCREMENTAL=0" "-e" "RUST_BACKTRACE=full" "-e" "RUSTFLAGS=--cap-lints=forbid" "-e" "CARGO_HOME=/opt/rustwide/cargo-home" "-e" "RUSTUP_HOME=/opt/rustwide/rustup-home" "-w" "/opt/rustwide/workdir" "-m" "1610612736" "--user" "0:0" "--network" "none" "rustops/crates-build-env@sha256:a636fd89d022f18117e1dc8fb37a0a009933cdbbe082814857f0e2024962d47c" "/opt/rustwide/cargo-home/bin/cargo" "+beta-2020-07-24" "check" "--frozen" "--all" "--all-targets" "--message-format=json", kill_on_drop: false }`
[INFO] [stdout] 4a3c74b6b3315daabe4249e6f6ac548cddeeac2393b114edcf9987cafe307c03
[INFO] [stderr] WARNING: Your kernel does not support swap limit capabilities or the cgroup is not mounted. Memory limited without swap.
[INFO] running `Command { std: "docker" "start" "-a" "4a3c74b6b3315daabe4249e6f6ac548cddeeac2393b114edcf9987cafe307c03", kill_on_drop: false }`
[INFO] [stderr] warning: dependency (nodes) specified without providing a local path, Git repository, or version to use. This will be considered an error in future versions
[INFO] [stderr]    Compiling libc v0.2.76
[INFO] [stderr]    Compiling unicode-xid v0.2.1
[INFO] [stderr]    Compiling memchr v2.3.3
[INFO] [stderr]    Compiling serde v1.0.115
[INFO] [stderr]    Compiling bitflags v1.2.1
[INFO] [stderr]     Checking lazy_static v1.4.0
[INFO] [stderr]    Compiling regex v0.2.11
[INFO] [stderr]     Checking unicode-width v0.1.8
[INFO] [stderr]     Checking vec_map v0.8.2
[INFO] [stderr]     Checking ansi_term v0.11.0
[INFO] [stderr]     Checking utf8-ranges v1.0.4
[INFO] [stderr]     Checking strsim v0.8.0
[INFO] [stderr]     Checking textwrap v0.11.0
[INFO] [stderr]     Checking thread_local v0.3.6
[INFO] [stderr]    Compiling proc-macro2 v1.0.19
[INFO] [stderr]    Compiling quote v1.0.7
[INFO] [stderr]     Checking aho-corasick v0.6.10
[INFO] [stderr]    Compiling syn v1.0.39
[INFO] [stderr]     Checking memchr v1.0.2
[INFO] [stderr]     Checking atty v0.2.14
[INFO] [stderr]     Checking time v0.1.43
[INFO] [stderr]     Checking clap v2.33.3
[INFO] [stderr]     Checking nom v3.2.1
[INFO] [stderr]    Compiling serde_derive v1.0.115
[INFO] [stderr]     Checking toml v0.4.10
[INFO] [stderr]     Checking nodes v0.1.0
[INFO] [stderr]     Checking risp v0.1.0 (/opt/rustwide/workdir)
[INFO] [stdout] error[E0432]: unresolved import `nodes::number`
[INFO] [stdout]   --> src/main.rs:14:5
[INFO] [stdout]    |
[INFO] [stdout] 14 | use nodes::number;
[INFO] [stdout]    |     ^^^^^^^^^^^^^ no `number` in the root
[INFO] [stdout] 
[INFO] [stdout] 
[INFO] [stdout] error[E0432]: unresolved import `nodes::list`
[INFO] [stdout]   --> src/main.rs:15:5
[INFO] [stdout]    |
[INFO] [stdout] 15 | use nodes::list;
[INFO] [stdout]    |     ^^^^^^^^^^^ no `list` in the root
[INFO] [stdout] 
[INFO] [stdout] 
[INFO] [stdout] error[E0560]: struct `nodes::Node<'_, '_>` has no field named `text`
[INFO] [stdout]   --> src/main.rs:46:17
[INFO] [stdout]    |
[INFO] [stdout] 46 |                 text: str_ch.to_string()
[INFO] [stdout]    |                 ^^^^ `nodes::Node<'_, '_>` does not have this field
[INFO] [stdout] 
[INFO] [stdout] 
[INFO] [stdout] error[E0560]: struct `nodes::Node<'_, '_>` has no field named `text`
[INFO] [stdout]   --> src/main.rs:53:17
[INFO] [stdout]    |
[INFO] [stdout] 53 |                 text: str_ch.to_string()
[INFO] [stdout]    |                 ^^^^ `nodes::Node<'_, '_>` does not have this field
[INFO] [stdout] 
[INFO] [stdout] 
[INFO] [stdout] error[E0560]: struct `nodes::Node<'_, '_>` has no field named `text`
[INFO] [stdout]   --> src/main.rs:60:17
[INFO] [stdout]    |
[INFO] [stdout] 60 |                 text: str_ch.to_string()
[INFO] [stdout]    |                 ^^^^ `nodes::Node<'_, '_>` does not have this field
[INFO] [stdout] 
[INFO] [stdout] 
[INFO] [stdout] error: aborting due to 5 previous errors
[INFO] [stdout] 
[INFO] [stdout] 
[INFO] [stdout] Some errors have detailed explanations: E0432, E0560.
[INFO] [stdout] 
[INFO] [stdout] For more information about an error, try `rustc --explain E0432`.
[INFO] [stdout] 
[INFO] [stdout] error[E0432]: unresolved import `nodes::number`
[INFO] [stdout]   --> src/main.rs:14:5
[INFO] [stdout]    |
[INFO] [stdout] 14 | use nodes::number;
[INFO] [stdout]    |     ^^^^^^^^^^^^^ no `number` in the root
[INFO] [stdout] 
[INFO] [stdout] 
[INFO] [stdout] error[E0432]: unresolved import `nodes::list`
[INFO] [stdout]   --> src/main.rs:15:5
[INFO] [stdout]    |
[INFO] [stdout] 15 | use nodes::list;
[INFO] [stdout]    |     ^^^^^^^^^^^ no `list` in the root
[INFO] [stdout] 
[INFO] [stdout] 
[INFO] [stderr] error: could not compile `risp`.
[INFO] [stderr] 
[INFO] [stderr] To learn more, run the command again with --verbose.
[INFO] [stderr] warning: build failed, waiting for other jobs to finish...
[INFO] [stdout] error[E0560]: struct `nodes::Node<'_, '_>` has no field named `text`
[INFO] [stdout]   --> src/main.rs:46:17
[INFO] [stdout]    |
[INFO] [stdout] 46 |                 text: str_ch.to_string()
[INFO] [stdout]    |                 ^^^^ `nodes::Node<'_, '_>` does not have this field
[INFO] [stdout] 
[INFO] [stdout] 
[INFO] [stdout] error[E0560]: struct `nodes::Node<'_, '_>` has no field named `text`
[INFO] [stdout]   --> src/main.rs:53:17
[INFO] [stdout]    |
[INFO] [stdout] 53 |                 text: str_ch.to_string()
[INFO] [stdout]    |                 ^^^^ `nodes::Node<'_, '_>` does not have this field
[INFO] [stdout] 
[INFO] [stdout] 
[INFO] [stdout] error[E0560]: struct `nodes::Node<'_, '_>` has no field named `text`
[INFO] [stdout]   --> src/main.rs:60:17
[INFO] [stdout]    |
[INFO] [stdout] 60 |                 text: str_ch.to_string()
[INFO] [stdout]    |                 ^^^^ `nodes::Node<'_, '_>` does not have this field
[INFO] [stdout] 
[INFO] [stdout] 
[INFO] [stdout] error: aborting due to 5 previous errors
[INFO] [stdout] 
[INFO] [stdout] 
[INFO] [stdout] Some errors have detailed explanations: E0432, E0560.
[INFO] [stdout] 
[INFO] [stdout] For more information about an error, try `rustc --explain E0432`.
[INFO] [stdout] 
[INFO] [stderr] error: build failed
[INFO] running `Command { std: "docker" "inspect" "4a3c74b6b3315daabe4249e6f6ac548cddeeac2393b114edcf9987cafe307c03", kill_on_drop: false }`
[INFO] running `Command { std: "docker" "rm" "-f" "4a3c74b6b3315daabe4249e6f6ac548cddeeac2393b114edcf9987cafe307c03", kill_on_drop: false }`
[INFO] [stdout] 4a3c74b6b3315daabe4249e6f6ac548cddeeac2393b114edcf9987cafe307c03
