[INFO] cloning repository https://github.com/smallB007/ac_X
[INFO] running `Command { std: "git" "-c" "credential.helper=" "-c" "credential.helper=/workspace/cargo-home/bin/git-credential-null" "clone" "--bare" "https://github.com/smallB007/ac_X" "/workspace/cache/git-repos/https%3A%2F%2Fgithub.com%2FsmallB007%2Fac_X", kill_on_drop: false }`
[INFO] [stderr] Cloning into bare repository '/workspace/cache/git-repos/https%3A%2F%2Fgithub.com%2FsmallB007%2Fac_X'...
[INFO] running `Command { std: "git" "rev-parse" "HEAD", kill_on_drop: false }`
[INFO] [stdout] 6504f8bf721638115e7b7f345e2231ad72c66b0c
[INFO] checking smallB007/ac_X against beta-2020-07-24 for pr-75494-beta
[INFO] running `Command { std: "git" "clone" "/workspace/cache/git-repos/https%3A%2F%2Fgithub.com%2FsmallB007%2Fac_X" "/workspace/builds/worker-11/source", kill_on_drop: false }`
[INFO] [stderr] Cloning into '/workspace/builds/worker-11/source'...
[INFO] [stderr] done.
[INFO] validating manifest of git repo https://github.com/smallB007/ac_X on toolchain beta-2020-07-24
[INFO] running `Command { std: "/workspace/cargo-home/bin/cargo" "+beta-2020-07-24" "read-manifest" "--manifest-path" "Cargo.toml", kill_on_drop: false }`
[INFO] started tweaking git repo https://github.com/smallB007/ac_X
[INFO] finished tweaking git repo https://github.com/smallB007/ac_X
[INFO] tweaked toml for git repo https://github.com/smallB007/ac_X written to /workspace/builds/worker-11/source/Cargo.toml
[INFO] crate git repo https://github.com/smallB007/ac_X already has a lockfile, it will not be regenerated
[INFO] running `Command { std: "/workspace/cargo-home/bin/cargo" "+beta-2020-07-24" "fetch" "--locked" "--manifest-path" "Cargo.toml", kill_on_drop: false }`
[INFO] [stderr] warning: dependency (cursive) specified without providing a local path, Git repository, or version to use. This will be considered an error in future versions
[INFO] [stderr] warning: unused manifest key: dependencies.cursive.crossterm
[INFO] [stderr] warning: unused manifest key: dependencies.cursive.cursive
[INFO] running `Command { std: "docker" "create" "-v" "/var/lib/crater-agent-workspace/builds/worker-11/target:/opt/rustwide/target:rw,Z" "-v" "/var/lib/crater-agent-workspace/builds/worker-11/source:/opt/rustwide/workdir:ro,Z" "-v" "/var/lib/crater-agent-workspace/cargo-home:/opt/rustwide/cargo-home:ro,Z" "-v" "/var/lib/crater-agent-workspace/rustup-home:/opt/rustwide/rustup-home:ro,Z" "-e" "SOURCE_DIR=/opt/rustwide/workdir" "-e" "CARGO_TARGET_DIR=/opt/rustwide/target" "-e" "CARGO_HOME=/opt/rustwide/cargo-home" "-e" "RUSTUP_HOME=/opt/rustwide/rustup-home" "-w" "/opt/rustwide/workdir" "-m" "1610612736" "--user" "0:0" "--network" "none" "rustops/crates-build-env@sha256:a636fd89d022f18117e1dc8fb37a0a009933cdbbe082814857f0e2024962d47c" "/opt/rustwide/cargo-home/bin/cargo" "+beta-2020-07-24" "metadata" "--no-deps" "--format-version=1", kill_on_drop: false }`
[INFO] [stdout] c23bc517124ed9472729e6a062933123799cd3fb594623ef0ba426effbfd35eb
[INFO] [stderr] WARNING: Your kernel does not support swap limit capabilities or the cgroup is not mounted. Memory limited without swap.
[INFO] running `Command { std: "docker" "start" "-a" "c23bc517124ed9472729e6a062933123799cd3fb594623ef0ba426effbfd35eb", kill_on_drop: false }`
[INFO] running `Command { std: "docker" "inspect" "c23bc517124ed9472729e6a062933123799cd3fb594623ef0ba426effbfd35eb", kill_on_drop: false }`
[INFO] running `Command { std: "docker" "rm" "-f" "c23bc517124ed9472729e6a062933123799cd3fb594623ef0ba426effbfd35eb", kill_on_drop: false }`
[INFO] [stdout] c23bc517124ed9472729e6a062933123799cd3fb594623ef0ba426effbfd35eb
[INFO] running `Command { std: "docker" "create" "-v" "/var/lib/crater-agent-workspace/builds/worker-11/target:/opt/rustwide/target:rw,Z" "-v" "/var/lib/crater-agent-workspace/builds/worker-11/source:/opt/rustwide/workdir:ro,Z" "-v" "/var/lib/crater-agent-workspace/cargo-home:/opt/rustwide/cargo-home:ro,Z" "-v" "/var/lib/crater-agent-workspace/rustup-home:/opt/rustwide/rustup-home:ro,Z" "-e" "SOURCE_DIR=/opt/rustwide/workdir" "-e" "CARGO_TARGET_DIR=/opt/rustwide/target" "-e" "CARGO_INCREMENTAL=0" "-e" "RUST_BACKTRACE=full" "-e" "RUSTFLAGS=--cap-lints=forbid" "-e" "CARGO_HOME=/opt/rustwide/cargo-home" "-e" "RUSTUP_HOME=/opt/rustwide/rustup-home" "-w" "/opt/rustwide/workdir" "-m" "1610612736" "--user" "0:0" "--network" "none" "rustops/crates-build-env@sha256:a636fd89d022f18117e1dc8fb37a0a009933cdbbe082814857f0e2024962d47c" "/opt/rustwide/cargo-home/bin/cargo" "+beta-2020-07-24" "check" "--frozen" "--all" "--all-targets" "--message-format=json", kill_on_drop: false }`
[INFO] [stderr] WARNING: Your kernel does not support swap limit capabilities or the cgroup is not mounted. Memory limited without swap.
[INFO] [stdout] 7625607e74e31d18d41cd82526d17de047ed704fdfada019e9404af512924ced
[INFO] running `Command { std: "docker" "start" "-a" "7625607e74e31d18d41cd82526d17de047ed704fdfada019e9404af512924ced", kill_on_drop: false }`
[INFO] [stderr] warning: dependency (cursive) specified without providing a local path, Git repository, or version to use. This will be considered an error in future versions
[INFO] [stderr] warning: unused manifest key: dependencies.cursive.crossterm
[INFO] [stderr] warning: unused manifest key: dependencies.cursive.cursive
[INFO] [stderr]    Compiling libc v0.2.74
[INFO] [stderr]    Compiling proc-macro2 v1.0.19
[INFO] [stderr]    Compiling unicode-xid v0.2.1
[INFO] [stderr]    Compiling syn v1.0.36
[INFO] [stderr]    Compiling getrandom v0.1.14
[INFO] [stderr]    Compiling fnv v1.0.7
[INFO] [stderr]    Compiling ident_case v1.0.1
[INFO] [stderr]    Compiling strsim v0.9.3
[INFO] [stderr]     Checking stable_deref_trait v1.2.0
[INFO] [stderr]    Compiling cc v1.0.58
[INFO] [stderr]     Checking array-macro v1.0.5
[INFO] [stderr]    Compiling pkg-config v0.3.18
[INFO] [stderr]     Checking unicode-width v0.1.8
[INFO] [stderr]     Checking unicode-segmentation v1.6.0
[INFO] [stderr]     Checking xi-unicode v0.2.1
[INFO] [stderr]     Checking maplit v1.0.2
[INFO] [stderr]    Compiling num-traits v0.2.12
[INFO] [stderr]    Compiling num-integer v0.1.43
[INFO] [stderr]    Compiling num-iter v0.1.41
[INFO] [stderr]    Compiling num-rational v0.3.0
[INFO] [stderr]    Compiling crossbeam-utils v0.7.2
[INFO] [stderr]     Checking owning_ref v0.4.1
[INFO] [stderr]     Checking log v0.4.11
[INFO] [stderr]     Checking crossbeam-channel v0.4.3
[INFO] [stderr]    Compiling quote v1.0.7
[INFO] [stderr]    Compiling ncurses v5.99.0
[INFO] [stderr]     Checking signal-hook-registry v1.2.0
[INFO] [stderr]     Checking mio v0.7.0
[INFO] [stderr]     Checking time v0.1.43
[INFO] [stderr]     Checking parking_lot_core v0.7.2
[INFO] [stderr]     Checking term_size v0.3.2
[INFO] [stderr]     Checking num-complex v0.3.0
[INFO] [stderr]    Compiling const-random-macro v0.1.8
[INFO] [stderr]     Checking signal-hook v0.1.16
[INFO] [stderr]     Checking parking_lot v0.10.2
[INFO] [stderr]     Checking chrono v0.4.13
[INFO] [stderr]     Checking crossterm v0.17.7
[INFO] [stderr]     Checking const-random v0.1.8
[INFO] [stderr]     Checking num v0.3.0
[INFO] [stderr]     Checking ahash v0.4.4
[INFO] [stderr]     Checking ahash v0.3.8
[INFO] [stderr]    Compiling darling_core v0.10.2
[INFO] [stderr]    Compiling enum-map-derive v0.4.3
[INFO] [stderr]     Checking enum-map v0.6.2
[INFO] [stderr]    Compiling darling_macro v0.10.2
[INFO] [stderr]    Compiling darling v0.10.2
[INFO] [stderr]    Compiling enumset_derive v0.5.0
[INFO] [stderr]     Checking enumset v1.0.0
[INFO] [stderr]     Checking cursive_core v0.1.1
[INFO] [stderr]     Checking cursive_table_view v0.12.0 (https://github.com/BonsaiDen/cursive_table_view#e422cf7e)
[INFO] [stderr]     Checking cursive v0.15.0
[INFO] [stderr]     Checking first v0.1.0 (/opt/rustwide/workdir)
[INFO] [stdout] error[E0583]: file not found for module `function_keys`
[INFO] [stdout]    --> src/main.rs:151:1
[INFO] [stdout]     |
[INFO] [stdout] 151 | mod function_keys;
[INFO] [stdout]     | ^^^^^^^^^^^^^^^^^^
[INFO] [stdout]     |
[INFO] [stdout]     = help: to create the module `function_keys`, create file "src/function_keys.rs"
[INFO] [stdout] 
[INFO] [stdout] 
[INFO] [stdout] error[E0583]: file not found for module `function_keys`
[INFO] [stdout]    --> src/main.rs:151:1
[INFO] [stdout]     |
[INFO] [stdout] 151 | mod function_keys;
[INFO] [stdout]     | ^^^^^^^^^^^^^^^^^^
[INFO] [stdout]     |
[INFO] [stdout]     = help: to create the module `function_keys`, create file "src/function_keys.rs"
[INFO] [stdout] 
[INFO] [stdout] 
[INFO] [stdout] error[E0425]: cannot find value `f3_view_file` in module `fk`
[INFO] [stdout]    --> src/main.rs:170:58
[INFO] [stdout]     |
[INFO] [stdout] 170 |     app.add_global_callback(cursive::event::Key::F3, fk::f3_view_file);
[INFO] [stdout]     |                                                          ^^^^^^^^^^^^ not found in `fk`
[INFO] [stdout] 
[INFO] [stdout] 
[INFO] [stdout] error[E0425]: cannot find value `f4_edit_file` in module `fk`
[INFO] [stdout]    --> src/main.rs:174:58
[INFO] [stdout]     |
[INFO] [stdout] 174 |     app.add_global_callback(cursive::event::Key::F4, fk::f4_edit_file);
[INFO] [stdout]     |                                                          ^^^^^^^^^^^^ not found in `fk`
[INFO] [stdout] 
[INFO] [stdout] 
[INFO] [stdout] error[E0425]: cannot find value `f5_copy` in module `fk`
[INFO] [stdout]    --> src/main.rs:178:58
[INFO] [stdout]     |
[INFO] [stdout] 178 |     app.add_global_callback(cursive::event::Key::F4, fk::f5_copy);
[INFO] [stdout]     |                                                          ^^^^^^^ not found in `fk`
[INFO] [stdout] 
[INFO] [stdout] 
[INFO] [stdout] error[E0425]: cannot find value `f6_move` in module `fk`
[INFO] [stdout]    --> src/main.rs:182:58
[INFO] [stdout]     |
[INFO] [stdout] 182 |     app.add_global_callback(cursive::event::Key::F4, fk::f6_move);
[INFO] [stdout]     |                                                          ^^^^^^^ not found in `fk`
[INFO] [stdout] 
[INFO] [stdout] 
[INFO] [stdout] error[E0425]: cannot find value `f7_mkdir` in module `fk`
[INFO] [stdout]    --> src/main.rs:186:58
[INFO] [stdout]     |
[INFO] [stdout] 186 |     app.add_global_callback(cursive::event::Key::F4, fk::f7_mkdir);
[INFO] [stdout]     |                                                          ^^^^^^^^ not found in `fk`
[INFO] [stdout] 
[INFO] [stdout] 
[INFO] [stdout] error[E0425]: cannot find value `f8_delete` in module `fk`
[INFO] [stdout]    --> src/main.rs:190:58
[INFO] [stdout]     |
[INFO] [stdout] 190 |     app.add_global_callback(cursive::event::Key::F4, fk::f8_delete);
[INFO] [stdout]     |                                                          ^^^^^^^^^ not found in `fk`
[INFO] [stdout] 
[INFO] [stdout] 
[INFO] [stdout] warning: unused imports: `DummyView`, `NamedView`, `SelectView`, `TextView`
[INFO] [stdout]   --> src/main.rs:17:13
[INFO] [stdout]    |
[INFO] [stdout] 17 |     Dialog, DummyView, LinearLayout, NamedView, ResizedView, SelectView, TextView,
[INFO] [stdout]    |             ^^^^^^^^^                ^^^^^^^^^               ^^^^^^^^^^  ^^^^^^^^
[INFO] [stdout]    |
[INFO] [stdout]    = note: `#[warn(unused_imports)]` on by default
[INFO] [stdout] 
[INFO] [stdout] 
[INFO] [stdout] warning: unused imports: `DateTime`, `NaiveDateTime`
[INFO] [stdout]    --> src/main.rs:201:14
[INFO] [stdout]     |
[INFO] [stdout] 201 | use chrono::{DateTime, NaiveDateTime, TimeZone, Utc};
[INFO] [stdout]     |              ^^^^^^^^  ^^^^^^^^^^^^^
[INFO] [stdout] 
[INFO] [stdout] 
[INFO] [stdout] warning: unused import: `Duration`
[INFO] [stdout]    --> src/main.rs:202:17
[INFO] [stdout]     |
[INFO] [stdout] 202 | use std::time::{Duration, SystemTime};
[INFO] [stdout]     |                 ^^^^^^^^
[INFO] [stdout] 
[INFO] [stdout] 
[INFO] [stdout] error[E0425]: cannot find value `f3_view_file` in module `fk`
[INFO] [stdout]    --> src/main.rs:170:58
[INFO] [stdout]     |
[INFO] [stdout] 170 |     app.add_global_callback(cursive::event::Key::F3, fk::f3_view_file);
[INFO] [stdout]     |                                                          ^^^^^^^^^^^^ not found in `fk`
[INFO] [stdout] 
[INFO] [stdout] 
[INFO] [stdout] error[E0425]: cannot find value `f4_edit_file` in module `fk`
[INFO] [stdout]    --> src/main.rs:174:58
[INFO] [stdout]     |
[INFO] [stdout] 174 |     app.add_global_callback(cursive::event::Key::F4, fk::f4_edit_file);
[INFO] [stdout]     |                                                          ^^^^^^^^^^^^ not found in `fk`
[INFO] [stdout] 
[INFO] [stdout] 
[INFO] [stdout] error[E0425]: cannot find value `f5_copy` in module `fk`
[INFO] [stdout]    --> src/main.rs:178:58
[INFO] [stdout]     |
[INFO] [stdout] 178 |     app.add_global_callback(cursive::event::Key::F4, fk::f5_copy);
[INFO] [stdout]     |                                                          ^^^^^^^ not found in `fk`
[INFO] [stdout] 
[INFO] [stdout] 
[INFO] [stdout] error[E0425]: cannot find value `f6_move` in module `fk`
[INFO] [stdout]    --> src/main.rs:182:58
[INFO] [stdout]     |
[INFO] [stdout] 182 |     app.add_global_callback(cursive::event::Key::F4, fk::f6_move);
[INFO] [stdout]     |                                                          ^^^^^^^ not found in `fk`
[INFO] [stdout] 
[INFO] [stdout] 
[INFO] [stdout] error[E0425]: cannot find value `f7_mkdir` in module `fk`
[INFO] [stdout]    --> src/main.rs:186:58
[INFO] [stdout]     |
[INFO] [stdout] 186 |     app.add_global_callback(cursive::event::Key::F4, fk::f7_mkdir);
[INFO] [stdout]     |                                                          ^^^^^^^^ not found in `fk`
[INFO] [stdout] 
[INFO] [stdout] 
[INFO] [stdout] error[E0425]: cannot find value `f8_delete` in module `fk`
[INFO] [stdout]    --> src/main.rs:190:58
[INFO] [stdout]     |
[INFO] [stdout] 190 |     app.add_global_callback(cursive::event::Key::F4, fk::f8_delete);
[INFO] [stdout]     |                                                          ^^^^^^^^^ not found in `fk`
[INFO] [stdout] 
[INFO] [stdout] 
[INFO] [stdout] warning: unused imports: `DummyView`, `NamedView`, `SelectView`, `TextView`
[INFO] [stdout]   --> src/main.rs:17:13
[INFO] [stdout]    |
[INFO] [stdout] 17 |     Dialog, DummyView, LinearLayout, NamedView, ResizedView, SelectView, TextView,
[INFO] [stdout]    |             ^^^^^^^^^                ^^^^^^^^^               ^^^^^^^^^^  ^^^^^^^^
[INFO] [stdout]    |
[INFO] [stdout]    = note: `#[warn(unused_imports)]` on by default
[INFO] [stdout] 
[INFO] [stdout] 
[INFO] [stdout] warning: unused imports: `DateTime`, `NaiveDateTime`
[INFO] [stdout]    --> src/main.rs:201:14
[INFO] [stdout]     |
[INFO] [stdout] 201 | use chrono::{DateTime, NaiveDateTime, TimeZone, Utc};
[INFO] [stdout]     |              ^^^^^^^^  ^^^^^^^^^^^^^
[INFO] [stdout] 
[INFO] [stdout] 
[INFO] [stdout] warning: unused import: `Duration`
[INFO] [stdout]    --> src/main.rs:202:17
[INFO] [stdout]     |
[INFO] [stdout] 202 | use std::time::{Duration, SystemTime};
[INFO] [stdout]     |                 ^^^^^^^^
[INFO] [stdout] 
[INFO] [stdout] 
[INFO] [stdout] error: aborting due to 7 previous errors; 3 warnings emitted
[INFO] [stdout] 
[INFO] [stdout] 
[INFO] [stdout] Some errors have detailed explanations: E0425, E0583.
[INFO] [stdout] 
[INFO] [stdout] For more information about an error, try `rustc --explain E0425`.
[INFO] [stdout] 
[INFO] [stderr] error: could not compile `first`.
[INFO] [stderr] 
[INFO] [stderr] To learn more, run the command again with --verbose.
[INFO] [stderr] warning: build failed, waiting for other jobs to finish...
[INFO] [stdout] error: aborting due to 7 previous errors; 3 warnings emitted
[INFO] [stdout] 
[INFO] [stdout] 
[INFO] [stdout] Some errors have detailed explanations: E0425, E0583.
[INFO] [stdout] 
[INFO] [stdout] For more information about an error, try `rustc --explain E0425`.
[INFO] [stdout] 
[INFO] [stderr] error: build failed
[INFO] running `Command { std: "docker" "inspect" "7625607e74e31d18d41cd82526d17de047ed704fdfada019e9404af512924ced", kill_on_drop: false }`
[INFO] running `Command { std: "docker" "rm" "-f" "7625607e74e31d18d41cd82526d17de047ed704fdfada019e9404af512924ced", kill_on_drop: false }`
[INFO] [stdout] 7625607e74e31d18d41cd82526d17de047ed704fdfada019e9404af512924ced
