[INFO] cloning repository https://github.com/shssoichiro/oxipng
[INFO] running `Command { std: "git" "-c" "credential.helper=" "-c" "credential.helper=/workspace/cargo-home/bin/git-credential-null" "clone" "--bare" "https://github.com/shssoichiro/oxipng" "/workspace/cache/git-repos/https%3A%2F%2Fgithub.com%2Fshssoichiro%2Foxipng", kill_on_drop: false }`
[INFO] [stderr] Cloning into bare repository '/workspace/cache/git-repos/https%3A%2F%2Fgithub.com%2Fshssoichiro%2Foxipng'...
[INFO] running `Command { std: "git" "rev-parse" "HEAD", kill_on_drop: false }`
[INFO] [stdout] afe6806da286e2fc904a5b899d8b3657f123eb21
[INFO] checking shssoichiro/oxipng against beta-2020-07-24 for pr-75494-beta
[INFO] running `Command { std: "git" "clone" "/workspace/cache/git-repos/https%3A%2F%2Fgithub.com%2Fshssoichiro%2Foxipng" "/workspace/builds/worker-3/source", kill_on_drop: false }`
[INFO] [stderr] Cloning into '/workspace/builds/worker-3/source'...
[INFO] [stderr] done.
[INFO] [stderr] Checking out files:  69% (208/299)   
Checking out files:  70% (210/299)   
Checking out files:  71% (213/299)   
Checking out files:  72% (216/299)   
Checking out files:  73% (219/299)   
Checking out files:  74% (222/299)   
Checking out files:  75% (225/299)   
Checking out files:  76% (228/299)   
Checking out files:  77% (231/299)   
Checking out files:  78% (234/299)   
Checking out files:  79% (237/299)   
Checking out files:  80% (240/299)   
Checking out files:  81% (243/299)   
Checking out files:  82% (246/299)   
Checking out files:  83% (249/299)   
Checking out files:  84% (252/299)   
Checking out files:  85% (255/299)   
Checking out files:  86% (258/299)   
Checking out files:  87% (261/299)   
Checking out files:  88% (264/299)   
Checking out files:  89% (267/299)   
Checking out files:  90% (270/299)   
Checking out files:  91% (273/299)   
Checking out files:  92% (276/299)   
Checking out files:  93% (279/299)   
Checking out files:  94% (282/299)   
Checking out files:  95% (285/299)   
Checking out files:  96% (288/299)   
Checking out files:  97% (291/299)   
Checking out files:  98% (294/299)   
Checking out files:  99% (297/299)   
Checking out files: 100% (299/299)   
Checking out files: 100% (299/299), done.
[INFO] validating manifest of git repo https://github.com/shssoichiro/oxipng on toolchain beta-2020-07-24
[INFO] running `Command { std: "/workspace/cargo-home/bin/cargo" "+beta-2020-07-24" "read-manifest" "--manifest-path" "Cargo.toml", kill_on_drop: false }`
[INFO] started tweaking git repo https://github.com/shssoichiro/oxipng
[INFO] finished tweaking git repo https://github.com/shssoichiro/oxipng
[INFO] tweaked toml for git repo https://github.com/shssoichiro/oxipng written to /workspace/builds/worker-3/source/Cargo.toml
[INFO] crate git repo https://github.com/shssoichiro/oxipng already has a lockfile, it will not be regenerated
[INFO] running `Command { std: "/workspace/cargo-home/bin/cargo" "+beta-2020-07-24" "fetch" "--locked" "--manifest-path" "Cargo.toml", kill_on_drop: false }`
[INFO] [stderr]     Blocking waiting for file lock on package cache
[INFO] running `Command { std: "docker" "create" "-v" "/var/lib/crater-agent-workspace/builds/worker-3/target:/opt/rustwide/target:rw,Z" "-v" "/var/lib/crater-agent-workspace/builds/worker-3/source:/opt/rustwide/workdir:ro,Z" "-v" "/var/lib/crater-agent-workspace/cargo-home:/opt/rustwide/cargo-home:ro,Z" "-v" "/var/lib/crater-agent-workspace/rustup-home:/opt/rustwide/rustup-home:ro,Z" "-e" "SOURCE_DIR=/opt/rustwide/workdir" "-e" "CARGO_TARGET_DIR=/opt/rustwide/target" "-e" "CARGO_HOME=/opt/rustwide/cargo-home" "-e" "RUSTUP_HOME=/opt/rustwide/rustup-home" "-w" "/opt/rustwide/workdir" "-m" "1610612736" "--user" "0:0" "--network" "none" "rustops/crates-build-env@sha256:a636fd89d022f18117e1dc8fb37a0a009933cdbbe082814857f0e2024962d47c" "/opt/rustwide/cargo-home/bin/cargo" "+beta-2020-07-24" "metadata" "--no-deps" "--format-version=1", kill_on_drop: false }`
[INFO] [stdout] 6744d3e640ff8f84005cc83fa3f337b3d2d94ad5df30f280f9e4a48ca7048161
[INFO] [stderr] WARNING: Your kernel does not support swap limit capabilities or the cgroup is not mounted. Memory limited without swap.
[INFO] running `Command { std: "docker" "start" "-a" "6744d3e640ff8f84005cc83fa3f337b3d2d94ad5df30f280f9e4a48ca7048161", kill_on_drop: false }`
[INFO] running `Command { std: "docker" "inspect" "6744d3e640ff8f84005cc83fa3f337b3d2d94ad5df30f280f9e4a48ca7048161", kill_on_drop: false }`
[INFO] running `Command { std: "docker" "rm" "-f" "6744d3e640ff8f84005cc83fa3f337b3d2d94ad5df30f280f9e4a48ca7048161", kill_on_drop: false }`
[INFO] [stdout] 6744d3e640ff8f84005cc83fa3f337b3d2d94ad5df30f280f9e4a48ca7048161
[INFO] running `Command { std: "docker" "create" "-v" "/var/lib/crater-agent-workspace/builds/worker-3/target:/opt/rustwide/target:rw,Z" "-v" "/var/lib/crater-agent-workspace/builds/worker-3/source:/opt/rustwide/workdir:ro,Z" "-v" "/var/lib/crater-agent-workspace/cargo-home:/opt/rustwide/cargo-home:ro,Z" "-v" "/var/lib/crater-agent-workspace/rustup-home:/opt/rustwide/rustup-home:ro,Z" "-e" "SOURCE_DIR=/opt/rustwide/workdir" "-e" "CARGO_TARGET_DIR=/opt/rustwide/target" "-e" "CARGO_INCREMENTAL=0" "-e" "RUST_BACKTRACE=full" "-e" "RUSTFLAGS=--cap-lints=forbid" "-e" "CARGO_HOME=/opt/rustwide/cargo-home" "-e" "RUSTUP_HOME=/opt/rustwide/rustup-home" "-w" "/opt/rustwide/workdir" "-m" "1610612736" "--user" "0:0" "--network" "none" "rustops/crates-build-env@sha256:a636fd89d022f18117e1dc8fb37a0a009933cdbbe082814857f0e2024962d47c" "/opt/rustwide/cargo-home/bin/cargo" "+beta-2020-07-24" "check" "--frozen" "--all" "--all-targets" "--message-format=json", kill_on_drop: false }`
[INFO] [stdout] f0d8edac6f03dab31c9554843b294a10b2f83a2bb12d481b6b927bfb83c25504
[INFO] [stderr] WARNING: Your kernel does not support swap limit capabilities or the cgroup is not mounted. Memory limited without swap.
[INFO] running `Command { std: "docker" "start" "-a" "f0d8edac6f03dab31c9554843b294a10b2f83a2bb12d481b6b927bfb83c25504", kill_on_drop: false }`
[INFO] [stderr]    Compiling autocfg v1.0.1
[INFO] [stderr]     Checking cfg-if v0.1.10
[INFO] [stderr]    Compiling libc v0.2.76
[INFO] [stderr]    Compiling cc v1.0.59
[INFO] [stderr]    Compiling maybe-uninit v2.0.0
[INFO] [stderr]     Checking lazy_static v1.4.0
[INFO] [stderr]    Compiling byteorder v1.3.4
[INFO] [stderr]    Compiling rayon-core v1.7.1
[INFO] [stderr]     Checking scopeguard v1.1.0
[INFO] [stderr]     Checking adler32 v1.2.0
[INFO] [stderr]    Compiling bitflags v1.2.1
[INFO] [stderr]    Compiling semver-parser v0.7.0
[INFO] [stderr]    Compiling build_const v0.2.1
[INFO] [stderr]    Compiling crc32fast v1.2.0
[INFO] [stderr]     Checking either v1.6.0
[INFO] [stderr]    Compiling log v0.4.11
[INFO] [stderr]     Checking void v1.0.2
[INFO] [stderr]     Checking unicode-width v0.1.8
[INFO] [stderr]     Checking lazy_static v0.2.11
[INFO] [stderr]     Checking bytemuck v1.3.1
[INFO] [stderr]     Checking adler v0.2.3
[INFO] [stderr]     Checking typed-arena v1.7.0
[INFO] [stderr]     Checking termcolor v1.1.0
[INFO] [stderr]     Checking vec_map v0.8.2
[INFO] [stderr]     Checking ansi_term v0.11.0
[INFO] [stderr]     Checking strsim v0.8.0
[INFO] [stderr]     Checking wild v2.0.4
[INFO] [stderr]     Checking bit-vec v0.6.2
[INFO] [stderr]     Checking miniz_oxide v0.3.7
[INFO] [stderr]     Checking unreachable v1.0.0
[INFO] [stderr]     Checking itertools v0.9.0
[INFO] [stderr]    Compiling semver v0.9.0
[INFO] [stderr]     Checking textwrap v0.11.0
[INFO] [stderr]     Checking miniz_oxide v0.4.0
[INFO] [stderr]     Checking rgb v0.8.24
[INFO] [stderr]     Checking thread_local v0.3.4
[INFO] [stderr]    Compiling crc v1.8.1
[INFO] [stderr]    Compiling rustc_version v0.2.3
[INFO] [stderr]     Checking deflate v0.8.6
[INFO] [stderr]     Checking zopfli v0.4.0
[INFO] [stderr]    Compiling oxipng v3.0.1 (/opt/rustwide/workdir)
[INFO] [stderr]    Compiling num-traits v0.2.12
[INFO] [stderr]    Compiling crossbeam-utils v0.7.2
[INFO] [stderr]    Compiling memoffset v0.5.5
[INFO] [stderr]    Compiling num-integer v0.1.43
[INFO] [stderr]    Compiling crossbeam-epoch v0.8.2
[INFO] [stderr]    Compiling num-iter v0.1.41
[INFO] [stderr]    Compiling num-rational v0.3.0
[INFO] [stderr]    Compiling hashbrown v0.8.2
[INFO] [stderr]    Compiling rayon v1.3.1
[INFO] [stderr]    Compiling indexmap v1.5.1
[INFO] [stderr]     Checking num_cpus v1.13.0
[INFO] [stderr]     Checking atty v0.2.11
[INFO] [stderr]     Checking time v0.1.43
[INFO] [stderr]     Checking png v0.16.7
[INFO] [stderr]     Checking clap v2.33.3
[INFO] [stderr]     Checking crossbeam-queue v0.2.3
[INFO] [stderr]     Checking crossbeam-deque v0.7.3
[INFO] [stderr]     Checking chrono v0.4.15
[INFO] [stderr]     Checking image v0.23.8
[INFO] [stderr]     Checking stderrlog v0.4.3
[INFO] [stderr]    Compiling cloudflare-zlib-sys v0.2.0
[INFO] [stderr]    Compiling libdeflate-sys v0.5.0
[INFO] [stderr]     Checking libdeflater v0.5.0
[INFO] [stderr]     Checking cloudflare-zlib v0.2.5
[INFO] [stdout] error[E0554]: `#![feature]` may not be used on the beta release channel
[INFO] [stdout]  --> benches/libdeflater.rs:1:1
[INFO] [stdout]   |
[INFO] [stdout] 1 | #![feature(test)]
[INFO] [stdout]   | ^^^^^^^^^^^^^^^^^
[INFO] [stdout] 
[INFO] [stdout] 
[INFO] [stdout] error: aborting due to previous error
[INFO] [stdout] 
[INFO] [stdout] 
[INFO] [stdout] For more information about this error, try `rustc --explain E0554`.
[INFO] [stdout] 
[INFO] [stderr] error: could not compile `oxipng`.
[INFO] [stderr] 
[INFO] [stderr] To learn more, run the command again with --verbose.
[INFO] [stderr] warning: build failed, waiting for other jobs to finish...
[INFO] [stdout] error[E0554]: `#![feature]` may not be used on the beta release channel
[INFO] [stdout]  --> benches/deflate.rs:1:1
[INFO] [stdout]   |
[INFO] [stdout] 1 | #![feature(test)]
[INFO] [stdout]   | ^^^^^^^^^^^^^^^^^
[INFO] [stdout] 
[INFO] [stdout] 
[INFO] [stdout] error[E0554]: `#![feature]` may not be used on the beta release channel
[INFO] [stdout]  --> benches/zopfli.rs:1:1
[INFO] [stdout]   |
[INFO] [stdout] 1 | #![feature(test)]
[INFO] [stdout]   | ^^^^^^^^^^^^^^^^^
[INFO] [stdout] 
[INFO] [stdout] 
[INFO] [stdout] error[E0554]: `#![feature]` may not be used on the beta release channel
[INFO] [stdout]  --> benches/reductions.rs:1:1
[INFO] [stdout]   |
[INFO] [stdout] 1 | #![feature(test)]
[INFO] [stdout]   | ^^^^^^^^^^^^^^^^^
[INFO] [stdout] 
[INFO] [stdout] 
[INFO] [stdout] error[E0554]: `#![feature]` may not be used on the beta release channel
[INFO] [stdout]  --> benches/interlacing.rs:1:1
[INFO] [stdout]   |
[INFO] [stdout] 1 | #![feature(test)]
[INFO] [stdout]   | ^^^^^^^^^^^^^^^^^
[INFO] [stdout] 
[INFO] [stdout] 
[INFO] [stdout] error[E0554]: `#![feature]` may not be used on the beta release channel
[INFO] [stdout]  --> benches/filters.rs:1:1
[INFO] [stdout]   |
[INFO] [stdout] 1 | #![feature(test)]
[INFO] [stdout]   | ^^^^^^^^^^^^^^^^^
[INFO] [stdout] 
[INFO] [stdout] 
[INFO] [stdout] error: aborting due to previous error
[INFO] [stdout] 
[INFO] [stdout] 
[INFO] [stdout] For more information about this error, try `rustc --explain E0554`.
[INFO] [stdout] 
[INFO] [stdout] error: aborting due to previous error
[INFO] [stdout] 
[INFO] [stdout] 
[INFO] [stdout] For more information about this error, try `rustc --explain E0554`.
[INFO] [stdout] 
[INFO] [stdout] error: aborting due to previous error
[INFO] [stdout] 
[INFO] [stdout] 
[INFO] [stdout] error: aborting due to previous error
[INFO] [stdout] 
[INFO] [stdout] 
[INFO] [stdout] For more information about this error, try `rustc --explain E0554`.
[INFO] [stdout] 
[INFO] [stdout] For more information about this error, try `rustc --explain E0554`.
[INFO] [stdout] 
[INFO] [stdout] error: aborting due to previous error
[INFO] [stdout] 
[INFO] [stdout] 
[INFO] [stdout] For more information about this error, try `rustc --explain E0554`.
[INFO] [stdout] 
[INFO] [stderr] error: build failed
[INFO] running `Command { std: "docker" "inspect" "f0d8edac6f03dab31c9554843b294a10b2f83a2bb12d481b6b927bfb83c25504", kill_on_drop: false }`
[INFO] running `Command { std: "docker" "rm" "-f" "f0d8edac6f03dab31c9554843b294a10b2f83a2bb12d481b6b927bfb83c25504", kill_on_drop: false }`
[INFO] [stdout] f0d8edac6f03dab31c9554843b294a10b2f83a2bb12d481b6b927bfb83c25504
