[INFO] cloning repository https://github.com/seritools/rust-exercises
[INFO] running `Command { std: "git" "-c" "credential.helper=" "-c" "credential.helper=/workspace/cargo-home/bin/git-credential-null" "clone" "--bare" "https://github.com/seritools/rust-exercises" "/workspace/cache/git-repos/https%3A%2F%2Fgithub.com%2Fseritools%2Frust-exercises", kill_on_drop: false }`
[INFO] [stderr] Cloning into bare repository '/workspace/cache/git-repos/https%3A%2F%2Fgithub.com%2Fseritools%2Frust-exercises'...
[INFO] running `Command { std: "git" "rev-parse" "HEAD", kill_on_drop: false }`
[INFO] [stdout] cd6ef05e36dcc533f2fc4876a87b57893f061e7d
[INFO] checking seritools/rust-exercises against beta-2020-07-24 for pr-75494-beta
[INFO] running `Command { std: "git" "clone" "/workspace/cache/git-repos/https%3A%2F%2Fgithub.com%2Fseritools%2Frust-exercises" "/workspace/builds/worker-5/source", kill_on_drop: false }`
[INFO] [stderr] Cloning into '/workspace/builds/worker-5/source'...
[INFO] [stderr] done.
[INFO] validating manifest of git repo https://github.com/seritools/rust-exercises on toolchain beta-2020-07-24
[INFO] running `Command { std: "/workspace/cargo-home/bin/cargo" "+beta-2020-07-24" "read-manifest" "--manifest-path" "Cargo.toml", kill_on_drop: false }`
[INFO] started tweaking git repo https://github.com/seritools/rust-exercises
[INFO] finished tweaking git repo https://github.com/seritools/rust-exercises
[INFO] tweaked toml for git repo https://github.com/seritools/rust-exercises written to /workspace/builds/worker-5/source/Cargo.toml
[INFO] crate git repo https://github.com/seritools/rust-exercises already has a lockfile, it will not be regenerated
[INFO] running `Command { std: "/workspace/cargo-home/bin/cargo" "+beta-2020-07-24" "fetch" "--locked" "--manifest-path" "Cargo.toml", kill_on_drop: false }`
[INFO] running `Command { std: "docker" "create" "-v" "/var/lib/crater-agent-workspace/builds/worker-5/target:/opt/rustwide/target:rw,Z" "-v" "/var/lib/crater-agent-workspace/builds/worker-5/source:/opt/rustwide/workdir:ro,Z" "-v" "/var/lib/crater-agent-workspace/cargo-home:/opt/rustwide/cargo-home:ro,Z" "-v" "/var/lib/crater-agent-workspace/rustup-home:/opt/rustwide/rustup-home:ro,Z" "-e" "SOURCE_DIR=/opt/rustwide/workdir" "-e" "CARGO_TARGET_DIR=/opt/rustwide/target" "-e" "CARGO_HOME=/opt/rustwide/cargo-home" "-e" "RUSTUP_HOME=/opt/rustwide/rustup-home" "-w" "/opt/rustwide/workdir" "-m" "1610612736" "--user" "0:0" "--network" "none" "rustops/crates-build-env@sha256:a636fd89d022f18117e1dc8fb37a0a009933cdbbe082814857f0e2024962d47c" "/opt/rustwide/cargo-home/bin/cargo" "+beta-2020-07-24" "metadata" "--no-deps" "--format-version=1", kill_on_drop: false }`
[INFO] [stdout] 81098a655f18148737f1ff55cdf46d308763225b4c65438c3ec9a591c87e511a
[INFO] [stderr] WARNING: Your kernel does not support swap limit capabilities or the cgroup is not mounted. Memory limited without swap.
[INFO] running `Command { std: "docker" "start" "-a" "81098a655f18148737f1ff55cdf46d308763225b4c65438c3ec9a591c87e511a", kill_on_drop: false }`
[INFO] running `Command { std: "docker" "inspect" "81098a655f18148737f1ff55cdf46d308763225b4c65438c3ec9a591c87e511a", kill_on_drop: false }`
[INFO] running `Command { std: "docker" "rm" "-f" "81098a655f18148737f1ff55cdf46d308763225b4c65438c3ec9a591c87e511a", kill_on_drop: false }`
[INFO] [stdout] 81098a655f18148737f1ff55cdf46d308763225b4c65438c3ec9a591c87e511a
[INFO] running `Command { std: "docker" "create" "-v" "/var/lib/crater-agent-workspace/builds/worker-5/target:/opt/rustwide/target:rw,Z" "-v" "/var/lib/crater-agent-workspace/builds/worker-5/source:/opt/rustwide/workdir:ro,Z" "-v" "/var/lib/crater-agent-workspace/cargo-home:/opt/rustwide/cargo-home:ro,Z" "-v" "/var/lib/crater-agent-workspace/rustup-home:/opt/rustwide/rustup-home:ro,Z" "-e" "SOURCE_DIR=/opt/rustwide/workdir" "-e" "CARGO_TARGET_DIR=/opt/rustwide/target" "-e" "CARGO_INCREMENTAL=0" "-e" "RUST_BACKTRACE=full" "-e" "RUSTFLAGS=--cap-lints=forbid" "-e" "CARGO_HOME=/opt/rustwide/cargo-home" "-e" "RUSTUP_HOME=/opt/rustwide/rustup-home" "-w" "/opt/rustwide/workdir" "-m" "1610612736" "--user" "0:0" "--network" "none" "rustops/crates-build-env@sha256:a636fd89d022f18117e1dc8fb37a0a009933cdbbe082814857f0e2024962d47c" "/opt/rustwide/cargo-home/bin/cargo" "+beta-2020-07-24" "check" "--frozen" "--all" "--all-targets" "--message-format=json", kill_on_drop: false }`
[INFO] [stdout] 7fa608f705fabf4c2bdfa0c3b189381d753f12f630f8d23652beafc335528513
[INFO] [stderr] WARNING: Your kernel does not support swap limit capabilities or the cgroup is not mounted. Memory limited without swap.
[INFO] running `Command { std: "docker" "start" "-a" "7fa608f705fabf4c2bdfa0c3b189381d753f12f630f8d23652beafc335528513", kill_on_drop: false }`
[INFO] [stderr]    Compiling num-traits v0.2.11
[INFO] [stderr]     Checking rust-exercises v0.1.0 (/opt/rustwide/workdir)
[INFO] [stdout] error[E0308]: mismatched types
[INFO] [stdout]  --> src/bin/generic-numbers.rs:8:28
[INFO] [stdout]   |
[INFO] [stdout] 6 | fn modulo<T: std::ops::Add + std::ops::Rem + std::cmp::PartialOrd>(a: T, b: T) -> T {
[INFO] [stdout]   |           - this type parameter
[INFO] [stdout] 7 |     // We're going to exploit the property that, where a is negative, a % b == a mod b - b
[INFO] [stdout] 8 |     let rem_error = if a < 0 { b } else { 0 };
[INFO] [stdout]   |                            ^ expected type parameter `T`, found integer
[INFO] [stdout]   |
[INFO] [stdout]   = note: expected type parameter `T`
[INFO] [stdout]                        found type `{integer}`
[INFO] [stdout] 
[INFO] [stdout] 
[INFO] [stdout] error[E0308]: mismatched types
[INFO] [stdout]  --> src/bin/generic-numbers.rs:8:28
[INFO] [stdout]   |
[INFO] [stdout] 6 | fn modulo<T: std::ops::Add + std::ops::Rem + std::cmp::PartialOrd>(a: T, b: T) -> T {
[INFO] [stdout]   |           - this type parameter
[INFO] [stdout] 7 |     // We're going to exploit the property that, where a is negative, a % b == a mod b - b
[INFO] [stdout] 8 |     let rem_error = if a < 0 { b } else { 0 };
[INFO] [stdout]   |                            ^ expected type parameter `T`, found integer
[INFO] [stdout]   |
[INFO] [stdout]   = note: expected type parameter `T`
[INFO] [stdout]                        found type `{integer}`
[INFO] [stdout] 
[INFO] [stdout] 
[INFO] [stdout] error[E0308]: `if` and `else` have incompatible types
[INFO] [stdout]  --> src/bin/generic-numbers.rs:8:43
[INFO] [stdout]   |
[INFO] [stdout] 6 | fn modulo<T: std::ops::Add + std::ops::Rem + std::cmp::PartialOrd>(a: T, b: T) -> T {
[INFO] [stdout]   |           - this type parameter
[INFO] [stdout] 7 |     // We're going to exploit the property that, where a is negative, a % b == a mod b - b
[INFO] [stdout] 8 |     let rem_error = if a < 0 { b } else { 0 };
[INFO] [stdout]   |                                -          ^ expected type parameter `T`, found integer
[INFO] [stdout]   |                                |
[INFO] [stdout]   |                                expected because of this
[INFO] [stdout]   |
[INFO] [stdout]   = note: expected type `T`
[INFO] [stdout]              found type `{integer}`
[INFO] [stdout] 
[INFO] [stdout] 
[INFO] [stdout] error[E0308]: `if` and `else` have incompatible types
[INFO] [stdout]  --> src/bin/generic-numbers.rs:8:43
[INFO] [stdout]   |
[INFO] [stdout] 6 | fn modulo<T: std::ops::Add + std::ops::Rem + std::cmp::PartialOrd>(a: T, b: T) -> T {
[INFO] [stdout]   |           - this type parameter
[INFO] [stdout] 7 |     // We're going to exploit the property that, where a is negative, a % b == a mod b - b
[INFO] [stdout] 8 |     let rem_error = if a < 0 { b } else { 0 };
[INFO] [stdout]   |                                -          ^ expected type parameter `T`, found integer
[INFO] [stdout]   |                                |
[INFO] [stdout]   |                                expected because of this
[INFO] [stdout]   |
[INFO] [stdout]   = note: expected type `T`
[INFO] [stdout]              found type `{integer}`
[INFO] [stdout] 
[INFO] [stdout] 
[INFO] [stdout] error[E0369]: cannot add `_` to `<T as std::ops::Rem>::Output`
[INFO] [stdout]  --> src/bin/generic-numbers.rs:9:11
[INFO] [stdout]   |
[INFO] [stdout] 9 |     a % b + rem_error
[INFO] [stdout]   |     ----- ^ --------- _
[INFO] [stdout]   |     |
[INFO] [stdout]   |     <T as std::ops::Rem>::Output
[INFO] [stdout] 
[INFO] [stdout] 
[INFO] [stdout] error[E0369]: cannot add `_` to `<T as std::ops::Rem>::Output`
[INFO] [stdout]  --> src/bin/generic-numbers.rs:9:11
[INFO] [stdout]   |
[INFO] [stdout] 9 |     a % b + rem_error
[INFO] [stdout]   |     ----- ^ --------- _
[INFO] [stdout]   |     |
[INFO] [stdout]   |     <T as std::ops::Rem>::Output
[INFO] [stdout] 
[INFO] [stdout] 
[INFO] [stdout] error: aborting due to 3 previous errors
[INFO] [stdout] 
[INFO] [stdout] 
[INFO] [stdout] error: aborting due to 3 previous errors
[INFO] [stdout] 
[INFO] [stdout] 
[INFO] [stdout] Some errors have detailed explanations: E0308, E0369.
[INFO] [stdout] 
[INFO] [stdout] For more information about an error, try `rustc --explain E0308`.
[INFO] [stdout] 
[INFO] [stdout] Some errors have detailed explanations: E0308, E0369.
[INFO] [stdout] 
[INFO] [stdout] For more information about an error, try `rustc --explain E0308`.
[INFO] [stdout] 
[INFO] [stderr] error: could not compile `rust-exercises`.
[INFO] [stderr] 
[INFO] [stderr] To learn more, run the command again with --verbose.
[INFO] [stderr] warning: build failed, waiting for other jobs to finish...
[INFO] [stderr] error: build failed
[INFO] running `Command { std: "docker" "inspect" "7fa608f705fabf4c2bdfa0c3b189381d753f12f630f8d23652beafc335528513", kill_on_drop: false }`
[INFO] running `Command { std: "docker" "rm" "-f" "7fa608f705fabf4c2bdfa0c3b189381d753f12f630f8d23652beafc335528513", kill_on_drop: false }`
[INFO] [stdout] 7fa608f705fabf4c2bdfa0c3b189381d753f12f630f8d23652beafc335528513
