[INFO] cloning repository https://github.com/sebasgarcep/MonoSLAM
[INFO] running `Command { std: "git" "-c" "credential.helper=" "-c" "credential.helper=/workspace/cargo-home/bin/git-credential-null" "clone" "--bare" "https://github.com/sebasgarcep/MonoSLAM" "/workspace/cache/git-repos/https%3A%2F%2Fgithub.com%2Fsebasgarcep%2FMonoSLAM", kill_on_drop: false }`
[INFO] [stderr] Cloning into bare repository '/workspace/cache/git-repos/https%3A%2F%2Fgithub.com%2Fsebasgarcep%2FMonoSLAM'...
[INFO] running `Command { std: "git" "rev-parse" "HEAD", kill_on_drop: false }`
[INFO] [stdout] 0cf2b0b6a300d0498b5ca1a6e6cd98eaf8cc2b90
[INFO] checking sebasgarcep/MonoSLAM against beta-2020-07-24 for pr-75494-beta
[INFO] running `Command { std: "git" "clone" "/workspace/cache/git-repos/https%3A%2F%2Fgithub.com%2Fsebasgarcep%2FMonoSLAM" "/workspace/builds/worker-0/source", kill_on_drop: false }`
[INFO] [stderr] Cloning into '/workspace/builds/worker-0/source'...
[INFO] [stderr] done.
[INFO] [stderr] Checking out files:  74% (781/1046)   
Checking out files:  75% (785/1046)   
Checking out files:  76% (795/1046)   
Checking out files:  77% (806/1046)   
Checking out files:  78% (816/1046)   
Checking out files:  79% (827/1046)   
Checking out files:  80% (837/1046)   
Checking out files:  81% (848/1046)   
Checking out files:  82% (858/1046)   
Checking out files:  83% (869/1046)   
Checking out files:  84% (879/1046)   
Checking out files:  85% (890/1046)   
Checking out files:  86% (900/1046)   
Checking out files:  87% (911/1046)   
Checking out files:  88% (921/1046)   
Checking out files:  89% (931/1046)   
Checking out files:  90% (942/1046)   
Checking out files:  91% (952/1046)   
Checking out files:  92% (963/1046)   
Checking out files:  93% (973/1046)   
Checking out files:  94% (984/1046)   
Checking out files:  95% (994/1046)   
Checking out files:  96% (1005/1046)   
Checking out files:  97% (1015/1046)   
Checking out files:  98% (1026/1046)   
Checking out files:  99% (1036/1046)   
Checking out files: 100% (1046/1046)   
Checking out files: 100% (1046/1046), done.
[INFO] validating manifest of git repo https://github.com/sebasgarcep/MonoSLAM on toolchain beta-2020-07-24
[INFO] running `Command { std: "/workspace/cargo-home/bin/cargo" "+beta-2020-07-24" "read-manifest" "--manifest-path" "Cargo.toml", kill_on_drop: false }`
[INFO] started tweaking git repo https://github.com/sebasgarcep/MonoSLAM
[INFO] finished tweaking git repo https://github.com/sebasgarcep/MonoSLAM
[INFO] tweaked toml for git repo https://github.com/sebasgarcep/MonoSLAM written to /workspace/builds/worker-0/source/Cargo.toml
[INFO] crate git repo https://github.com/sebasgarcep/MonoSLAM already has a lockfile, it will not be regenerated
[INFO] running `Command { std: "/workspace/cargo-home/bin/cargo" "+beta-2020-07-24" "fetch" "--locked" "--manifest-path" "Cargo.toml", kill_on_drop: false }`
[INFO] [stderr]     Blocking waiting for file lock on package cache
[INFO] running `Command { std: "docker" "create" "-v" "/var/lib/crater-agent-workspace/builds/worker-0/target:/opt/rustwide/target:rw,Z" "-v" "/var/lib/crater-agent-workspace/builds/worker-0/source:/opt/rustwide/workdir:ro,Z" "-v" "/var/lib/crater-agent-workspace/cargo-home:/opt/rustwide/cargo-home:ro,Z" "-v" "/var/lib/crater-agent-workspace/rustup-home:/opt/rustwide/rustup-home:ro,Z" "-e" "SOURCE_DIR=/opt/rustwide/workdir" "-e" "CARGO_TARGET_DIR=/opt/rustwide/target" "-e" "CARGO_HOME=/opt/rustwide/cargo-home" "-e" "RUSTUP_HOME=/opt/rustwide/rustup-home" "-w" "/opt/rustwide/workdir" "-m" "1610612736" "--user" "0:0" "--network" "none" "rustops/crates-build-env@sha256:a636fd89d022f18117e1dc8fb37a0a009933cdbbe082814857f0e2024962d47c" "/opt/rustwide/cargo-home/bin/cargo" "+beta-2020-07-24" "metadata" "--no-deps" "--format-version=1", kill_on_drop: false }`
[INFO] [stdout] c0e4f12fa88df97b856687ccdc71a293223c693d9de787fe7f50d3e1a4f6334f
[INFO] [stderr] WARNING: Your kernel does not support swap limit capabilities or the cgroup is not mounted. Memory limited without swap.
[INFO] running `Command { std: "docker" "start" "-a" "c0e4f12fa88df97b856687ccdc71a293223c693d9de787fe7f50d3e1a4f6334f", kill_on_drop: false }`
[INFO] running `Command { std: "docker" "inspect" "c0e4f12fa88df97b856687ccdc71a293223c693d9de787fe7f50d3e1a4f6334f", kill_on_drop: false }`
[INFO] running `Command { std: "docker" "rm" "-f" "c0e4f12fa88df97b856687ccdc71a293223c693d9de787fe7f50d3e1a4f6334f", kill_on_drop: false }`
[INFO] [stdout] c0e4f12fa88df97b856687ccdc71a293223c693d9de787fe7f50d3e1a4f6334f
[INFO] running `Command { std: "docker" "create" "-v" "/var/lib/crater-agent-workspace/builds/worker-0/target:/opt/rustwide/target:rw,Z" "-v" "/var/lib/crater-agent-workspace/builds/worker-0/source:/opt/rustwide/workdir:ro,Z" "-v" "/var/lib/crater-agent-workspace/cargo-home:/opt/rustwide/cargo-home:ro,Z" "-v" "/var/lib/crater-agent-workspace/rustup-home:/opt/rustwide/rustup-home:ro,Z" "-e" "SOURCE_DIR=/opt/rustwide/workdir" "-e" "CARGO_TARGET_DIR=/opt/rustwide/target" "-e" "CARGO_INCREMENTAL=0" "-e" "RUST_BACKTRACE=full" "-e" "RUSTFLAGS=--cap-lints=forbid" "-e" "CARGO_HOME=/opt/rustwide/cargo-home" "-e" "RUSTUP_HOME=/opt/rustwide/rustup-home" "-w" "/opt/rustwide/workdir" "-m" "1610612736" "--user" "0:0" "--network" "none" "rustops/crates-build-env@sha256:a636fd89d022f18117e1dc8fb37a0a009933cdbbe082814857f0e2024962d47c" "/opt/rustwide/cargo-home/bin/cargo" "+beta-2020-07-24" "check" "--frozen" "--all" "--all-targets" "--message-format=json", kill_on_drop: false }`
[INFO] [stdout] 6e4ce1b32f98ca805e2abf849c37f1e83932a1297228aeafe6e8ad407325fc74
[INFO] [stderr] WARNING: Your kernel does not support swap limit capabilities or the cgroup is not mounted. Memory limited without swap.
[INFO] running `Command { std: "docker" "start" "-a" "6e4ce1b32f98ca805e2abf849c37f1e83932a1297228aeafe6e8ad407325fc74", kill_on_drop: false }`
[INFO] [stderr]    Compiling bitflags v1.0.4
[INFO] [stderr]     Checking libc v0.2.43
[INFO] [stderr]    Compiling unicode-xid v0.1.0
[INFO] [stderr]    Compiling cfg-if v0.1.5
[INFO] [stderr]    Compiling cc v1.0.23
[INFO] [stderr]    Compiling num-traits v0.2.5
[INFO] [stderr]    Compiling proc-macro2 v0.4.19
[INFO] [stderr]     Checking nodrop v0.1.12
[INFO] [stderr]     Checking byteorder v1.2.6
[INFO] [stderr]     Checking piston-float v0.3.0
[INFO] [stderr]    Compiling serde v1.0.79
[INFO] [stderr]    Compiling glob v0.2.11
[INFO] [stderr]    Compiling num-integer v0.1.39
[INFO] [stderr]     Checking either v1.5.0
[INFO] [stderr]     Checking scopeguard v0.3.3
[INFO] [stderr]     Checking memoffset v0.2.1
[INFO] [stderr]    Compiling ucd-util v0.1.1
[INFO] [stderr]    Compiling regex v1.0.4
[INFO] [stderr]     Checking token_store v0.1.2
[INFO] [stderr]     Checking rand_core v0.2.1
[INFO] [stderr]     Checking adler32 v1.0.3
[INFO] [stderr]    Compiling unicode-width v0.1.5
[INFO] [stderr]    Compiling utf8-ranges v1.0.1
[INFO] [stderr]    Compiling num-iter v0.1.37
[INFO] [stderr]    Compiling quick-error v1.2.2
[INFO] [stderr]    Compiling termcolor v1.0.3
[INFO] [stderr]    Compiling vec_map v0.8.1
[INFO] [stderr]     Checking remove_dir_all v0.5.1
[INFO] [stderr]    Compiling strsim v0.7.0
[INFO] [stderr]    Compiling bindgen v0.37.4
[INFO] [stderr]    Compiling ansi_term v0.11.0
[INFO] [stderr]    Compiling num-complex v0.2.0
[INFO] [stderr]     Checking lzw v0.10.0
[INFO] [stderr]    Compiling peeking_take_while v0.1.2
[INFO] [stderr]     Checking color_quant v1.0.1
[INFO] [stderr]    Compiling matrixmultiply v0.1.14
[INFO] [stderr]     Checking scoped_threadpool v0.1.9
[INFO] [stderr]     Checking interpolation v0.1.0
[INFO] [stderr]    Compiling ryu v0.2.6
[INFO] [stderr]     Checking rawpointer v0.1.0
[INFO] [stderr]    Compiling openblas-src v0.6.0
[INFO] [stderr]    Compiling ndarray v0.12.0
[INFO] [stderr]     Checking fnv v1.0.6
[INFO] [stderr]     Checking blas-src v0.2.1
[INFO] [stderr]     Checking piston-shaders_graphics2d v0.3.1
[INFO] [stderr]    Compiling mono_slam v0.1.0 (/opt/rustwide/workdir)
[INFO] [stderr]    Compiling lazy_static v1.1.0
[INFO] [stderr]    Compiling xml-rs v0.7.0
[INFO] [stderr]    Compiling log v0.4.4
[INFO] [stderr]     Checking crossbeam-utils v0.2.2
[INFO] [stderr]     Checking arrayvec v0.4.7
[INFO] [stderr]     Checking draw_state v0.8.0
[INFO] [stderr]     Checking piston-viewport v0.3.0
[INFO] [stderr]     Checking vecmath v0.3.1
[INFO] [stderr]    Compiling proc-macro2 v0.3.5
[INFO] [stderr]     Checking itertools v0.7.8
[INFO] [stderr]    Compiling syn v0.10.8
[INFO] [stderr]    Compiling regex-syntax v0.6.2
[INFO] [stderr]     Checking stb_truetype v0.2.3
[INFO] [stderr]     Checking inflate v0.4.3
[INFO] [stderr]     Checking deflate v0.7.18
[INFO] [stderr]    Compiling textwrap v0.10.0
[INFO] [stderr]    Compiling x11-dl v2.18.3
[INFO] [stderr]    Compiling humantime v1.1.1
[INFO] [stderr]     Checking num_cpus v1.8.0
[INFO] [stderr]     Checking rand v0.5.5
[INFO] [stderr]     Checking memmap v0.6.2
[INFO] [stderr]     Checking lapacke-sys v0.1.4
[INFO] [stderr]     Checking cblas-sys v0.1.4
[INFO] [stderr]    Compiling memchr v2.0.2
[INFO] [stderr]    Compiling memchr v1.0.2
[INFO] [stderr]    Compiling atty v0.2.11
[INFO] [stderr]    Compiling which v1.0.5
[INFO] [stderr]     Checking gif v0.10.0
[INFO] [stderr]    Compiling rayon v1.0.2
[INFO] [stderr]    Compiling clang-sys v0.23.0
[INFO] [stderr] error: failed to run custom build command for `openblas-src v0.6.0`
[INFO] [stderr] 
[INFO] [stderr] Caused by:
[INFO] [stderr]   process didn't exit successfully: `/opt/rustwide/target/debug/build/openblas-src-df863f0263898eb6/build-script-build` (exit code: 101)
[INFO] [stderr]   --- stdout
[INFO] [stderr]   Running: `"make" "libs" "netlib" "shared" "BINARY=64" "YES_CBLAS=1" "YES_LAPACKE=1" "-j14"`
[INFO] [stderr] 
[INFO] [stderr]   --- stderr
[INFO] [stderr]   /usr/bin/ld: cannot open output file getarch: Read-only file system
[INFO] [stderr]   collect2: error: ld returned 1 exit status
[INFO] [stderr]   make: *** [Makefile.prebuild:62: getarch] Error 1
[INFO] [stderr]   Makefile.system:1001: Makefile.: No such file or directory
[INFO] [stderr]   make: *** No rule to make target 'Makefile.'.  Stop.
[INFO] [stderr]   thread 'main' panicked at 'Failed: `"make" "libs" "netlib" "shared" "BINARY=64" "YES_CBLAS=1" "YES_LAPACKE=1" "-j14"` (exit code: 2)', /opt/rustwide/cargo-home/registry/src/github.com-1ecc6299db9ec823/openblas-src-0.6.0/build.rs:50:13
[INFO] [stderr]   stack backtrace:
[INFO] [stderr]      0:     0x5559194f8395 - backtrace::backtrace::libunwind::trace::h5e2646fa3eddf2ea
[INFO] [stderr]                                  at /cargo/registry/src/github.com-1ecc6299db9ec823/backtrace-0.3.46/src/backtrace/libunwind.rs:86
[INFO] [stderr]      1:     0x5559194f8395 - backtrace::backtrace::trace_unsynchronized::hb95dd7f77ce47877
[INFO] [stderr]                                  at /cargo/registry/src/github.com-1ecc6299db9ec823/backtrace-0.3.46/src/backtrace/mod.rs:66
[INFO] [stderr]      2:     0x5559194f8395 - std::sys_common::backtrace::_print_fmt::h5e71b67af43fd70d
[INFO] [stderr]                                  at src/libstd/sys_common/backtrace.rs:78
[INFO] [stderr]      3:     0x5559194f8395 - <std::sys_common::backtrace::_print::DisplayBacktrace as core::fmt::Display>::fmt::hdb4a83d2b61107e5
[INFO] [stderr]                                  at src/libstd/sys_common/backtrace.rs:59
[INFO] [stderr]      4:     0x55591951a2fc - core::fmt::write::ha20e7262fa3e8a7a
[INFO] [stderr]                                  at src/libcore/fmt/mod.rs:1076
[INFO] [stderr]      5:     0x5559194f6322 - std::io::Write::write_fmt::h1aebfe8a5a79e36d
[INFO] [stderr]                                  at src/libstd/io/mod.rs:1537
[INFO] [stderr]      6:     0x5559194fa7d0 - std::sys_common::backtrace::_print::h9c07314cc66ba539
[INFO] [stderr]                                  at src/libstd/sys_common/backtrace.rs:62
[INFO] [stderr]      7:     0x5559194fa7d0 - std::sys_common::backtrace::print::hd1fd65f49a2d8544
[INFO] [stderr]                                  at src/libstd/sys_common/backtrace.rs:49
[INFO] [stderr]      8:     0x5559194fa7d0 - std::panicking::default_hook::{{closure}}::h222da46485ab36fc
[INFO] [stderr]                                  at src/libstd/panicking.rs:198
[INFO] [stderr]      9:     0x5559194fa51c - std::panicking::default_hook::hc5868949d129ed00
[INFO] [stderr]                                  at src/libstd/panicking.rs:217
[INFO] [stderr]     10:     0x5559194fae13 - std::panicking::rust_panic_with_hook::h26a6ab8b0993c0c8
[INFO] [stderr]                                  at src/libstd/panicking.rs:526
[INFO] [stderr]     11:     0x5559194faa0b - rust_begin_unwind
[INFO] [stderr]                                  at src/libstd/panicking.rs:437
[INFO] [stderr]     12:     0x5559194fa97b - std::panicking::begin_panic_fmt::h2ff295231415d4a6
[INFO] [stderr]                                  at src/libstd/panicking.rs:391
[INFO] [stderr]     13:     0x5559194e2a15 - build_script_build::run::h19fb0328f4df197b
[INFO] [stderr]                                  at /opt/rustwide/cargo-home/registry/src/github.com-1ecc6299db9ec823/openblas-src-0.6.0/build.rs:50
[INFO] [stderr]     14:     0x5559194e2209 - build_script_build::main::h49752588772158ee
[INFO] [stderr]                                  at /opt/rustwide/cargo-home/registry/src/github.com-1ecc6299db9ec823/openblas-src-0.6.0/build.rs:22
[INFO] [stderr]     15:     0x5559194ee09b - std::rt::lang_start::{{closure}}::h8635abe2d21f7b95
[INFO] [stderr]                                  at /rustc/6f959902b3103c49ca981fbc01871589c3498489/src/libstd/rt.rs:67
[INFO] [stderr]     16:     0x5559194fb1e3 - std::rt::lang_start_internal::{{closure}}::h84a998219831fa70
[INFO] [stderr]                                  at src/libstd/rt.rs:52
[INFO] [stderr]     17:     0x5559194fb1e3 - std::panicking::try::do_call::he8e1d689a3e26def
[INFO] [stderr]                                  at src/libstd/panicking.rs:348
[INFO] [stderr]     18:     0x5559194fb1e3 - std::panicking::try::h264b6eebc2fa7bbf
[INFO] [stderr]                                  at src/libstd/panicking.rs:325
[INFO] [stderr]     19:     0x5559194fb1e3 - std::panic::catch_unwind::hbf28fafa723b2128
[INFO] [stderr]                                  at src/libstd/panic.rs:394
[INFO] [stderr]     20:     0x5559194fb1e3 - std::rt::lang_start_internal::he959aa59bc3ec202
[INFO] [stderr]                                  at src/libstd/rt.rs:51
[INFO] [stderr]     21:     0x5559194ee077 - std::rt::lang_start::ha0f93aa50a1a9e9e
[INFO] [stderr]                                  at /rustc/6f959902b3103c49ca981fbc01871589c3498489/src/libstd/rt.rs:67
[INFO] [stderr]     22:     0x5559194e2b3a - main
[INFO] [stderr]     23:     0x7effa33830b3 - __libc_start_main
[INFO] [stderr]     24:     0x5559194e017e - _start
[INFO] [stderr]     25:                0x0 - <unknown>
[INFO] [stderr] warning: build failed, waiting for other jobs to finish...
[INFO] [stderr] error: build failed
[INFO] running `Command { std: "docker" "inspect" "6e4ce1b32f98ca805e2abf849c37f1e83932a1297228aeafe6e8ad407325fc74", kill_on_drop: false }`
[INFO] running `Command { std: "docker" "rm" "-f" "6e4ce1b32f98ca805e2abf849c37f1e83932a1297228aeafe6e8ad407325fc74", kill_on_drop: false }`
[INFO] [stdout] 6e4ce1b32f98ca805e2abf849c37f1e83932a1297228aeafe6e8ad407325fc74
