[INFO] cloning repository https://github.com/sd-rust/fusion-shell
[INFO] running `Command { std: "git" "-c" "credential.helper=" "-c" "credential.helper=/workspace/cargo-home/bin/git-credential-null" "clone" "--bare" "https://github.com/sd-rust/fusion-shell" "/workspace/cache/git-repos/https%3A%2F%2Fgithub.com%2Fsd-rust%2Ffusion-shell", kill_on_drop: false }`
[INFO] [stderr] Cloning into bare repository '/workspace/cache/git-repos/https%3A%2F%2Fgithub.com%2Fsd-rust%2Ffusion-shell'...
[INFO] running `Command { std: "git" "rev-parse" "HEAD", kill_on_drop: false }`
[INFO] [stdout] 776d9376312d4339ef66ca321109a3808b9fb0d9
[INFO] checking sd-rust/fusion-shell against beta-2020-07-24 for pr-75494-beta
[INFO] running `Command { std: "git" "clone" "/workspace/cache/git-repos/https%3A%2F%2Fgithub.com%2Fsd-rust%2Ffusion-shell" "/workspace/builds/worker-0/source", kill_on_drop: false }`
[INFO] [stderr] Cloning into '/workspace/builds/worker-0/source'...
[INFO] [stderr] done.
[INFO] validating manifest of git repo https://github.com/sd-rust/fusion-shell on toolchain beta-2020-07-24
[INFO] running `Command { std: "/workspace/cargo-home/bin/cargo" "+beta-2020-07-24" "read-manifest" "--manifest-path" "Cargo.toml", kill_on_drop: false }`
[INFO] started tweaking git repo https://github.com/sd-rust/fusion-shell
[INFO] finished tweaking git repo https://github.com/sd-rust/fusion-shell
[INFO] tweaked toml for git repo https://github.com/sd-rust/fusion-shell written to /workspace/builds/worker-0/source/Cargo.toml
[INFO] crate git repo https://github.com/sd-rust/fusion-shell already has a lockfile, it will not be regenerated
[INFO] running `Command { std: "/workspace/cargo-home/bin/cargo" "+beta-2020-07-24" "fetch" "--locked" "--manifest-path" "Cargo.toml", kill_on_drop: false }`
[INFO] running `Command { std: "docker" "create" "-v" "/var/lib/crater-agent-workspace/builds/worker-0/target:/opt/rustwide/target:rw,Z" "-v" "/var/lib/crater-agent-workspace/builds/worker-0/source:/opt/rustwide/workdir:ro,Z" "-v" "/var/lib/crater-agent-workspace/cargo-home:/opt/rustwide/cargo-home:ro,Z" "-v" "/var/lib/crater-agent-workspace/rustup-home:/opt/rustwide/rustup-home:ro,Z" "-e" "SOURCE_DIR=/opt/rustwide/workdir" "-e" "CARGO_TARGET_DIR=/opt/rustwide/target" "-e" "CARGO_HOME=/opt/rustwide/cargo-home" "-e" "RUSTUP_HOME=/opt/rustwide/rustup-home" "-w" "/opt/rustwide/workdir" "-m" "1610612736" "--user" "0:0" "--network" "none" "rustops/crates-build-env@sha256:a636fd89d022f18117e1dc8fb37a0a009933cdbbe082814857f0e2024962d47c" "/opt/rustwide/cargo-home/bin/cargo" "+beta-2020-07-24" "metadata" "--no-deps" "--format-version=1", kill_on_drop: false }`
[INFO] [stdout] c04ba62bbe5eee1923279298fc0059d40d2daddb906b6abd9b9f1a5875e24a34
[INFO] [stderr] WARNING: Your kernel does not support swap limit capabilities or the cgroup is not mounted. Memory limited without swap.
[INFO] running `Command { std: "docker" "start" "-a" "c04ba62bbe5eee1923279298fc0059d40d2daddb906b6abd9b9f1a5875e24a34", kill_on_drop: false }`
[INFO] running `Command { std: "docker" "inspect" "c04ba62bbe5eee1923279298fc0059d40d2daddb906b6abd9b9f1a5875e24a34", kill_on_drop: false }`
[INFO] running `Command { std: "docker" "rm" "-f" "c04ba62bbe5eee1923279298fc0059d40d2daddb906b6abd9b9f1a5875e24a34", kill_on_drop: false }`
[INFO] [stdout] c04ba62bbe5eee1923279298fc0059d40d2daddb906b6abd9b9f1a5875e24a34
[INFO] running `Command { std: "docker" "create" "-v" "/var/lib/crater-agent-workspace/builds/worker-0/target:/opt/rustwide/target:rw,Z" "-v" "/var/lib/crater-agent-workspace/builds/worker-0/source:/opt/rustwide/workdir:ro,Z" "-v" "/var/lib/crater-agent-workspace/cargo-home:/opt/rustwide/cargo-home:ro,Z" "-v" "/var/lib/crater-agent-workspace/rustup-home:/opt/rustwide/rustup-home:ro,Z" "-e" "SOURCE_DIR=/opt/rustwide/workdir" "-e" "CARGO_TARGET_DIR=/opt/rustwide/target" "-e" "CARGO_INCREMENTAL=0" "-e" "RUST_BACKTRACE=full" "-e" "RUSTFLAGS=--cap-lints=forbid" "-e" "CARGO_HOME=/opt/rustwide/cargo-home" "-e" "RUSTUP_HOME=/opt/rustwide/rustup-home" "-w" "/opt/rustwide/workdir" "-m" "1610612736" "--user" "0:0" "--network" "none" "rustops/crates-build-env@sha256:a636fd89d022f18117e1dc8fb37a0a009933cdbbe082814857f0e2024962d47c" "/opt/rustwide/cargo-home/bin/cargo" "+beta-2020-07-24" "check" "--frozen" "--all" "--all-targets" "--message-format=json", kill_on_drop: false }`
[INFO] [stderr] WARNING: Your kernel does not support swap limit capabilities or the cgroup is not mounted. Memory limited without swap.
[INFO] [stdout] 8331a21e67dfc27360ce3477805a515dbf57c2cf8abeaa04bac4ee815cc41270
[INFO] running `Command { std: "docker" "start" "-a" "8331a21e67dfc27360ce3477805a515dbf57c2cf8abeaa04bac4ee815cc41270", kill_on_drop: false }`
[INFO] [stderr]     Checking unicode-width v0.1.4
[INFO] [stderr]     Checking encode_unicode v0.1.3
[INFO] [stderr]    Compiling peg v0.5.1
[INFO] [stderr]     Checking nix v0.5.1
[INFO] [stderr]    Compiling fusion-shell v0.1.0 (/opt/rustwide/workdir)
[INFO] [stderr]     Checking rustyline v1.0.0
[INFO] [stdout] error[E0554]: `#![feature]` may not be used on the beta release channel
[INFO] [stdout]  --> src/main.rs:3:1
[INFO] [stdout]   |
[INFO] [stdout] 3 | #![feature(plugin)]
[INFO] [stdout]   | ^^^^^^^^^^^^^^^^^^^
[INFO] [stdout] 
[INFO] [stdout] 
[INFO] [stdout] error[E0554]: `#![feature]` may not be used on the beta release channel
[INFO] [stdout]  --> src/main.rs:4:1
[INFO] [stdout]   |
[INFO] [stdout] 4 | #![feature(slice_patterns)]
[INFO] [stdout]   | ^^^^^^^^^^^^^^^^^^^^^^^^^^^
[INFO] [stdout] 
[INFO] [stdout] 
[INFO] [stdout] warning: use of deprecated item 'try': use the `?` operator instead
[INFO] [stdout]   --> /opt/rustwide/target/debug/build/fusion-shell-9f1059e0a7e7596d/out/fsh.rs:18:9
[INFO] [stdout]    |
[INFO] [stdout] 18 |         try !
[INFO] [stdout]    |         ^^^
[INFO] [stdout]    |
[INFO] [stdout]    = note: `#[warn(deprecated)]` on by default
[INFO] [stdout] 
[INFO] [stdout] 
[INFO] [stdout] warning: use of deprecated item 'try': use the `?` operator instead
[INFO] [stdout]   --> /opt/rustwide/target/debug/build/fusion-shell-9f1059e0a7e7596d/out/fsh.rs:21:40
[INFO] [stdout]    |
[INFO] [stdout] 21 |         self . expected . len() == 0 { try ! (write ! (fmt, "EOF")) ; } else
[INFO] [stdout]    |                                        ^^^
[INFO] [stdout] 
[INFO] [stdout] 
[INFO] [stdout] warning: use of deprecated item 'try': use the `?` operator instead
[INFO] [stdout]   --> /opt/rustwide/target/debug/build/fusion-shell-9f1059e0a7e7596d/out/fsh.rs:24:13
[INFO] [stdout]    |
[INFO] [stdout] 24 |             try !
[INFO] [stdout]    |             ^^^
[INFO] [stdout] 
[INFO] [stdout] 
[INFO] [stdout] warning: use of deprecated item 'try': use the `?` operator instead
[INFO] [stdout]   --> /opt/rustwide/target/debug/build/fusion-shell-9f1059e0a7e7596d/out/fsh.rs:30:55
[INFO] [stdout]    |
[INFO] [stdout] 30 |             let mut iter = self . expected . iter() ; try !
[INFO] [stdout]    |                                                       ^^^
[INFO] [stdout] 
[INFO] [stdout] 
[INFO] [stdout] warning: use of deprecated item 'try': use the `?` operator instead
[INFO] [stdout]   --> /opt/rustwide/target/debug/build/fusion-shell-9f1059e0a7e7596d/out/fsh.rs:34:15
[INFO] [stdout]    |
[INFO] [stdout] 34 |             { try ! (write ! (fmt, ", `{}`", escape_default(elem))) ; }
[INFO] [stdout]    |               ^^^
[INFO] [stdout] 
[INFO] [stdout] 
[INFO] [stdout] warning: `...` range patterns are deprecated
[INFO] [stdout]    --> /opt/rustwide/target/debug/build/fusion-shell-9f1059e0a7e7596d/out/fsh.rs:108:443
[INFO] [stdout]     |
[INFO] [stdout] 108 | ...nge_at ( __input , __pos ) ; match __ch { '0' ... '9' => Matched ( __next , ( ) ) , _ => __state . mark_failure ( __pos , "[0-9]" ) , ...
[INFO] [stdout]     |                                                  ^^^ help: use `..=` for an inclusive range
[INFO] [stdout]     |
[INFO] [stdout]     = note: `#[warn(ellipsis_inclusive_range_patterns)]` on by default
[INFO] [stdout] 
[INFO] [stdout] 
[INFO] [stdout] warning: `...` range patterns are deprecated
[INFO] [stdout]    --> /opt/rustwide/target/debug/build/fusion-shell-9f1059e0a7e7596d/out/fsh.rs:133:688
[INFO] [stdout]     |
[INFO] [stdout] 133 | ... ( __input , __pos ) ; match __ch { '_' | 'a' ... 'z' | 'A' ... 'Z' => Matched ( __next , ( ) ) , _ => __state . mark_failure ( __pos ...
[INFO] [stdout]     |                                                  ^^^ help: use `..=` for an inclusive range
[INFO] [stdout] 
[INFO] [stdout] 
[INFO] [stdout] warning: `...` range patterns are deprecated
[INFO] [stdout]    --> /opt/rustwide/target/debug/build/fusion-shell-9f1059e0a7e7596d/out/fsh.rs:133:702
[INFO] [stdout]     |
[INFO] [stdout] 133 | ..._pos ) ; match __ch { '_' | 'a' ... 'z' | 'A' ... 'Z' => Matched ( __next , ( ) ) , _ => __state . mark_failure ( __pos , "[_a-zA-Z]" ...
[INFO] [stdout]     |                                                  ^^^ help: use `..=` for an inclusive range
[INFO] [stdout] 
[INFO] [stdout] 
[INFO] [stdout] warning: `...` range patterns are deprecated
[INFO] [stdout]    --> /opt/rustwide/target/debug/build/fusion-shell-9f1059e0a7e7596d/out/fsh.rs:133:1095
[INFO] [stdout]     |
[INFO] [stdout] 133 | ... ( __input , __pos ) ; match __ch { '_' | 'a' ... 'z' | 'A' ... 'Z' | '0' ... '9' => Matched ( __next , ( ) ) , _ => __state . mark_fa...
[INFO] [stdout]     |                                                  ^^^ help: use `..=` for an inclusive range
[INFO] [stdout] 
[INFO] [stdout] 
[INFO] [stdout] warning: `...` range patterns are deprecated
[INFO] [stdout]    --> /opt/rustwide/target/debug/build/fusion-shell-9f1059e0a7e7596d/out/fsh.rs:133:1109
[INFO] [stdout]     |
[INFO] [stdout] 133 | ..._pos ) ; match __ch { '_' | 'a' ... 'z' | 'A' ... 'Z' | '0' ... '9' => Matched ( __next , ( ) ) , _ => __state . mark_failure ( __pos ...
[INFO] [stdout]     |                                                  ^^^ help: use `..=` for an inclusive range
[INFO] [stdout] 
[INFO] [stdout] 
[INFO] [stdout] warning: `...` range patterns are deprecated
[INFO] [stdout]    --> /opt/rustwide/target/debug/build/fusion-shell-9f1059e0a7e7596d/out/fsh.rs:133:1123
[INFO] [stdout]     |
[INFO] [stdout] 133 | ... __ch { '_' | 'a' ... 'z' | 'A' ... 'Z' | '0' ... '9' => Matched ( __next , ( ) ) , _ => __state . mark_failure ( __pos , "[_a-zA-Z0-9...
[INFO] [stdout]     |                                                  ^^^ help: use `..=` for an inclusive range
[INFO] [stdout] 
[INFO] [stdout] 
[INFO] [stdout] error[E0554]: `#![feature]` may not be used on the beta release channel
[INFO] [stdout]  --> src/main.rs:3:1
[INFO] [stdout]   |
[INFO] [stdout] 3 | #![feature(plugin)]
[INFO] [stdout]   | ^^^^^^^^^^^^^^^^^^^
[INFO] [stdout] 
[INFO] [stdout] 
[INFO] [stdout] error[E0554]: `#![feature]` may not be used on the beta release channel
[INFO] [stdout]  --> src/main.rs:4:1
[INFO] [stdout]   |
[INFO] [stdout] 4 | #![feature(slice_patterns)]
[INFO] [stdout]   | ^^^^^^^^^^^^^^^^^^^^^^^^^^^
[INFO] [stdout] 
[INFO] [stdout] 
[INFO] [stdout] warning: use of deprecated item 'try': use the `?` operator instead
[INFO] [stdout]   --> /opt/rustwide/target/debug/build/fusion-shell-9f1059e0a7e7596d/out/fsh.rs:18:9
[INFO] [stdout]    |
[INFO] [stdout] 18 |         try !
[INFO] [stdout]    |         ^^^
[INFO] [stdout]    |
[INFO] [stdout]    = note: `#[warn(deprecated)]` on by default
[INFO] [stdout] 
[INFO] [stdout] 
[INFO] [stdout] warning: use of deprecated item 'try': use the `?` operator instead
[INFO] [stdout]   --> /opt/rustwide/target/debug/build/fusion-shell-9f1059e0a7e7596d/out/fsh.rs:21:40
[INFO] [stdout]    |
[INFO] [stdout] 21 |         self . expected . len() == 0 { try ! (write ! (fmt, "EOF")) ; } else
[INFO] [stdout]    |                                        ^^^
[INFO] [stdout] 
[INFO] [stdout] 
[INFO] [stdout] warning: use of deprecated item 'try': use the `?` operator instead
[INFO] [stdout]   --> /opt/rustwide/target/debug/build/fusion-shell-9f1059e0a7e7596d/out/fsh.rs:24:13
[INFO] [stdout]    |
[INFO] [stdout] 24 |             try !
[INFO] [stdout]    |             ^^^
[INFO] [stdout] 
[INFO] [stdout] 
[INFO] [stdout] warning: use of deprecated item 'try': use the `?` operator instead
[INFO] [stdout]   --> /opt/rustwide/target/debug/build/fusion-shell-9f1059e0a7e7596d/out/fsh.rs:30:55
[INFO] [stdout]    |
[INFO] [stdout] 30 |             let mut iter = self . expected . iter() ; try !
[INFO] [stdout]    |                                                       ^^^
[INFO] [stdout] 
[INFO] [stdout] 
[INFO] [stdout] warning: use of deprecated item 'try': use the `?` operator instead
[INFO] [stdout]   --> /opt/rustwide/target/debug/build/fusion-shell-9f1059e0a7e7596d/out/fsh.rs:34:15
[INFO] [stdout]    |
[INFO] [stdout] 34 |             { try ! (write ! (fmt, ", `{}`", escape_default(elem))) ; }
[INFO] [stdout]    |               ^^^
[INFO] [stdout] 
[INFO] [stdout] 
[INFO] [stdout] warning: `...` range patterns are deprecated
[INFO] [stdout]    --> /opt/rustwide/target/debug/build/fusion-shell-9f1059e0a7e7596d/out/fsh.rs:108:443
[INFO] [stdout]     |
[INFO] [stdout] 108 | ...nge_at ( __input , __pos ) ; match __ch { '0' ... '9' => Matched ( __next , ( ) ) , _ => __state . mark_failure ( __pos , "[0-9]" ) , ...
[INFO] [stdout]     |                                                  ^^^ help: use `..=` for an inclusive range
[INFO] [stdout]     |
[INFO] [stdout]     = note: `#[warn(ellipsis_inclusive_range_patterns)]` on by default
[INFO] [stdout] 
[INFO] [stdout] 
[INFO] [stdout] warning: `...` range patterns are deprecated
[INFO] [stdout]    --> /opt/rustwide/target/debug/build/fusion-shell-9f1059e0a7e7596d/out/fsh.rs:133:688
[INFO] [stdout]     |
[INFO] [stdout] 133 | ... ( __input , __pos ) ; match __ch { '_' | 'a' ... 'z' | 'A' ... 'Z' => Matched ( __next , ( ) ) , _ => __state . mark_failure ( __pos ...
[INFO] [stdout]     |                                                  ^^^ help: use `..=` for an inclusive range
[INFO] [stdout] 
[INFO] [stdout] 
[INFO] [stdout] warning: `...` range patterns are deprecated
[INFO] [stdout]    --> /opt/rustwide/target/debug/build/fusion-shell-9f1059e0a7e7596d/out/fsh.rs:133:702
[INFO] [stdout]     |
[INFO] [stdout] 133 | ..._pos ) ; match __ch { '_' | 'a' ... 'z' | 'A' ... 'Z' => Matched ( __next , ( ) ) , _ => __state . mark_failure ( __pos , "[_a-zA-Z]" ...
[INFO] [stdout]     |                                                  ^^^ help: use `..=` for an inclusive range
[INFO] [stdout] 
[INFO] [stdout] 
[INFO] [stdout] warning: `...` range patterns are deprecated
[INFO] [stdout]    --> /opt/rustwide/target/debug/build/fusion-shell-9f1059e0a7e7596d/out/fsh.rs:133:1095
[INFO] [stdout]     |
[INFO] [stdout] 133 | ... ( __input , __pos ) ; match __ch { '_' | 'a' ... 'z' | 'A' ... 'Z' | '0' ... '9' => Matched ( __next , ( ) ) , _ => __state . mark_fa...
[INFO] [stdout]     |                                                  ^^^ help: use `..=` for an inclusive range
[INFO] [stdout] 
[INFO] [stdout] 
[INFO] [stdout] warning: `...` range patterns are deprecated
[INFO] [stdout]    --> /opt/rustwide/target/debug/build/fusion-shell-9f1059e0a7e7596d/out/fsh.rs:133:1109
[INFO] [stdout]     |
[INFO] [stdout] 133 | ..._pos ) ; match __ch { '_' | 'a' ... 'z' | 'A' ... 'Z' | '0' ... '9' => Matched ( __next , ( ) ) , _ => __state . mark_failure ( __pos ...
[INFO] [stdout]     |                                                  ^^^ help: use `..=` for an inclusive range
[INFO] [stdout] 
[INFO] [stdout] 
[INFO] [stdout] warning: `...` range patterns are deprecated
[INFO] [stdout]    --> /opt/rustwide/target/debug/build/fusion-shell-9f1059e0a7e7596d/out/fsh.rs:133:1123
[INFO] [stdout]     |
[INFO] [stdout] 133 | ... __ch { '_' | 'a' ... 'z' | 'A' ... 'Z' | '0' ... '9' => Matched ( __next , ( ) ) , _ => __state . mark_failure ( __pos , "[_a-zA-Z0-9...
[INFO] [stdout]     |                                                  ^^^ help: use `..=` for an inclusive range
[INFO] [stdout] 
[INFO] [stdout] 
[INFO] [stdout] error: aborting due to 2 previous errors; 11 warnings emitted
[INFO] [stdout] 
[INFO] [stdout] 
[INFO] [stdout] For more information about this error, try `rustc --explain E0554`.
[INFO] [stdout] 
[INFO] [stderr] error: could not compile `fusion-shell`.
[INFO] [stdout] error: aborting due to 2 previous errors; 11 warnings emitted
[INFO] [stdout] 
[INFO] [stdout] 
[INFO] [stderr] 
[INFO] [stdout] For more information about this error, try `rustc --explain E0554`.
[INFO] [stdout] 
[INFO] [stderr] To learn more, run the command again with --verbose.
[INFO] [stderr] warning: build failed, waiting for other jobs to finish...
[INFO] [stderr] error: build failed
[INFO] running `Command { std: "docker" "inspect" "8331a21e67dfc27360ce3477805a515dbf57c2cf8abeaa04bac4ee815cc41270", kill_on_drop: false }`
[INFO] running `Command { std: "docker" "rm" "-f" "8331a21e67dfc27360ce3477805a515dbf57c2cf8abeaa04bac4ee815cc41270", kill_on_drop: false }`
[INFO] [stdout] 8331a21e67dfc27360ce3477805a515dbf57c2cf8abeaa04bac4ee815cc41270
