[INFO] cloning repository https://github.com/scullionw/eseabuddy
[INFO] running `Command { std: "git" "-c" "credential.helper=" "-c" "credential.helper=/workspace/cargo-home/bin/git-credential-null" "clone" "--bare" "https://github.com/scullionw/eseabuddy" "/workspace/cache/git-repos/https%3A%2F%2Fgithub.com%2Fscullionw%2Feseabuddy", kill_on_drop: false }`
[INFO] [stderr] Cloning into bare repository '/workspace/cache/git-repos/https%3A%2F%2Fgithub.com%2Fscullionw%2Feseabuddy'...
[INFO] running `Command { std: "git" "rev-parse" "HEAD", kill_on_drop: false }`
[INFO] [stdout] e2f78ee61f2de1c796b761cf4f6075c0deb6a5b0
[INFO] checking scullionw/eseabuddy against beta-2020-07-24 for pr-75494-beta
[INFO] running `Command { std: "git" "clone" "/workspace/cache/git-repos/https%3A%2F%2Fgithub.com%2Fscullionw%2Feseabuddy" "/workspace/builds/worker-4/source", kill_on_drop: false }`
[INFO] [stderr] Cloning into '/workspace/builds/worker-4/source'...
[INFO] [stderr] done.
[INFO] validating manifest of git repo https://github.com/scullionw/eseabuddy on toolchain beta-2020-07-24
[INFO] running `Command { std: "/workspace/cargo-home/bin/cargo" "+beta-2020-07-24" "read-manifest" "--manifest-path" "Cargo.toml", kill_on_drop: false }`
[INFO] started tweaking git repo https://github.com/scullionw/eseabuddy
[INFO] finished tweaking git repo https://github.com/scullionw/eseabuddy
[INFO] tweaked toml for git repo https://github.com/scullionw/eseabuddy written to /workspace/builds/worker-4/source/Cargo.toml
[INFO] crate git repo https://github.com/scullionw/eseabuddy already has a lockfile, it will not be regenerated
[INFO] running `Command { std: "/workspace/cargo-home/bin/cargo" "+beta-2020-07-24" "fetch" "--locked" "--manifest-path" "Cargo.toml", kill_on_drop: false }`
[INFO] [stderr]     Updating git repository `https://github.com/scullionw/binpack.git`
[INFO] [stderr]     Blocking waiting for file lock on package cache
[INFO] running `Command { std: "docker" "create" "-v" "/var/lib/crater-agent-workspace/builds/worker-4/target:/opt/rustwide/target:rw,Z" "-v" "/var/lib/crater-agent-workspace/builds/worker-4/source:/opt/rustwide/workdir:ro,Z" "-v" "/var/lib/crater-agent-workspace/cargo-home:/opt/rustwide/cargo-home:ro,Z" "-v" "/var/lib/crater-agent-workspace/rustup-home:/opt/rustwide/rustup-home:ro,Z" "-e" "SOURCE_DIR=/opt/rustwide/workdir" "-e" "CARGO_TARGET_DIR=/opt/rustwide/target" "-e" "CARGO_HOME=/opt/rustwide/cargo-home" "-e" "RUSTUP_HOME=/opt/rustwide/rustup-home" "-w" "/opt/rustwide/workdir" "-m" "1610612736" "--user" "0:0" "--network" "none" "rustops/crates-build-env@sha256:a636fd89d022f18117e1dc8fb37a0a009933cdbbe082814857f0e2024962d47c" "/opt/rustwide/cargo-home/bin/cargo" "+beta-2020-07-24" "metadata" "--no-deps" "--format-version=1", kill_on_drop: false }`
[INFO] [stdout] 062ae19e5cdf1cf73b0dc1eb6c27db5824b918d762fde8be33c7bdeae74eae34
[INFO] [stderr] WARNING: Your kernel does not support swap limit capabilities or the cgroup is not mounted. Memory limited without swap.
[INFO] running `Command { std: "docker" "start" "-a" "062ae19e5cdf1cf73b0dc1eb6c27db5824b918d762fde8be33c7bdeae74eae34", kill_on_drop: false }`
[INFO] running `Command { std: "docker" "inspect" "062ae19e5cdf1cf73b0dc1eb6c27db5824b918d762fde8be33c7bdeae74eae34", kill_on_drop: false }`
[INFO] running `Command { std: "docker" "rm" "-f" "062ae19e5cdf1cf73b0dc1eb6c27db5824b918d762fde8be33c7bdeae74eae34", kill_on_drop: false }`
[INFO] [stdout] 062ae19e5cdf1cf73b0dc1eb6c27db5824b918d762fde8be33c7bdeae74eae34
[INFO] running `Command { std: "docker" "create" "-v" "/var/lib/crater-agent-workspace/builds/worker-4/target:/opt/rustwide/target:rw,Z" "-v" "/var/lib/crater-agent-workspace/builds/worker-4/source:/opt/rustwide/workdir:ro,Z" "-v" "/var/lib/crater-agent-workspace/cargo-home:/opt/rustwide/cargo-home:ro,Z" "-v" "/var/lib/crater-agent-workspace/rustup-home:/opt/rustwide/rustup-home:ro,Z" "-e" "SOURCE_DIR=/opt/rustwide/workdir" "-e" "CARGO_TARGET_DIR=/opt/rustwide/target" "-e" "CARGO_INCREMENTAL=0" "-e" "RUST_BACKTRACE=full" "-e" "RUSTFLAGS=--cap-lints=forbid" "-e" "CARGO_HOME=/opt/rustwide/cargo-home" "-e" "RUSTUP_HOME=/opt/rustwide/rustup-home" "-w" "/opt/rustwide/workdir" "-m" "1610612736" "--user" "0:0" "--network" "none" "rustops/crates-build-env@sha256:a636fd89d022f18117e1dc8fb37a0a009933cdbbe082814857f0e2024962d47c" "/opt/rustwide/cargo-home/bin/cargo" "+beta-2020-07-24" "check" "--frozen" "--all" "--all-targets" "--message-format=json", kill_on_drop: false }`
[INFO] [stdout] 4acba9b6eab81440fb7bcf7b823c5cdc7e21638ce8efe5846c692f49f4dc8120
[INFO] [stderr] WARNING: Your kernel does not support swap limit capabilities or the cgroup is not mounted. Memory limited without swap.
[INFO] running `Command { std: "docker" "start" "-a" "4acba9b6eab81440fb7bcf7b823c5cdc7e21638ce8efe5846c692f49f4dc8120", kill_on_drop: false }`
[INFO] [stderr]    Compiling proc-macro2 v1.0.4
[INFO] [stderr]    Compiling same-file v1.0.5
[INFO] [stderr]    Compiling syn v1.0.5
[INFO] [stderr]     Checking remove_dir_all v0.5.2
[INFO] [stderr]     Checking rust-embed-utils v5.0.0
[INFO] [stderr]    Compiling syn v0.11.11
[INFO] [stderr]     Checking c2-chacha v0.2.2
[INFO] [stderr]     Checking getrandom v0.1.12
[INFO] [stderr]    Compiling walkdir v2.2.9
[INFO] [stderr]     Checking rand_core v0.5.1
[INFO] [stderr]     Checking rand_chacha v0.2.1
[INFO] [stderr]     Checking rand v0.7.2
[INFO] [stderr]    Compiling quote v1.0.2
[INFO] [stderr]     Checking tempfile v3.1.0
[INFO] [stderr]    Compiling rust-embed-impl v5.1.0
[INFO] [stderr]     Checking rust-embed v5.1.0
[INFO] [stderr]    Compiling binpack-macros v0.1.0 (https://github.com/scullionw/binpack.git#a17a9d30)
[INFO] [stderr]     Checking binpack v0.1.0 (https://github.com/scullionw/binpack.git#a17a9d30)
[INFO] [stderr]     Checking eseabuddy v0.1.0 (/opt/rustwide/workdir)
[INFO] [stdout] error: proc-macro derive panicked
[INFO] [stdout]  --> src/main.rs:5:10
[INFO] [stdout]   |
[INFO] [stdout] 5 | #[derive(Bundle)]
[INFO] [stdout]   |          ^^^^^^
[INFO] [stdout]   |
[INFO] [stdout]   = help: message: #[derive(RustEmbed)] folder 'dist/' does not exist. cwd: '/opt/rustwide/workdir'
[INFO] [stdout]   = note: this error originates in a derive macro (in Nightly builds, run with -Z macro-backtrace for more info)
[INFO] [stdout] 
[INFO] [stdout] 
[INFO] [stdout] error[E0433]: failed to resolve: could not find `windows` in `os`
[INFO] [stdout]  --> src/main.rs:5:10
[INFO] [stdout]   |
[INFO] [stdout] 5 | #[derive(Bundle)]
[INFO] [stdout]   |          ^^^^^^ could not find `windows` in `os`
[INFO] [stdout]   |
[INFO] [stdout]   = note: this error originates in a derive macro (in Nightly builds, run with -Z macro-backtrace for more info)
[INFO] [stdout] 
[INFO] [stdout] 
[INFO] [stdout] error: proc-macro derive panicked
[INFO] [stdout]  --> src/main.rs:5:10
[INFO] [stdout]   |
[INFO] [stdout] 5 | #[derive(Bundle)]
[INFO] [stdout]   |          ^^^^^^
[INFO] [stdout]   |
[INFO] [stdout]   = help: message: #[derive(RustEmbed)] folder 'dist/' does not exist. cwd: '/opt/rustwide/workdir'
[INFO] [stdout]   = note: this error originates in a derive macro (in Nightly builds, run with -Z macro-backtrace for more info)
[INFO] [stdout] 
[INFO] [stdout] 
[INFO] [stdout] error[E0433]: failed to resolve: could not find `windows` in `os`
[INFO] [stdout]  --> src/main.rs:5:10
[INFO] [stdout]   |
[INFO] [stdout] 5 | #[derive(Bundle)]
[INFO] [stdout]   |          ^^^^^^ could not find `windows` in `os`
[INFO] [stdout]   |
[INFO] [stdout]   = note: this error originates in a derive macro (in Nightly builds, run with -Z macro-backtrace for more info)
[INFO] [stdout] 
[INFO] [stdout] 
[INFO] [stdout] error[E0599]: no function or associated item named `iter` found for struct `__Asset` in the current scope
[INFO] [stdout]  --> src/main.rs:5:10
[INFO] [stdout]   |
[INFO] [stdout] 5 | #[derive(Bundle)]
[INFO] [stdout]   |          ^^^^^^
[INFO] [stdout]   |          |
[INFO] [stdout]   |          function or associated item `iter` not found for this
[INFO] [stdout]   |          function or associated item not found in `__Asset`
[INFO] [stdout]   |
[INFO] [stdout]   = help: items from traits can only be used if the trait is implemented and in scope
[INFO] [stdout]   = note: the following trait defines an item `iter`, perhaps you need to implement it:
[INFO] [stdout]           candidate #1: `binpack::rust_embed::RustEmbed`
[INFO] [stdout]   = note: this error originates in a derive macro (in Nightly builds, run with -Z macro-backtrace for more info)
[INFO] [stdout] 
[INFO] [stdout] 
[INFO] [stdout] error[E0599]: no function or associated item named `get` found for struct `__Asset` in the current scope
[INFO] [stdout]  --> src/main.rs:5:10
[INFO] [stdout]   |
[INFO] [stdout] 5 | #[derive(Bundle)]
[INFO] [stdout]   |          ^^^^^^
[INFO] [stdout]   |          |
[INFO] [stdout]   |          function or associated item `get` not found for this
[INFO] [stdout]   |          function or associated item not found in `__Asset`
[INFO] [stdout]   |
[INFO] [stdout]   = help: items from traits can only be used if the trait is implemented and in scope
[INFO] [stdout]   = note: the following traits define an item `get`, perhaps you need to implement one of them:
[INFO] [stdout]           candidate #1: `core::panic::BoxMeUp`
[INFO] [stdout]           candidate #2: `std::slice::SliceIndex`
[INFO] [stdout]           candidate #3: `binpack::rust_embed::RustEmbed`
[INFO] [stdout]   = note: this error originates in a derive macro (in Nightly builds, run with -Z macro-backtrace for more info)
[INFO] [stdout] 
[INFO] [stdout] 
[INFO] [stdout] error[E0599]: no method named `creation_flags` found for struct `std::process::Command` in the current scope
[INFO] [stdout]  --> src/main.rs:5:10
[INFO] [stdout]   |
[INFO] [stdout] 5 | #[derive(Bundle)]
[INFO] [stdout]   |          ^^^^^^ method not found in `std::process::Command`
[INFO] [stdout]   |
[INFO] [stdout]   = note: this error originates in a derive macro (in Nightly builds, run with -Z macro-backtrace for more info)
[INFO] [stdout] 
[INFO] [stdout] 
[INFO] [stdout] error: aborting due to 5 previous errors
[INFO] [stdout] 
[INFO] [stdout] 
[INFO] [stdout] Some errors have detailed explanations: E0433, E0599.
[INFO] [stdout] 
[INFO] [stdout] For more information about an error, try `rustc --explain E0433`.
[INFO] [stdout] 
[INFO] [stderr] error: could not compile `eseabuddy`.
[INFO] [stderr] 
[INFO] [stderr] To learn more, run the command again with --verbose.
[INFO] [stderr] warning: build failed, waiting for other jobs to finish...
[INFO] [stdout] error[E0599]: no function or associated item named `iter` found for struct `__Asset` in the current scope
[INFO] [stdout]  --> src/main.rs:5:10
[INFO] [stdout]   |
[INFO] [stdout] 5 | #[derive(Bundle)]
[INFO] [stdout]   |          ^^^^^^
[INFO] [stdout]   |          |
[INFO] [stdout]   |          function or associated item `iter` not found for this
[INFO] [stdout]   |          function or associated item not found in `__Asset`
[INFO] [stdout]   |
[INFO] [stdout]   = help: items from traits can only be used if the trait is implemented and in scope
[INFO] [stdout]   = note: the following trait defines an item `iter`, perhaps you need to implement it:
[INFO] [stdout]           candidate #1: `binpack::rust_embed::RustEmbed`
[INFO] [stdout]   = note: this error originates in a derive macro (in Nightly builds, run with -Z macro-backtrace for more info)
[INFO] [stdout] 
[INFO] [stdout] 
[INFO] [stdout] error[E0599]: no function or associated item named `get` found for struct `__Asset` in the current scope
[INFO] [stdout]  --> src/main.rs:5:10
[INFO] [stdout]   |
[INFO] [stdout] 5 | #[derive(Bundle)]
[INFO] [stdout]   |          ^^^^^^
[INFO] [stdout]   |          |
[INFO] [stdout]   |          function or associated item `get` not found for this
[INFO] [stdout]   |          function or associated item not found in `__Asset`
[INFO] [stdout]   |
[INFO] [stdout]   = help: items from traits can only be used if the trait is implemented and in scope
[INFO] [stdout]   = note: the following traits define an item `get`, perhaps you need to implement one of them:
[INFO] [stdout]           candidate #1: `core::panic::BoxMeUp`
[INFO] [stdout]           candidate #2: `std::slice::SliceIndex`
[INFO] [stdout]           candidate #3: `binpack::rust_embed::RustEmbed`
[INFO] [stdout]   = note: this error originates in a derive macro (in Nightly builds, run with -Z macro-backtrace for more info)
[INFO] [stdout] 
[INFO] [stdout] 
[INFO] [stdout] error[E0599]: no method named `creation_flags` found for struct `std::process::Command` in the current scope
[INFO] [stdout]  --> src/main.rs:5:10
[INFO] [stdout]   |
[INFO] [stdout] 5 | #[derive(Bundle)]
[INFO] [stdout]   |          ^^^^^^ method not found in `std::process::Command`
[INFO] [stdout]   |
[INFO] [stdout]   = note: this error originates in a derive macro (in Nightly builds, run with -Z macro-backtrace for more info)
[INFO] [stdout] 
[INFO] [stdout] 
[INFO] [stdout] error: aborting due to 5 previous errors
[INFO] [stdout] 
[INFO] [stdout] 
[INFO] [stdout] Some errors have detailed explanations: E0433, E0599.
[INFO] [stdout] 
[INFO] [stdout] For more information about an error, try `rustc --explain E0433`.
[INFO] [stdout] 
[INFO] [stderr] error: build failed
[INFO] running `Command { std: "docker" "inspect" "4acba9b6eab81440fb7bcf7b823c5cdc7e21638ce8efe5846c692f49f4dc8120", kill_on_drop: false }`
[INFO] running `Command { std: "docker" "rm" "-f" "4acba9b6eab81440fb7bcf7b823c5cdc7e21638ce8efe5846c692f49f4dc8120", kill_on_drop: false }`
[INFO] [stdout] 4acba9b6eab81440fb7bcf7b823c5cdc7e21638ce8efe5846c692f49f4dc8120
